NOAA-Style Climate Reports


Report for 2014 March
                  MONTHLY CLIMATOLOGICAL SUMMARY FOR 3/2014
                                        HEAT  COOL        
     MEAN                               DEG   DEG       WIND SPEED       DOM MEAN  MEAN
DAY  TEMP  HIGH   TIME     LOW   TIME   DAYS  DAYS RAIN AVG  HI  TIME    DIR BAROM HUM
---------------------------------------------------------------------------------------
1    21.5  32.9   2:09pm   7.1   6:43am   39    0  0.00   1   8  11:36am WNW 30.34   62
2    30.8  39.1   2:18pm  24.8   1:11am   29    0  0.01   1  13   9:29pm NNW 30.09   74
3    18.7  27.3  12:00am  13.1  11:45pm   41    0  0.00   6  20   6:11am NNW 30.24   57
4    18.0  25.8   3:26pm   7.2   6:41am   42    0  0.00   1  10  12:01am   W 30.37   53
5    26.1  38.4   2:25pm  17.8   3:09am   34    0  0.00   3  18   7:11pm   N 30.32   56
6    22.3  30.4   4:15pm  14.6   6:31am   38    0  0.00   3  18   9:51am NNE 30.56   54
7    29.6  38.3   2:53pm  21.9   4:41am   30    0  0.00   3  12  10:41am NNE 30.23   71
8    38.8  53.0   3:25pm  23.1   5:46am   21    0  0.00   3  18   8:26pm WNW 29.92   69
9    37.5  41.5   4:31pm  32.8  11:57pm   22    0  0.00   5  18   2:48pm NNW 30.02   56
10   41.1  52.1   5:35pm  32.8  12:00am   19    0  0.00   3  14   2:32pm  SW 29.80   57
11   48.5  60.9   4:13pm  33.7   2:06am   12    3  0.00   3  13   1:27pm  SW 29.67   64
12   43.4  51.7   1:26pm  23.4  11:59pm   17    0  0.46   4  38   9:01pm NNE 29.37   82
13   23.0  29.8   4:19pm  17.0   8:08am   37    0  0.00  12  38   1:08am WNW 29.78   46
14   33.6  46.9   3:31pm  18.5   5:50am   26    0  0.00   4  20   4:17pm   S 30.11   46
15   47.8  56.2  12:30pm  39.9  11:57pm   12    1  0.00   7  27   1:15pm   W 29.88   45
16   32.6  39.9  12:00am  27.3  11:58pm   27    0  0.00   6  18   9:22am   N 30.18   45
17   27.9  32.3   3:58pm  23.7   8:25am   32    0  0.00   5  17  12:53am NNE 30.10   41
18   33.7  44.8   4:31pm  25.7   6:52am   26    0  0.00   3  14  11:24am NNE 30.24   39
19   35.8  41.0   2:42pm  31.7   4:12am   24    0  0.00   2  11   6:33pm  NE 30.15   83
20   42.3  50.6   3:22pm  36.8   4:10am   18    0  0.24   7  30   1:07pm WSW 29.86   69
21   41.2  52.0   3:41pm  30.9   7:11am   19    0  0.00   5  20   2:51am   W 30.02   50
22   46.2  62.8   3:20pm  32.4  12:39am   14    3  0.00   5  30   2:05pm WNW 29.91   53
23   37.2  43.8  12:00am  24.8  11:57pm   23    0  0.00   5  22   9:12pm WNW 30.07   50
24   26.1  33.9   3:01pm  18.9   7:06am   34    0  0.00   5  19   5:16am  NW 30.23   44
25   27.7  34.4   1:09pm  19.8   4:14am   32    0  0.01   2  16  12:09pm NNE 30.06   72
26   29.5  33.8   4:10pm  24.7  11:59pm   31    0  0.01  10  38  10:09am  NW 30.03   55
27   31.5  43.5   3:53pm  19.6   7:02am   29    0  0.00   4  16   4:16pm   S 30.36   44
28   45.6  58.6   5:23pm  33.5   1:47am   14    2  0.10   3  17   4:55pm   S 30.08   79
29   44.4  50.1  12:00am  40.2   4:57am   16    0  0.83   3  14   9:02am  NE 30.02   92
30   41.5  46.0   1:48am  36.5   8:14pm   18    0  0.82   7  26   9:49pm NNW 29.63   90
31   43.7  57.2   5:55pm  34.4   3:51am   16    1  0.09   9  26  12:34pm NNW 29.98   66
---------------------------------------------------------------------------------------
TOT  34.4  62.8  3/22/14   7.1   3/1/14  792   11  2.57   5  38  3/12/14 WNW 30.05   60

HEAT BASE: 60.0
COOL BASE: 50.0