NOAA-Style Climate Reports


Report for 2014 April
                  MONTHLY CLIMATOLOGICAL SUMMARY FOR 4/2014
                                        HEAT  COOL        
     MEAN                               DEG   DEG       WIND SPEED       DOM MEAN  MEAN
DAY  TEMP  HIGH   TIME     LOW   TIME   DAYS  DAYS RAIN AVG  HI  TIME    DIR BAROM HUM
---------------------------------------------------------------------------------------
1    46.3  60.0   5:43pm  30.3   6:52am   14    3  0.00   2  14  12:48am  SW 30.09   59
2    47.4  60.1   5:51pm  41.5   3:56am   13    2  0.11   2  10   3:19pm SSW 30.08   77
3    51.8  62.2   2:56pm  42.9   1:02am    8    4  0.19   2  15   8:56am   S 30.09   55
4    42.4  47.3  12:00am  40.0   9:46pm   18    0  0.16   3  14   2:00pm   E 29.93   93
5    43.6  49.7   1:03pm  38.1  10:57pm   16    0  0.00   8  29   1:05pm   W 29.92   69
6    44.4  57.8   5:11pm  31.6   5:59am   16    2  0.00   3  17   1:41pm WNW 30.19   47
7    42.0  47.1   3:42pm  35.3   5:28am   18    0  0.23   2  16   5:13pm  NE 30.02   79
8    52.7  60.4  12:16pm  42.2  11:59pm    7    4  0.13   6  34  12:12pm WSW 29.54   74
9    48.6  63.1   3:31pm  33.6   6:22am   12    4  0.00   4  22   2:20pm  NW 29.80   57
10   51.0  65.4   4:30pm  31.4   6:51am   10    6  0.00   5  25   1:47pm   S 30.10   53
11   58.1  71.3   2:20pm  48.6   4:32am    4    8  0.17   3  23   4:54pm WSW 30.00   63
12   57.4  70.7   4:14pm  42.4   6:47am    5    8  0.00   2  15   5:30pm   W 30.16   64
13   65.6  80.8   2:59pm  53.0   4:01am    2   16  0.00   5  26   4:02pm   S 30.06   59
14   68.6  75.1   3:20pm  62.1   6:38am    0   19  0.02   8  27   5:14pm   S 29.90   64
15   54.9  65.5  12:00am  33.3  10:12pm    7    8  1.59   7  32   2:38pm   S 29.70   87
16   36.3  45.3   3:40pm  26.8   6:31am   24    0  0.03   8  25   3:28am  NW 30.36   52
17   40.8  52.3   3:59pm  30.9   6:12am   19    0  0.00   3  17   4:24pm ESE 30.64   55
18   43.1  52.7   5:24pm  35.9  12:59am   17    0  0.00   2  10   3:25am SSE 30.44   64
19   52.5  65.0   4:26pm  38.9   6:40am    8    5  0.00   4  19  12:50pm NNW 30.29   48
20   51.0  61.1   4:34pm  42.4   6:18am    9    3  0.00   3  13   9:41am NNE 30.40   46
21   52.4  69.3   5:39pm  33.5   5:40am   10    7  0.00   1  12   3:20pm SSW 30.10   44
22   55.7  68.3  12:37pm  46.2   5:17am    5    6  0.03   3  22   6:52pm  SW 29.67   69
23   49.9  57.9   3:33pm  42.9  11:50pm   10    2  0.00  11  31   1:27pm WNW 29.73   56
24   49.8  62.6   3:50pm  38.8   6:26am   10    3  0.00   7  25  10:53am WNW 30.00   32
25   49.9  65.9   4:26pm  36.0   5:25am   11    4  0.51   3  19   3:42pm  SE 29.94   49
26   55.7  68.7   4:08pm  44.3   3:32am    6    7  0.01   5  24   7:33pm   N 29.77   63
27   50.5  61.1   3:38pm  41.1   6:22am    9    3  0.00   5  20  12:13am WNW 30.03   55
28   51.3  61.7   4:07pm  36.5   6:28am    9    5  0.00   2  12  11:29pm SSE 30.09   56
29   46.2  54.4  12:00am  41.4  11:57pm   14    0  0.44   5  21   9:06am   E 30.25   82
30   44.9  51.0  11:56pm  40.8   4:51am   15    0  2.63   4  18   3:42am ENE 30.17   94
---------------------------------------------------------------------------------------
TOT  50.2  80.8  4/13/14  26.8  4/16/14  327  128  6.25   4  34   4/8/14 WNW 30.05   62

HEAT BASE: 60.0
COOL BASE: 50.0