NOAA-Style Climate Reports


Report for 2014 May
                  MONTHLY CLIMATOLOGICAL SUMMARY FOR 5/2014
                                        HEAT  COOL        
     MEAN                               DEG   DEG       WIND SPEED       DOM MEAN  MEAN
DAY  TEMP  HIGH   TIME     LOW   TIME   DAYS  DAYS RAIN AVG  HI  TIME    DIR BAROM HUM
---------------------------------------------------------------------------------------
1    60.9  74.6   4:15pm  51.0  12:00am    3   11  0.24   4  22   3:13pm  SW 29.79   78
2    57.3  64.3   2:56pm  48.2  11:59pm    3    7  0.00   4  27   1:14pm  SW 29.80   54
3    54.7  65.5   4:15pm  43.7   6:02am    6    6  0.04   3  23   4:51pm SSW 29.83   68
4    54.4  61.7   6:09pm  49.0   4:52am    6    4  0.00   6  31   4:36pm   W 29.80   58
5    55.6  67.6   2:54pm  43.7   6:16am    6    6  0.00   5  22   1:40am WNW 29.92   43
6    56.2  70.9   4:14pm  43.4   4:18am    6    8  0.00   3  21   4:58pm NNE 29.96   46
7    55.4  65.3   3:03pm  41.2   5:58am    6    7  0.00   2  11   3:08pm SSW 30.19   50
8    59.0  68.0   6:04pm  53.1   6:26am    3    9  0.01   2  12   4:29pm NNE 30.13   78
9    61.5  69.9   4:16pm  55.3   5:50am    2   12  0.00   2   9   3:49pm   E 30.09   87
10   67.5  80.9   2:41pm  61.8  10:40pm    0   17  0.21   4  26   4:01pm  SW 29.91   81
11   67.5  78.7   5:27pm  57.1   6:14am    0   17  0.01   4  23  11:05am  SW 30.03   61
12   69.5  82.8   2:01pm  53.2   5:38am    1   19  0.00   1  12   4:12pm SSW 30.08   61
13   65.6  74.8  10:44am  54.1  11:57pm    0   16  0.00   1  13   1:33pm ESE 30.13   67
14   59.4  70.1   3:53pm  51.0   5:54am    4    9  0.00   1  11   4:10pm ESE 30.24   79
15   68.4  82.3   3:47pm  59.2   3:33am    0   18  0.00   3  24   7:07pm  SE 30.10   82
16   63.6  70.6  12:07am  55.1  11:56pm    1   14  1.57   3  23   7:49am  SE 29.86   89
17   56.3  65.1   3:36pm  47.0   6:23am    5    7  0.00   2  15   1:12pm WNW 30.03   66
18   54.2  63.6   1:12pm  43.2   6:03am    6    5  0.00   3  20   1:36pm  NW 30.19   63
19   56.1  71.8   2:59pm  41.2   5:51am    7    8  0.00   3  34   3:54pm  NW 30.20   61
20   62.0  76.2   5:03pm  45.2   5:39am    4   13  0.11   2  19   2:33pm WNW 30.11   59
21   60.7  63.7  11:24am  58.0   6:50am    1   11  0.05   1  12   4:20pm  SW 29.97   86
22   63.4  77.2   2:43pm  58.2   3:09am    0   13  0.60   1  20   3:56pm SSW 29.83   90
23   61.8  70.8   1:35pm  54.1   5:24am    1   12  0.00   2  22   7:01pm  NW 29.90   73
24   63.3  74.5   5:49pm  56.1  11:59pm    1   13  0.00   4  19  11:55am  NW 30.04   70
25   67.0  81.4   3:56pm  51.4   5:40am    2   17  0.00   2  16   2:19pm WSW 30.09   60
26   73.0  84.5   4:40pm  61.0   1:54am    0   23  0.00   3  18  11:39am  SW 30.02   50
27   71.7  84.5   2:57pm  63.6   5:22am    0   22  0.69   3  37   5:22pm  SW 29.88   70
28   63.7  70.1  10:06am  55.5  11:59pm    1   14  0.42   1   9   1:25am  SW 29.93   92
29   54.6  56.9   5:51pm  52.4   6:48am    5    5  0.00   1   6   1:26am ESE 30.18   83
30   64.7  78.4   5:36pm  53.6   3:15am    2   15  0.00   3  16   3:25pm  NW 30.09   66
31   64.8  75.0   4:08pm  51.0   5:41am    1   15  0.00   2  19  12:38pm NNE 30.17   56
---------------------------------------------------------------------------------------
TOT  61.7  84.5  5/26/14  41.2   5/7/14   83  372  3.95   3  37  5/27/14  SW 30.02   69

HEAT BASE: 60.0
COOL BASE: 50.0