NOAA-Style Climate Reports


Report for 2014 August
                  MONTHLY CLIMATOLOGICAL SUMMARY FOR 8/2014
                                        HEAT  COOL        
     MEAN                               DEG   DEG       WIND SPEED       DOM MEAN  MEAN
DAY  TEMP  HIGH   TIME     LOW   TIME   DAYS  DAYS RAIN AVG  HI  TIME    DIR BAROM HUM
---------------------------------------------------------------------------------------
1    70.1  82.3   2:35pm  63.9   5:56am    0   20  0.64   1  15   5:33pm SSW 30.17   86
2    70.3  77.2   2:48pm  65.6   6:17am    0   20  0.01   0   8  12:15pm NNW 30.13   83
3    69.2  73.1   4:58pm  65.1   6:38am    0   19  0.00   0   6   4:55am   S 30.08   86
4    72.4  82.2   3:46pm  64.5   5:06am    0   22  0.00   2  12  12:23pm  NW 30.06   78
5    74.0  85.1   3:30pm  62.0   6:11am    0   24  0.00   2  18   9:45pm  SW 30.00   72
6    71.4  81.5   3:30pm  61.9   6:07am    0   21  0.00   2  14   3:28pm  NW 29.91   72
7    70.0  81.1   2:00pm  57.8   6:12am    0   20  0.00   3  18   1:26pm NNW 29.97   63
8    68.4  81.3   3:29pm  54.5   6:43am    1   18  0.00   2  15   3:03pm NNW 30.09   65
9    70.4  83.6   3:39pm  57.2   6:21am    0   20  0.00   1  11   1:39pm SSW 30.11   67
10   71.8  84.0   2:57pm  58.3   6:25am    0   22  0.00   0   8  12:45pm SSW 30.12   67
11   73.0  83.3   3:00pm  61.9   6:18am    0   23  0.00   1  16   2:14pm SSW 30.10   65
12   69.3  71.8   5:24pm  66.7  11:55am    0   19  1.17   0  20  11:29am ESE 29.94   88
13   72.2  81.2   2:58pm  66.4  11:57pm    0   22  0.35   3  24   5:20pm  NW 29.76   78
14   66.5  76.1   4:22pm  56.9   5:55am    0   17  0.00   3  17   2:42pm SSW 29.87   66
15   63.2  73.1   1:50pm  52.8   6:04am    1   13  0.00   2  16  12:29pm  SW 29.96   67
16   65.1  76.6   3:37pm  52.9   6:16am    1   15  0.00   2  16  12:26pm  SW 29.98   70
17   68.9  81.6   2:36pm  60.8   7:47am    0   19  0.07   2  19   1:02pm  NW 29.89   72
18   68.2  80.6   5:18pm  56.2   5:06am    1   18  0.00   1  13   3:28pm NNW 29.89   72
19   71.0  82.8   3:50pm  57.9   6:16am    0   21  0.00   1  10  11:40pm SSW 29.88   70
20   74.8  82.9   3:31pm  67.4   6:22am    0   25  0.00   1  11  12:28pm SSW 29.96   74
21   73.2  80.2   2:47pm  65.4   6:47am    0   23  0.06   1  11   8:50pm SSW 30.01   81
22   69.4  75.5   3:59pm  65.4   7:59am    0   19  0.18   0  10  12:44am NNE 30.00   87
23   65.3  69.1   1:55pm  62.7  11:31pm    0   15  0.30   0   5   5:28pm NNE 30.08   91
24   69.0  80.1   4:12pm  60.0   7:15am    0   19  0.00   0   8  10:44am NNE 30.14   77
25   69.9  82.6   5:28pm  56.6   6:40am    0   20  0.00   0   7  11:13am WSW 30.16   75
26   72.4  84.9   3:30pm  58.9   6:39am    0   22  0.00   1  12   3:14pm  SW 30.13   74
27   75.3  86.9   4:46pm  62.5   6:20am    0   25  0.00   2  11  10:46am  SW 29.98   75
28   70.6  77.9   3:34pm  61.8  11:58pm    0   21  0.00   4  22  12:10pm NNW 29.97   62
29   65.8  77.2   3:04pm  52.8   6:27am    1   16  0.00   1  10   4:10pm NNE 30.17   66
30   67.9  77.2   4:13pm  56.8   6:28am    0   18  0.00   1  12   4:24pm   S 30.21   80
31   75.7  85.7   2:54pm  70.6   2:20am    0   26  0.13   1  13  12:05pm SSW 30.05   84
---------------------------------------------------------------------------------------
TOT  70.1  86.9  8/27/14  52.8  8/15/14    7  624  2.91   1  24  8/13/14 SSW 30.02   74

HEAT BASE: 60.0
COOL BASE: 50.0