NOAA-Style Climate Reports


Report for 2014 September
                  MONTHLY CLIMATOLOGICAL SUMMARY FOR 9/2014
                                        HEAT  COOL        
     MEAN                               DEG   DEG       WIND SPEED       DOM MEAN  MEAN
DAY  TEMP  HIGH   TIME     LOW   TIME   DAYS  DAYS RAIN AVG  HI  TIME    DIR BAROM HUM
---------------------------------------------------------------------------------------
1    77.1  85.7   4:25pm  70.2   6:39am    0   27  0.01   1  11   4:04pm SSW 29.97   84
2    78.3  88.9   3:55pm  70.4   4:55am    0   28  0.01   3  15   3:09pm SSW 29.89   78
3    72.8  80.7   3:05pm  65.4  11:50pm    0   23  0.01   1  11  12:20am  SW 30.02   74
4    72.9  86.5   3:14pm  59.5   6:34am    0   23  0.00   1  13   3:25pm SSW 30.15   73
5    75.1  83.8   4:11pm  68.8   3:23am    0   25  0.00   1  12   4:35pm SSW 30.10   84
6    75.9  89.4   2:57pm  63.6  11:35pm    0   26  0.74   2  35   8:33pm SSW 29.93   83
7    68.1  79.0   4:45pm  59.7   7:00am    0   18  0.01   2  13  12:42pm  NW 30.09   70
8    65.0  73.1   1:12pm  56.7   3:30am    0   15  0.00   0  12   6:18pm NNE 30.26   76
9    65.6  74.5   5:16pm  59.4   3:41am    0   16  0.00   1  10   2:14pm NNE 30.21   78
10   69.5  76.2   3:39pm  61.9   7:25am    0   20  0.00   1  12  11:36pm SSW 30.08   76
11   72.7  81.8   5:23pm  66.6   2:15am    0   23  0.00   2  16   3:15pm SSW 29.90   80
12   63.9  73.2   3:07pm  56.1  11:58pm    0   14  0.00   3  16  11:59am NNW 30.11   68
13   56.4  61.7   6:37pm  53.0  11:56pm    4    6  0.42   0   8   5:23pm NNE 30.16   90
14   56.5  67.3   4:03pm  47.8   5:11am    5    7  0.01   1  11   8:51am NNW 30.25   76
15   57.2  69.6   4:41pm  44.4   6:36am    5    8  0.00   1  10   2:06pm SSW 30.19   74
16   60.2  71.5   1:51pm  52.5  11:56pm    3   10  0.06   1  15  12:43pm NNW 30.02   78
17   58.4  71.5   4:03pm  46.5   7:07am    5    9  0.00   1  13   1:46pm   W 30.03   74
18   60.0  75.6   2:35pm  47.0   4:20am    4   10  0.00   1  12   2:41pm NNW 30.02   71
19   58.4  69.4   3:48pm  48.6   5:15am    4    8  0.00   1  12  10:21am NNE 30.28   74
20   65.6  76.7   4:33pm  55.0  12:00am    1   16  0.00   2  16   3:19pm SSW 30.20   76
21   66.1  78.6   4:16pm  55.3   4:47am    1   16  0.05   1  17   9:45pm SSW 29.80   83
22   61.6  67.2   2:32pm  50.7  11:50pm    1   12  0.00   5  24   9:14am  NW 29.94   66
23   56.6  72.1   5:10pm  43.2   6:49am    6    8  0.00   0   8   8:55am  NW 30.31   68
24   59.4  71.9   2:47pm  47.3   6:55am    4   10  0.00   1  12   1:56pm NNE 30.49   75
25   58.7  62.6   6:07pm  53.2  11:59pm    2    9  0.44   1  11   4:13am NNE 30.34   87
26   60.7  76.1   3:49pm  46.9   7:18am    4   11  0.00   0  11   2:35pm NNE 30.23   77
27   64.4  81.2   4:44pm  48.9   6:59am    3   14  0.00   0   8   3:15pm SSW 30.21   73
28   65.5  82.6   4:16pm  51.8   6:58am    2   15  0.00   1  12   1:20pm SSW 30.12   75
29   66.5  76.0   1:12pm  58.8   7:21am    0   16  0.00   1  11  12:18pm SSW 29.96   78
30   65.1  75.3   1:51pm  57.7   5:28am    0   15  0.01   0  12   6:43pm ESE 29.92   81
---------------------------------------------------------------------------------------
TOT  65.1  89.4   9/6/14  43.2  9/23/14   54  457  1.77   1  35   9/6/14 SSW 30.10   77

HEAT BASE: 60.0
COOL BASE: 50.0