NOAA-Style Climate Reports


Report for 2014 October
                  MONTHLY CLIMATOLOGICAL SUMMARY FOR 10/2014
                                        HEAT  COOL        
     MEAN                               DEG   DEG       WIND SPEED       DOM MEAN  MEAN
DAY  TEMP  HIGH   TIME     LOW   TIME   DAYS  DAYS RAIN AVG  HI  TIME    DIR BAROM HUM
---------------------------------------------------------------------------------------
1    63.9  72.7   2:41pm  59.5   7:51am    0   14  0.00   1  10   1:49pm NNE 30.03   80
2    63.7  70.7   2:33pm  58.6   2:16am    0   14  0.00   0   9  10:28am NNE 30.11   78
3    62.5  69.9   2:53pm  55.2   2:54am    1   13  0.01   1  13   4:09pm  SE 29.98   80
4    58.5  67.9   2:08pm  45.0  11:37pm    3    9  0.33   3  21   5:41pm WNW 29.65   77
5    46.4  56.6   3:43pm  36.4   6:40am   14    1  0.00   2  16   2:50pm WSW 29.88   71
6    55.2  70.5   3:41pm  39.8   6:21am    7    8  0.00   2  23   7:18pm   S 30.00   70
7    61.6  68.9   1:18pm  56.9   5:19am    1   12  0.09   2  17  11:01am SSW 29.97   74
8    62.5  71.1   3:29pm  52.8  11:56pm    1   12  0.03   4  25   4:13pm   W 29.86   68
9    56.7  69.4   3:36pm  44.8   6:15am    5    7  0.00   3  27   4:23pm WSW 30.02   59
10   52.3  58.5   3:16pm  43.0   5:00am    8    4  0.00   0   7  12:09am SSW 30.10   71
11   49.8  53.9  12:00am  43.4  11:59pm   10    1  0.28   0   9  10:32am NNE 30.09   93
12   48.2  61.6   4:15pm  36.3   7:17am   12    3  0.00   0   9  11:26am NNE 30.27   77
13   56.3  60.0  10:36pm  49.4  12:00am    4    6  0.03   0   8   2:02pm   S 30.28   86
14   68.3  76.0   2:11pm  59.5  12:24am    0   18  0.00   2  20  12:55pm   S 30.13   85
15   69.0  72.0  11:36am  65.2   5:33pm    0   19  1.32   1  19   2:06pm  SE 29.90   91
16   61.8  68.8   1:22am  55.3  11:46pm    1   12  0.22   2  17   1:55am SSW 29.71   87
17   60.5  69.2   4:18pm  54.0   8:25am    2   11  0.01   3  18   3:15pm SSW 29.71   79
18   57.3  67.1  12:05pm  51.9   6:23am    4    7  0.00   3  28   1:42pm   W 29.65   73
19   47.8  53.7  12:00am  38.4  11:09pm   12    1  0.00   5  26  11:35am  NW 29.96   62
20   46.9  59.9   3:48pm  33.9   6:42am   13    3  0.01   1  18   2:31pm SSW 30.04   72
21   55.6  64.7   3:50pm  49.6   7:32am    5    6  0.04   0  10   9:05pm NNE 29.87   81
22   52.9  55.6   2:38pm  50.4   1:19am    7    3  0.14   4  29  10:05pm NNE 29.90   87
23   51.2  54.1   3:29pm  48.9   5:34am    9    1  0.02   8  28   3:39pm NNW 29.82   79
24   57.9  69.0   3:07pm  47.7  11:57pm    4    8  0.00   6  22  10:33am  NW 29.85   64
25   54.9  67.6   2:42pm  40.9   7:54am    7    7  0.00   2  21   3:25pm WSW 29.79   63
26   56.5  63.4   3:41pm  49.7   9:30pm    4    6  0.00   6  29  12:02pm  NW 29.71   55
27   52.2  65.0   4:26pm  41.4   7:26am    9    4  0.00   2  16  12:55pm   W 30.00   61
28   58.8  77.2   3:44pm  44.5   7:33am    6   10  0.00   1  18   7:49pm   S 29.97   67
29   54.4  61.9  10:04am  47.6  11:59pm    6    5  0.05   2  21  11:29am   W 29.91   84
30   47.5  56.4   1:21pm  38.6  11:59pm   13    1  0.01   2  16   1:19pm NNW 30.01   77
31   42.5  53.6   3:02pm  31.1   7:32am   18    0  0.01   0   8   1:33pm NNE 29.97   76
---------------------------------------------------------------------------------------
TOT  55.9  77.2 10/28/14  31.1 10/31/14  181  226  2.60   2  29 10/22/14  NW 29.94   75

HEAT BASE: 60.0
COOL BASE: 50.0