NOAA-Style Climate Reports


Report for 2014 November
                  MONTHLY CLIMATOLOGICAL SUMMARY FOR 11/2014
                                        HEAT  COOL        
     MEAN                               DEG   DEG       WIND SPEED       DOM MEAN  MEAN
DAY  TEMP  HIGH   TIME     LOW   TIME   DAYS  DAYS RAIN AVG  HI  TIME    DIR BAROM HUM
---------------------------------------------------------------------------------------
1    45.6  49.2   3:48pm  41.8  11:58pm   14    0  0.13   3  22   7:21pm NNE 29.85   77
2    41.4  46.6   2:24pm  38.2  10:17pm   19    0  0.00   9  36   8:07am  NW 30.01   56
3    47.9  59.3   2:19pm  37.3   1:54am   12    2  0.00   5  25  10:37am   W 30.17   46
4    56.1  68.2   1:52pm  48.6  11:44pm    5    6  0.00   2  19  11:55am WSW 30.12   38
5    51.7  59.2  10:39am  45.6  11:04pm    8    3  0.00   1  15  11:56am   W 30.11   64
6    46.3  47.5   4:10pm  44.8   4:43am   14    0  0.43   0  11  11:31pm WSW 29.85   94
7    43.4  50.5  11:37am  35.5  11:54pm   17    0  0.00   6  32   1:47pm WNW 29.79   72
8    39.6  47.4   2:06pm  30.2   6:38am   20    0  0.00   3  15   1:26pm   S 29.98   65
9    43.4  55.2   1:12pm  33.7  11:41pm   17    1  0.00   2  18  12:03pm   W 29.96   70
10   45.0  60.9   2:25pm  31.3   6:08am   15    2  0.00   1  12   4:27pm   S 30.13   72
11   48.3  61.8   2:46pm  36.5   3:37am   12    3  0.00   0   6   2:56pm   N 30.03   88
12   53.1  62.5   1:47pm  39.9  11:59pm    7    4  0.00   3  20  12:21pm WNW 29.96   72
13   36.2  42.5  10:47am  29.8   7:00am   24    0  0.09   1  11   9:49am WSW 30.09   77
14   34.8  41.2   2:19pm  29.8   7:00am   25    0  0.10   4  20   1:33pm   W 30.11   67
15   33.3  42.3   2:09pm  25.6  11:49pm   27    0  0.00   2  17  12:48pm   W 30.34   63
16   34.7  40.2   3:29pm  25.4  12:04am   25    0  0.05   2  13  12:19pm   S 30.27   73
17   39.2  43.2   5:37pm  35.9  12:23am   21    0  0.58   2  25   9:02pm   W 29.75   92
18   25.3  38.3  12:00am  20.0  11:27pm   35    0  0.00   9  33   8:53am   W 29.95   53
19   24.0  29.4   2:56pm  17.7   5:52am   35    0  0.00   4  22   1:30am   W 30.20   55
20   32.3  42.7   1:49pm  24.2   2:42am   28    0  0.00   5  27   2:02pm   W 29.97   57
21   27.8  34.6   2:07pm  22.7  11:54pm   32    0  0.00   6  26   1:55pm   W 30.35   52
22   31.4  42.0   1:15pm  16.3   6:31am   29    0  0.00   2  20   1:19pm  SW 30.39   57
23   44.9  56.8   2:14pm  35.9  12:12am   15    1  0.01   1  11   4:43pm   S 30.14   54
24   62.2  69.6   1:45pm  47.2  12:00am    1   12  0.40   7  35  10:39am SSW 29.66   80
25   48.8  61.4  12:00am  36.5  10:31pm   11    2  0.00   3  21   5:59am   W 29.99   63
26   35.2  42.2   5:10am  32.3  10:06am   25    0  0.29   1  13   7:36am  NW 30.03   88
27   32.6  37.3  12:11pm  25.4  11:42pm   27    0  0.46   1  13  10:00am   W 30.03   86
28   28.9  34.0  11:26am  23.6  11:22pm   31    0  0.06   3  22  11:10am  NW 30.22   73
29   26.2  32.0  11:48pm  17.8   7:07am   34    0  0.00   0   8   2:26pm  SE 30.30   79
30   35.3  40.6   2:57pm  28.2   4:25am   25    0  0.23   0   4   7:24am  NW 30.13   84
---------------------------------------------------------------------------------------
TOT  39.8  69.6 11/24/14  16.3 11/22/14  610   37  2.83   3  36  11/2/14   W 30.06   69

HEAT BASE: 60.0
COOL BASE: 50.0