NOAA-Style Climate Reports


Report for 2014 December
                  MONTHLY CLIMATOLOGICAL SUMMARY FOR 12/2014
                                        HEAT  COOL        
     MEAN                               DEG   DEG       WIND SPEED       DOM MEAN  MEAN
DAY  TEMP  HIGH   TIME     LOW   TIME   DAYS  DAYS RAIN AVG  HI  TIME    DIR BAROM HUM
---------------------------------------------------------------------------------------
1    42.7  60.1   1:40pm  34.3   5:09am   17    1  0.14   2  16   3:47pm   N 30.23   83
2    32.4  36.3  12:00am  30.0   2:15pm   28    0  0.30   3  15  12:04am NNE 30.51   79
3    37.9  42.0   6:32pm  33.8   1:12am   22    0  0.14   3  22   6:19pm   W 30.16   89
4    35.6  41.7  12:57pm  29.8  11:57pm   24    0  0.00   3  17  10:30am   W 30.41   68
5    31.5  34.8   2:37pm  27.4   4:26am   28    0  0.26   1   7   9:33am NNE 30.50   82
6    39.0  42.3   3:02pm  34.3  12:14am   21    0  0.34   2  24  11:37pm NNE 30.21   95
7    36.3  45.0   1:20pm  27.6  11:58pm   24    0  0.00   5  20   2:46am NNE 30.48   59
8    26.0  29.4   2:30pm  21.3   7:38am   34    0  0.00   5  15   3:20am  NE 30.56   65
9    36.9  43.3   2:07pm  28.8  12:00am   23    0  0.64   5  19   5:40pm NNE 29.99   90
10   36.0  40.7  12:56am  30.0  11:33pm   24    0  0.00  10  29   9:41am  NW 29.74   79
11   30.4  33.1   9:48am  29.0   4:21am   30    0  0.03   6  21  12:13am WSW 29.80   88
12   33.7  35.9  11:57am  29.6  12:06am   26    0  0.01   5  19  11:54pm  NW 30.02   75
13   35.5  38.7   1:22pm  30.5   6:12am   24    0  0.00   4  18  10:33am WNW 30.02   76
14   40.1  44.0  12:24pm  34.8   1:29am   20    0  0.00   4  18   1:34pm  NW 29.96   77
15   39.2  45.7   1:47pm  30.4  11:00pm   21    0  0.00   2  15   1:25am  NW 30.07   81
16   39.4  43.7   8:46pm  32.4  12:06am   21    0  0.27   0   9   9:50am NNE 29.99   94
17   41.9  48.6  12:09pm  34.8  11:19pm   18    0  0.02   6  26   3:24pm   W 29.91   81
18   35.3  37.8  12:51pm  32.4   4:49am   25    0  0.00   7  25   7:55am   W 30.03   67
19   35.1  40.2   1:44pm  32.2   7:46pm   25    0  0.00   6  19  10:25am  NW 30.10   68
20   31.7  33.2   1:50pm  30.4   4:11am   28    0  0.00   2  15  12:00am NNE 30.27   71
21   30.9  37.1   2:25pm  24.8  10:26pm   29    0  0.00   1  12  10:05am  NW 30.33   72
22   33.6  40.1   3:14pm  26.3  12:00am   26    0  0.05   1  11   5:10pm  NE 30.27   85
23   42.2  45.3   3:01pm  36.2  12:00am   18    0  0.14   3  11   3:16am  NE 30.09   97
24   46.9  59.0  11:58pm  42.4   3:18am   13    0  0.69   1  24  11:50pm  NE 29.79   98
25   47.1  60.2   1:14am  39.7  11:58pm   13    1  0.12   9  31   2:22am   W 29.85   72
26   37.9  46.8   1:46pm  30.2  11:46pm   22    0  0.00   2  16  11:08am  SW 30.24   75
27   40.1  54.9   3:02pm  28.9   3:20am   20    1  0.00   1   9  10:44am WSW 30.21   78
28   43.7  49.6   3:10pm  37.1  12:45am   16    0  0.05   2  13   2:56pm WSW 29.97   83
29   35.8  43.3   2:10pm  25.6  11:58pm   24    0  0.00   2  13  11:36am NNW 30.19   65
30   28.8  35.4   2:17pm  21.9  11:57pm   31    0  0.00   2  15  10:11am  NW 30.37   64
31   24.3  31.0  12:49pm  16.8  11:41pm   36    0  0.00   4  21  10:31am   W 30.32   61
---------------------------------------------------------------------------------------
TOT  36.4  60.2 12/25/14  16.8 12/31/14  732    3  3.20   3  31 12/25/14   W 30.15   78

HEAT BASE: 60.0
COOL BASE: 50.0