NOAA-Style Climate Reports


Report for 2015 January
                  MONTHLY CLIMATOLOGICAL SUMMARY FOR 1/2015
                                        HEAT  COOL        
     MEAN                               DEG   DEG       WIND SPEED       DOM MEAN  MEAN
DAY  TEMP  HIGH   TIME     LOW   TIME   DAYS  DAYS RAIN AVG  HI  TIME    DIR BAROM HUM
---------------------------------------------------------------------------------------
1    27.3  38.4   3:16pm  16.0   3:23am   33    0  0.00   3  24  12:41pm  SW 30.10   60
2    31.8  40.4   2:09pm  24.0  11:58pm   28    0  0.00   3  20  12:08pm WSW 30.26   65
3    29.2  34.9  11:18pm  21.9   6:10am   31    0  0.66   1   9  11:21am NNE 30.42   89
4    39.1  46.4  10:31pm  34.1   1:50am   21    0  0.23   2  31  11:08pm   W 29.87   95
5    30.4  43.4  12:00am  18.5  11:45pm   30    0  0.00  11  38   6:21am WNW 30.20   52
6    16.7  20.6   1:56pm  10.9  10:51pm   43    0  0.00   1  12   5:03am   W 30.25   80
7    15.2  21.6   1:37pm   8.3  11:52pm   45    0  0.00   7  30   4:33pm WNW 30.11   66
8    11.3  15.8   1:08pm   5.5   5:34am   49    0  0.00   5  28  12:37am WSW 30.39   58
9    23.1  31.0   2:29pm  13.7  12:00am   37    0  0.00   6  30  11:36am   W 30.10   57
10   14.5  19.8   3:31pm   9.9   7:28am   45    0  0.00   5  20  12:16am   W 30.49   58
11   24.6  36.4   2:50pm  11.2  12:00am   35    0  0.00   1  17  12:50pm  SW 30.60   58
12   33.0  35.9   8:33pm  30.6   1:19am   27    0  0.49   1  18  10:00pm WSW 30.28   90
13   23.9  33.7  12:00am  14.3  11:58pm   36    0  0.00   6  20   1:28am NNE 30.54   61
14   19.9  27.1  11:19pm  13.0   1:29am   40    0  0.00   3  11   4:44am NNE 30.39   69
15   27.7  33.2   3:11pm  22.9  11:28pm   32    0  0.00   2  15   2:51pm WSW 30.10   73
16   29.1  38.6   1:43pm  18.9  11:53pm   31    0  0.00   7  30  11:15am   W 29.99   65
17   21.6  29.8   3:38pm  12.0   7:33am   38    0  0.00   2  16   1:30am   S 30.34   57
18   29.5  34.9   4:00pm  21.9   3:56am   30    0  0.28   1  14   8:30pm WSW 29.95   90
19   35.6  39.6  11:35am  30.1  12:34am   24    0  0.00   5  25  11:47am   W 29.89   76
20   33.7  39.9   2:04pm  28.2   6:24am   26    0  0.00   2  16   1:22am   W 29.96   77
21   25.8  29.4   2:26pm  22.6   5:13am   34    0  0.00   1  10  10:14am NNE 30.15   78
22   30.9  38.4   2:56pm  26.2  12:08am   29    0  0.08   2  17   5:43pm   W 30.27   87
23   29.3  36.4   2:51pm  19.1   7:23am   31    0  0.00   1  10  12:50pm  SW 30.24   80
24   33.4  37.6   3:51pm  30.4   5:46am   27    0  0.39   3  24  10:58pm   W 29.58   88
25   35.0  38.9   2:41pm  28.1  11:59pm   25    0  0.15   4  20  12:06am WSW 29.80   75
26   21.4  28.2  12:00am  18.8   7:31am   39    0  0.00   7  21   9:00pm  NE 29.90   87
27   24.8  31.1   3:24pm  16.7  11:40pm   35    0  0.01   6  24   6:03pm  NW 29.81   67
28   22.5  33.1   3:41pm  15.4   6:11am   38    0  0.00   5  20   6:44am WNW 30.17   51
29   20.3  30.2   3:41pm   5.2   6:34am   40    0  0.00   1  20   6:59pm   S 30.23   68
30   28.1  37.0  12:55pm  14.8  11:57pm   32    0  0.03   7  28  12:57pm  NW 30.00   75
31   17.7  27.0   3:03pm  10.3   7:15am   42    0  0.00   7  28   3:59am WNW 30.24   58
---------------------------------------------------------------------------------------
TOT  26.0  46.4   1/4/15   5.2  1/29/15 1054    0  2.32   4  38   1/5/15   W 30.15   71

HEAT BASE: 60.0
COOL BASE: 50.0