NOAA-Style Climate Reports


Report for 2015 February
                  MONTHLY CLIMATOLOGICAL SUMMARY FOR 2/2015
                                        HEAT  COOL        
     MEAN                               DEG   DEG       WIND SPEED       DOM MEAN  MEAN
DAY  TEMP  HIGH   TIME     LOW   TIME   DAYS  DAYS RAIN AVG  HI  TIME    DIR BAROM HUM
---------------------------------------------------------------------------------------
1    28.1  34.5   3:08pm  19.1  12:50am   32    0  0.00   2  14  11:36am WSW 30.18   75
2    27.3  33.2   8:55am  16.1  11:10pm   33    0  0.48   5  33   4:24pm  NE 29.67   87
3    18.5  25.5   4:25pm  14.2   5:17am   42    0  0.01   4  23  12:48am   W 30.27   67
4    26.1  38.7   3:39pm  14.1   1:10am   34    0  0.14   0   6  11:30am NNW 30.16   76
5    23.6  30.8   1:48am  12.2  11:34pm   36    0  0.00   7  27   2:36pm NNW 30.10   62
6    16.1  27.2   3:58pm   6.7   5:24am   44    0  0.00   3  20  12:31pm WSW 30.24   60
7    27.9  39.2   2:43pm  12.0   1:16am   32    0  0.01   0   8   1:18pm SSW 30.10   66
8    33.8  37.3   2:36pm  30.5   6:36am   26    0  0.00   1   8  12:04pm  NE 29.90   79
9    28.0  33.4  12:00am  23.6   8:57pm   32    0  0.02   4  16   7:56pm  NE 29.97   93
10   29.0  35.3   1:45pm  23.8  12:18am   31    0  0.04   4  18   5:57pm NNE 30.08   83
11   25.5  32.9   3:09pm  15.6   7:04am   35    0  0.00   1  10   9:57am NNE 30.04   72
12   28.5  38.5   1:20pm  11.9  11:58pm   31    0  0.01   6  28   7:06pm WNW 29.86   65
13   11.8  20.1   3:04pm   4.8   6:10am   48    0  0.00   6  28  12:26am WNW 30.19   54
14   17.7  25.5   3:10pm   8.3   2:08am   42    0  0.00   2  30  10:17pm NNW 29.79   81
15    8.8  15.7  12:00am   2.0  11:43pm   51    0  0.00  12  33   5:23am WNW 30.00   58
16    7.8  17.3   3:11pm  -1.8   6:46am   52    0  0.00   5  22   1:13am   W 30.24   57
17   15.4  23.4   3:13pm  10.0  11:39pm   45    0  0.03   2  10   3:11pm NNE 29.96   76
18   17.5  28.7   2:39pm   2.5   6:59am   42    0  0.00   2  30   9:47pm   S 29.86   66
19   12.2  18.7   1:15pm   3.6  11:56pm   48    0  0.00  10  31   8:43pm   W 29.94   57
20    6.0  15.1   2:30pm  -1.4   7:05am   54    0  0.00   6  25   4:28am   W 30.35   52
21   15.3  23.8  10:17pm   2.4  12:42am   45    0  0.00   1  15   2:35pm   S 30.37   78
22   31.3  40.8   2:52pm  23.5  12:13am   29    0  0.43   1  14  10:02pm   W 30.20   83
23   20.6  31.3  12:00am   5.9  11:53pm   39    0  0.00   6  24   9:35am  NW 30.34   54
24   11.3  23.2   2:55pm  -3.6   6:41am   49    0  0.00   2  16   4:21pm   S 30.19   57
25   24.2  35.2   3:32pm  13.4   4:47am   36    0  0.00   3  19  12:56pm WSW 29.90   64
26   22.7  26.9   4:43pm  18.1   9:47am   37    0  0.00   3  15   2:36am  NE 30.04   68
27   19.9  27.6   3:01pm  11.9  11:44pm   40    0  0.00   3  15   4:40pm  NW 30.43   60
28   16.4  25.9   4:44pm   3.2   6:43am   44    0  0.00   1  11   1:12pm WSW 30.79   54
---------------------------------------------------------------------------------------
TOT  20.4  40.8  2/22/15  -3.6  2/24/15 1109    0  1.17   4  33   2/2/15   W 30.11   68

HEAT BASE: 60.0
COOL BASE: 50.0