NOAA-Style Climate Reports


Report for 2015 March
                  MONTHLY CLIMATOLOGICAL SUMMARY FOR 3/2015
                                        HEAT  COOL        
     MEAN                               DEG   DEG       WIND SPEED       DOM MEAN  MEAN
DAY  TEMP  HIGH   TIME     LOW   TIME   DAYS  DAYS RAIN AVG  HI  TIME    DIR BAROM HUM
---------------------------------------------------------------------------------------
1    20.0  24.4   9:56am   9.9   2:06am   40    0  0.00   0   9   9:57am  NE 30.52   81
2    30.0  37.9   2:14pm  23.8  12:30am   30    0  0.20   5  27   9:24am WNW 30.23   67
3    23.8  32.6  11:56pm  15.0   4:44am   36    0  0.00   2  16   3:45pm   S 30.27   77
4    35.8  40.7   4:09pm  32.0   2:26am   24    0  0.91   1  11   4:09am WSW 29.89   93
5    23.9  34.4  12:00am  13.8  11:57pm   36    0  0.08   2  17   8:02am NNW 30.19   87
6    14.9  23.2   4:11pm   4.2   6:37am   45    0  0.05   2  10  12:13am  SW 30.51   69
7    24.5  37.6   3:45pm  10.3   4:28am   36    0  0.02   2  16  12:59pm WSW 30.23   66
8    36.6  46.9   3:07pm  25.8   6:47am   22    0  0.20   3  21  12:35pm   W 30.11   67
9    39.2  51.5   5:02pm  26.4   1:58am   21    0  0.00   2  15  11:41am   W 30.20   69
10   37.3  47.3   2:59pm  27.9   7:36am   23    0  0.47   1   6  11:47am NNE 30.21   84
11   44.4  55.8   4:36pm  37.5   1:45am   16    1  0.01   3  16   4:50pm   W 30.04   83
12   41.5  47.9   3:18pm  33.3  11:55pm   18    0  0.00   6  24   7:19am  NW 30.44   39
13   35.7  43.7   3:56pm  26.2   5:18am   24    0  0.00   2  12   3:57pm   S 30.55   42
14   38.6  43.4   3:48pm  35.2   5:02am   21    0  0.92   1  13  11:15pm WSW 30.01   94
15   39.8  42.1   4:22pm  37.2  11:14pm   20    0  0.00  10  30  10:26am WNW 29.90   72
16   39.7  49.0   5:10pm  31.9   6:00am   20    0  0.00   2  19  12:19am WSW 29.98   70
17   44.1  58.9   1:10pm  33.3  11:55pm   16    1  0.00   7  33   3:25pm  NW 29.75   63
18   33.9  42.0   5:03pm  27.7   7:23am   26    0  0.00   9  31   3:08pm  NW 30.10   40
19   32.7  43.5   5:19pm  22.5   5:55am   27    0  0.00   2  16   1:49pm  NW 30.32   48
20   30.7  33.1   7:49am  28.4   9:35am   29    0  0.05   2  11   8:02am  NE 30.25   77
21   36.2  45.6   9:53pm  27.4   7:37am   24    0  0.37   3  23  11:36pm WSW 30.04   86
22   36.4  42.7  12:00am  29.2  11:58pm   24    0  0.00   7  23   4:22pm  NW 30.09   46
23   30.7  40.7   3:17pm  21.1   7:07am   29    0  0.00   4  20   3:01pm NNE 30.25   47
24   31.9  41.4   5:30pm  24.5   6:54am   28    0  0.00   2  11   3:42pm NNE 30.34   46
25   33.0  42.1  11:07am  22.4   6:22am   27    0  0.04   1  15  11:15am   S 30.34   76
26   42.0  51.6   7:34pm  32.7   7:00am   18    0  0.63   2  18   7:30pm NNE 29.86   91
27   40.9  45.7   5:40pm  36.1  11:28pm   19    0  0.09   3  15   3:10pm NNW 29.79   71
28   31.5  38.0   2:45pm  24.5  11:13pm   28    0  0.00   8  25  11:06pm  NW 29.96   58
29   32.4  44.2   5:23pm  20.4   7:06am   28    0  0.00   4  18  12:08am  NW 30.25   43
30   42.3  52.7   3:44pm  33.4   4:54am   18    0  0.00   5  29   1:27pm   W 29.91   57
31   38.7  44.6   1:29pm  33.0   7:32pm   21    0  0.06   3  15   3:00pm NNE 29.84   70
---------------------------------------------------------------------------------------
TOT  34.3  58.9  3/17/15   4.2   3/6/15  796    2  4.10   3  33  3/17/15  NW 30.14   67

HEAT BASE: 60.0
COOL BASE: 50.0