NOAA-Style Climate Reports


Report for 2015 April
                  MONTHLY CLIMATOLOGICAL SUMMARY FOR 4/2015
                                        HEAT  COOL        
     MEAN                               DEG   DEG       WIND SPEED       DOM MEAN  MEAN
DAY  TEMP  HIGH   TIME     LOW   TIME   DAYS  DAYS RAIN AVG  HI  TIME    DIR BAROM HUM
---------------------------------------------------------------------------------------
1    39.7  51.2   3:59pm  28.6   6:19am   20    0  0.01   3  20   5:46pm  NW 30.10   64
2    47.9  62.8   3:43pm  28.4   5:59am   12    5  0.00   5  27  11:42am SSW 30.13   58
3    58.8  64.4   4:06pm  53.9   6:44am    2    9  0.10   2  16   2:23pm  SW 29.80   77
4    48.6  56.8   3:00am  39.6  10:37pm   11    1  0.13  10  38   1:20pm WNW 29.89   58
5    49.6  62.0   4:37pm  36.5   5:08am   11    4  0.00   6  36   2:06pm WSW 30.17   43
6    54.9  72.7   4:41pm  37.2   7:01am    8    9  0.00   4  22   2:28pm SSW 30.21   55
7    54.7  65.1   2:48pm  44.2  11:37pm    6    5  0.24   2  16   3:51pm  NE 30.18   76
8    41.5  45.2   1:06pm  37.7   8:31pm   18    0  0.08   4  17  10:35am   E 30.28   85
9    38.4  39.9   2:28pm  36.8   4:05am   22    0  0.04   2  11  11:56am   E 30.27   93
10   44.2  51.2   5:52pm  38.1   5:02am   16    0  0.05   2  14  11:00pm WSW 29.95   95
11   50.8  57.6   2:44pm  40.7  11:52pm    9    2  0.00   6  29  10:13am WNW 30.04   56
12   49.7  67.2   4:41pm  30.8   6:04am   11    5  0.00   1  14   2:29pm SSW 30.30   53
13   58.3  73.4   4:24pm  41.3   4:07am    6   11  0.00   5  25   3:53pm   S 30.24   58
14   57.0  61.2  12:00am  50.3  11:56pm    3    7  0.06   2  14  12:22am NNE 30.14   63
15   55.1  68.9   4:39pm  39.7   5:19am    7    7  0.00   3  20  12:16pm NNW 30.24   44
16   55.2  68.4   4:28pm  40.3   5:15am    7    8  0.00   3  19   4:30pm   S 30.38   45
17   60.4  70.3   4:13pm  53.8   6:11am    2   10  0.04   4  17  10:41am SSW 30.05   79
18   63.8  80.0   5:08pm  45.2   6:17am    4   14  0.00   4  20   3:23pm   W 29.98   58
19   55.3  65.6   2:25pm  46.4  11:55pm    5    6  0.00   3  15   3:57pm ESE 30.15   43
20   53.8  61.2   5:46pm  45.9  12:25am    6    5  0.75   4  28   4:49am  NE 29.73   89
21   55.7  62.0   2:42pm  48.1  11:57pm    4    6  0.25   5  32  11:08am   W 29.69   62
22   50.0  65.0  11:53am  41.2   6:30am   10    3  0.04   5  36   1:57pm   W 29.70   65
23   41.0  46.7   2:00pm  36.3   6:12am   19    0  0.00   9  33   1:40pm   W 29.81   60
24   43.2  54.6   4:42pm  35.4   6:31am   17    1  0.00   9  32  11:53am WNW 29.92   44
25   45.1  57.6   4:27pm  33.1   6:16am   15    1  0.00   3  23   2:16pm   W 29.86   48
26   48.6  61.5   5:35pm  35.4   6:22am   11    3  0.00   2  17   6:20pm   N 29.71   53
27   49.6  56.8  12:34pm  40.9   2:08am   10    2  0.00   5  22   4:25pm  NW 29.75   56
28   57.2  69.2   4:48pm  46.9   6:23am    5    8  0.00   6  26   1:54pm NNW 29.83   56
29   60.8  75.7   5:04pm  44.5   4:57am    4   12  0.00   2  18   3:02pm  NW 29.73   52
30   55.8  67.3   2:40pm  46.7   6:23am    5    6  0.00   3  14  10:57am  NE 29.76   65
---------------------------------------------------------------------------------------
TOT  51.5  80.0  4/18/15  28.4   4/2/15  289  149  1.79   4  38   4/4/15   W 30.00   62

HEAT BASE: 60.0
COOL BASE: 50.0