NOAA-Style Climate Reports


Report for 2015 May
                  MONTHLY CLIMATOLOGICAL SUMMARY FOR 5/2015
                                        HEAT  COOL        
     MEAN                               DEG   DEG       WIND SPEED       DOM MEAN  MEAN
DAY  TEMP  HIGH   TIME     LOW   TIME   DAYS  DAYS RAIN AVG  HI  TIME    DIR BAROM HUM
---------------------------------------------------------------------------------------
1    53.0  62.0   5:27pm  46.5   5:40am    7    4  0.00   2  12   2:17pm  NE 29.95   69
2    58.9  72.5   4:16pm  44.5   3:52am    5   10  0.00   1  12  12:40pm SSW 29.97   60
3    64.1  79.6   5:16pm  46.6   6:34am    3   14  0.00   1  17   2:32pm  SW 30.07   52
4    68.7  83.2   2:55pm  49.5   6:25am    2   19  0.00   4  21   2:58pm SSW 30.16   48
5    70.1  80.4   1:59pm  59.3   6:22am    0   20  0.01   1  13   4:48pm WSW 30.19   60
6    62.3  67.6  12:11am  54.3  11:56pm    0   12  0.02   1  13   6:56am NNE 30.24   70
7    66.4  79.3   4:19pm  54.2  12:17am    1   16  0.00   1  20   5:37pm SSW 30.18   65
8    70.5  84.3   4:15pm  54.2   5:44am    1   20  0.00   1  14   6:46pm   S 30.13   64
9    66.1  74.0   6:13pm  57.2   4:32am    0   16  0.00   1  10   1:52pm   S 30.22   80
10   72.3  83.8   3:43pm  61.6   5:51am    0   22  0.00   3  18  12:58pm SSW 30.18   75
11   74.0  83.2   2:59pm  66.9   2:22am    0   24  0.00   2  17   4:56pm   S 30.06   75
12   72.9  83.2   3:03pm  63.9  11:59pm    0   23  0.00   6  27   2:48pm   W 29.87   64
13   58.4  67.0   2:25pm  47.8  11:59pm    3    8  0.00   6  29  12:32am  NW 30.13   53
14   56.2  69.8   4:37pm  40.4   6:19am    6    8  0.00   1  12   4:20pm SSW 30.37   53
15   60.9  73.9   3:40pm  46.8   5:16am    4   11  0.00   2  15  12:02pm   S 30.26   56
16   67.1  81.2   3:07pm  55.8   6:09am    1   17  0.06   1  20   6:56pm   S 30.14   73
17   71.3  79.9   4:12pm  64.2   6:41am    0   21  0.00   1  12   4:29pm  SW 30.14   82
18   67.2  81.7  11:18am  56.0  11:52pm    0   17  0.02   1  11   4:56pm   E 30.10   84
19   66.8  83.0   6:19pm  55.3   4:55am    2   17  0.03   3  18  11:26pm  SW 29.92   79
20   58.0  65.8  12:00am  50.9  11:54pm    3    8  0.00   5  22   9:44am  NW 29.96   56
21   53.1  58.5   4:03pm  49.1   6:11am    7    3  0.00   1  13   1:14pm   S 29.98   61
22   60.8  71.9   3:29pm  48.9   4:45am    3   11  0.00   5  28   6:44pm   W 30.00   53
23   56.9  70.4   5:37pm  43.2   5:47am    5    8  0.00   2  17   3:14pm  NW 30.37   40
24   65.4  80.8   5:29pm  45.3   6:14am    4   16  0.00   2  15  12:38pm   S 30.32   47
25   72.9  85.8   2:28pm  60.4   6:13am    0   23  0.00   4  27   2:49pm   S 30.21   60
26   75.0  86.3   4:56pm  61.4   6:00am    0   25  0.00   3  15   4:11pm   S 30.17   65
27   73.6  84.7   2:51pm  66.9  11:56pm    0   24  0.27   2  21   3:01pm   S 30.12   80
28   74.4  86.2   3:37pm  64.3   3:19am    0   24  0.01   2  17   4:53pm   W 30.16   71
29   73.6  86.9   3:26pm  58.3   6:13am    0   24  0.00   1  10   3:10pm   S 30.24   61
30   75.9  86.1   3:41pm  66.8   5:38am    0   26  0.00   3  21   5:42pm   S 30.12   70
31   74.7  86.7   3:25pm  63.0  11:59pm    0   25  0.30   3  25   7:40pm   S 30.02   75
---------------------------------------------------------------------------------------
TOT  66.5  86.9  5/29/15  40.4  5/14/15   57  518  0.72   2  29  5/13/15   S 30.13   65

HEAT BASE: 60.0
COOL BASE: 50.0