NOAA-Style Climate Reports


Report for 2015 June
                  MONTHLY CLIMATOLOGICAL SUMMARY FOR 6/2015
                                        HEAT  COOL        
     MEAN                               DEG   DEG       WIND SPEED       DOM MEAN  MEAN
DAY  TEMP  HIGH   TIME     LOW   TIME   DAYS  DAYS RAIN AVG  HI  TIME    DIR BAROM HUM
---------------------------------------------------------------------------------------
1    59.9  63.1  12:00am  53.9  11:54pm    1   10  0.98   1  10   1:23am NNE 30.07   96
2    52.6  56.3   5:45pm  49.1   6:34am    7    3  0.55   1  12   4:33am   N 30.14   96
3    59.1  66.6   3:58pm  53.5   3:46am    2    9  0.00   1   9   9:22am NNE 30.20   83
4    59.7  65.8   3:37pm  54.8   5:47am    2   10  0.00   1  11   1:06pm   E 30.23   73
5    63.6  73.8   6:36pm  54.8   5:33am    2   14  0.00   1   9   2:48pm   S 30.06   77
6    69.8  79.2   4:06pm  61.7  11:55pm    0   20  0.00   2  20  12:43pm   N 29.95   67
7    64.3  74.9   3:40pm  49.4   5:38am    2   14  0.00   3  17  10:14pm   S 30.12   65
8    69.1  82.9   4:09pm  61.0   7:22am    0   19  0.64   3  27   6:19pm   S 29.90   73
9    72.2  81.4   4:15pm  65.7  11:59pm    0   22  0.47   4  23   3:30pm SSW 29.72   75
10   71.1  81.7   4:25pm  58.5   5:09am    0   21  0.00   3  19   5:06pm   S 29.87   68
11   77.6  88.4   3:33pm  66.8   5:35am    0   28  0.09   3  18  10:47pm  SW 29.90   69
12   76.4  89.9   4:34pm  66.0   6:07am    0   26  0.28   1  14   5:45pm   S 29.90   82
13   75.2  82.1   5:21pm  69.3   5:56am    0   25  0.00   2  17   9:11am  NW 29.95   69
14   75.2  85.8   4:08pm  64.7   5:48am    0   25  0.99   1  22   7:41pm   S 30.02   73
15   76.7  85.9   4:29pm  70.7  12:06am    0   27  0.19   2  17   3:24pm  SW 29.94   84
16   75.7  85.6   1:35pm  68.2  11:37pm    0   26  0.12   2  28   5:30pm SSW 29.90   83
17   71.8  80.3   1:33pm  62.2   5:48am    0   22  0.00   1  11   9:02pm   S 30.08   67
18   65.6  68.4  12:00am  63.3   5:34am    0   16  0.12   0   8   2:48pm   S 30.02   91
19   73.7  83.5   4:05pm  66.8  12:00am    0   24  0.02   2  14   9:58am  SW 29.94   79
20   66.9  71.6   4:39pm  60.6   8:53am    0   17  0.54   1  10  11:30am NNE 30.00   86
21   77.3  86.6   3:01pm  68.4  12:00am    0   27  0.47   4  19   9:38am  SW 29.77   77
22   76.8  86.4   4:12pm  66.4   4:48am    0   27  0.00   2  18   3:41pm  SW 29.96   67
23   76.2  87.3   3:31pm  69.1  11:57pm    0   26  0.00   3  20   1:00pm  SW 29.87   78
24   72.3  82.6   2:59pm  61.6   5:47am    0   22  0.00   2  16   5:34pm  NW 30.02   63
25   68.3  78.2  11:58am  58.4   5:37am    0   18  0.10   1  12  12:09pm SSW 30.05   73
26   70.3  81.2   4:20pm  61.0   3:35am    0   20  0.00   1  12   1:11pm   N 29.98   74
27   62.4  69.7  12:00am  55.7   7:21pm    1   12  1.11   1  16   4:15pm NNE 30.00   90
28   64.0  71.8   2:03pm  56.8   5:06am    1   14  0.35   3  19   2:50pm  SW 29.72   83
29   67.3  77.3   5:42pm  58.0   4:34am    0   17  0.00   2  14  10:32am  SW 29.90   70
30   69.7  78.3   1:45pm  62.5   3:17am    0   20  0.09   1  17   2:21pm   S 29.89   82
---------------------------------------------------------------------------------------
TOT  69.4  89.9  6/12/15  49.1   6/2/15   18  581  7.11   2  28  6/16/15   S 29.97   77

HEAT BASE: 60.0
COOL BASE: 50.0