NOAA-Style Climate Reports


Report for 2015 July
                  MONTHLY CLIMATOLOGICAL SUMMARY FOR 7/2015
                                        HEAT  COOL        
     MEAN                               DEG   DEG       WIND SPEED       DOM MEAN  MEAN
DAY  TEMP  HIGH   TIME     LOW   TIME   DAYS  DAYS RAIN AVG  HI  TIME    DIR BAROM HUM
---------------------------------------------------------------------------------------
1    72.2  80.7   4:16pm  65.2   6:37am    0   22  0.27   3  19   4:18pm  SW 29.82   76
2    68.9  76.5   3:42pm  59.3   6:16am    0   19  0.00   0   9   2:24pm SSW 29.90   78
3    69.5  78.5   3:00pm  58.3   6:00am    0   19  0.00   1   9   3:04pm   S 29.96   72
4    67.8  70.7  12:00am  65.0  11:53am    0   18  0.10   0  10   6:43pm   N 29.96   84
5    70.5  80.7   3:32pm  60.6   6:15am    0   20  0.00   1  10   9:53am  SW 30.12   79
6    74.2  83.5   5:23pm  65.7   5:22am    0   24  0.01   1  13   2:40pm   S 30.11   82
7    77.6  84.2   3:51pm  73.1   5:05am    0   28  0.11   2  16   5:40pm   S 29.99   80
8    76.9  83.6   1:49pm  72.9   7:01am    0   27  0.00   1  13  11:17am  SW 29.95   79
9    73.4  82.7   4:53pm  67.1   6:38am    0   23  0.74   1  15   7:38pm   S 29.93   85
10   74.0  83.1   4:22pm  66.2   6:28am    0   24  0.00   3  18  12:31pm WNW 29.98   67
11   73.6  84.4   4:58pm  62.4   5:50am    0   24  0.00   1   9   2:01pm   N 30.08   65
12   73.7  83.7   5:45pm  61.2   6:05am    0   24  0.00   0  10   2:25pm SSW 30.03   68
13   75.5  85.0   2:32pm  65.8   6:23am    0   26  0.00   1  12   2:56pm   S 29.87   68
14   75.6  84.4   5:16pm  68.7   6:10am    0   26  0.01   1  11   1:31pm   S 29.63   77
15   70.0  78.6   1:30pm  61.5  11:56pm    0   20  0.70   2  19   3:20pm  NW 29.70   85
16   67.3  78.8   5:36pm  56.5   5:54am    0   17  0.00   1  11  10:11am  NW 30.04   66
17   69.5  79.4   3:09pm  58.1   5:41am    0   19  0.00   2  14   2:04pm   S 30.06   77
18   76.1  85.8   4:53pm  69.9   7:51am    0   26  0.55   2  27   9:25pm SSW 29.94   80
19   80.1  92.0   4:50pm  67.8   5:58am    0   30  0.00   2  13   1:00pm  SW 29.84   75
20   81.9  89.3   2:26pm  74.1   5:59am    0   32  0.00   2  17   9:34am  SW 29.73   67
21   76.3  86.9   5:49pm  66.1  11:40pm    0   26  0.07   2  20   6:40pm  SW 29.66   79
22   71.3  81.2   3:53pm  61.4   6:31am    0   21  0.00   3  21   4:09pm WNW 29.82   65
23   70.4  81.0   3:40pm  59.2   5:58am    0   20  0.00   2  15  12:12pm WNW 29.94   61
24   71.3  83.0   5:44pm  58.1   6:12am    0   21  0.00   1  12  11:16am  NW 29.96   61
25   73.1  85.1   4:07pm  57.9   5:49am    0   23  0.00   1  10   1:25pm SSW 29.99   63
26   76.9  86.4   3:54pm  67.2   6:11am    0   27  0.01   2  17   4:29pm SSW 29.96   69
27   75.6  83.8   5:07pm  69.1   5:47am    0   25  0.05   1   8  12:44am SSW 30.00   80
28   79.6  90.7   4:21pm  68.5   6:28am    0   30  0.00   1  10  12:56pm SSW 29.99   69
29   79.8  90.7   2:50pm  68.0   6:24am    0   30  0.00   2  13   2:02pm SSW 29.97   70
30   77.6  85.2   1:06pm  72.5   2:13pm    0   28  0.84   2  17   1:44pm SSW 29.87   84
31   76.0  87.8   4:20pm  64.1   6:05am    0   26  0.00   2  15  12:41pm WSW 29.87   64
---------------------------------------------------------------------------------------
TOT  74.1  92.0  7/19/15  56.5  7/16/15    1  746  3.46   2  27  7/18/15 SSW 29.93   73

HEAT BASE: 60.0
COOL BASE: 50.0