NOAA-Style Climate Reports


Report for 2015 August
                  MONTHLY CLIMATOLOGICAL SUMMARY FOR 8/2015
                                        HEAT  COOL        
     MEAN                               DEG   DEG       WIND SPEED       DOM MEAN  MEAN
DAY  TEMP  HIGH   TIME     LOW   TIME   DAYS  DAYS RAIN AVG  HI  TIME    DIR BAROM HUM
---------------------------------------------------------------------------------------
1    75.9  86.4   3:48pm  67.7   5:32am    0   26  0.00   3  18   3:59pm  SW 29.83   62
2    73.9  84.0   1:53pm  60.7   6:23am    0   24  0.00   2  14  12:49pm SSW 29.91   63
3    76.0  87.0   2:36pm  65.0   5:31am    0   26  0.01   3  20   1:11pm SSW 29.82   67
4    74.3  86.1   3:55pm  64.3   3:37am    0   24  0.27   3  33   2:18am WSW 29.88   69
5    72.2  84.8   3:03pm  59.9   4:16am    0   22  0.00   2  21   2:18pm WSW 29.93   64
6    70.0  80.5   5:22pm  58.5   6:06am    0   20  0.00   1  13   2:22pm  SW 29.96   65
7    71.5  81.3   2:28pm  60.5   6:24am    0   22  0.00   1  10   1:14pm NNE 29.90   64
8    71.5  82.9   4:21pm  58.6   6:23am    0   22  0.00   0   8   2:04pm NNE 29.96   67
9    72.8  81.1   1:39pm  62.8   6:40am    0   23  0.00   0   9  11:55pm   S 29.99   69
10   68.2  70.9   4:51pm  65.5   9:39am    0   18  0.48   0  16   5:50pm   S 30.00   85
11   72.6  83.7   4:59pm  66.7   4:26am    0   23  0.76   2  19   6:10pm   S 29.79   84
12   71.1  80.8   4:42pm  62.5   6:34am    0   21  0.00   2  18  12:27pm  NW 29.89   72
13   69.3  80.0   4:09pm  58.8   6:14am    0   19  0.00   2  14  11:58am WNW 30.05   67
14   70.8  83.7   3:13pm  56.0   6:23am    1   21  0.00   2  13   2:19pm SSW 30.14   71
15   76.2  88.3   4:03pm  63.0   6:40am    0   26  0.00   2  12  12:31pm SSW 30.11   67
16   78.0  89.7   4:44pm  65.6   6:26am    0   28  0.00   1  12   2:04pm WSW 30.10   69
17   79.8  91.0   4:22pm  68.6   6:02am    0   30  0.00   1  11   2:56pm SSW 30.06   69
18   79.0  89.1   4:13pm  69.3   5:53am    0   29  0.00   1  13   4:24pm   S 30.00   69
19   78.0  86.2   4:47pm  73.0   4:45am    0   28  0.00   1  14   4:15pm   S 29.99   80
20   76.2  86.2   2:12pm  70.5  11:58pm    0   26  0.62   1  19   1:29pm   S 29.94   85
21   73.6  83.5   3:36pm  65.4  11:59pm    0   24  0.00   2  14   9:28am  NW 30.02   72
22   68.2  80.0   4:16pm  55.3   6:36am    1   18  0.00   1  12  11:32am NNE 30.10   67
23   67.6  78.9   5:00pm  55.6   5:54am    1   18  0.00   0   8  12:29pm SSW 30.00   72
24   71.8  84.0   3:43pm  57.9   5:07am    0   22  0.00   1  12  11:55am   S 29.88   77
25   73.2  81.2   4:10pm  62.5  11:48pm    0   23  0.00   2  18   3:07pm WSW 29.87   64
26   66.9  76.9   4:21pm  56.6   6:03am    0   17  0.00   2  16   2:21pm  SW 29.99   68
27   66.3  77.1   2:09pm  57.4   6:35am    0   16  0.00   2  16   1:53pm  NW 30.09   70
28   65.7  78.8   3:49pm  53.2   6:24am    1   16  0.00   1  12   1:27pm WNW 30.18   73
29   69.6  83.2   4:43pm  54.0   6:23am    1   20  0.00   1  13  11:29am SSW 30.16   74
30   74.2  86.5   3:39pm  61.6   7:00am    0   24  0.00   1  11  12:04pm  SW 30.07   75
31   78.1  89.0   3:17pm  70.7   6:49am    0   28  0.00   2  15   3:13pm  SW 30.02   73
---------------------------------------------------------------------------------------
TOT  72.7  91.0  8/17/15  53.2  8/28/15    6  702  2.14   1  33   8/4/15 SSW 29.99   71

HEAT BASE: 60.0
COOL BASE: 50.0