NOAA-Style Climate Reports


Report for 2015 September
                  MONTHLY CLIMATOLOGICAL SUMMARY FOR 9/2015
                                        HEAT  COOL        
     MEAN                               DEG   DEG       WIND SPEED       DOM MEAN  MEAN
DAY  TEMP  HIGH   TIME     LOW   TIME   DAYS  DAYS RAIN AVG  HI  TIME    DIR BAROM HUM
---------------------------------------------------------------------------------------
1    77.2  86.7   4:08pm  66.9   6:28am    0   27  0.00   0  11  11:31am NNE 30.03   72
2    76.6  90.6   4:01pm  64.3   6:30am    0   27  0.00   1  11   2:01pm  NW 29.98   72
3    77.9  92.5   3:34pm  66.4   6:14am    0   28  0.00   1  14   6:22pm NNE 29.88   71
4    76.6  87.7   2:05pm  69.9   3:19am    0   27  0.00   1  11  11:58am NNE 30.03   76
5    73.7  83.7   3:11pm  67.2   7:03am    0   24  0.00   0   9   8:43pm NNE 30.21   68
6    70.7  84.3   4:11pm  56.4   6:46am    0   21  0.00   0   9   5:26pm SSW 30.19   62
7    73.6  89.1   4:37pm  57.4   6:13am    0   24  0.00   2  16  12:59pm SSW 30.08   65
8    78.9  92.5   3:47pm  66.3   6:24am    0   29  0.00   2  12  12:53pm SSW 30.00   67
9    79.7  91.9   3:35pm  69.7   4:49am    0   30  0.27   2  14   1:43pm SSW 29.88   71
10   68.3  72.0  12:00am  65.2   8:52pm    0   18  1.67   1  11  10:37pm NNE 29.81   94
11   70.3  81.6   5:13pm  62.9  11:56pm    0   20  0.01   2  16   9:15am  NW 29.79   75
12   64.3  70.7  12:38pm  57.1   5:55am    0   14  0.66   0  18   4:49pm NNE 29.74   93
13   61.6  66.5   1:15pm  53.1  11:36pm    1   12  0.00   3  18   2:11pm WNW 29.77   81
14   61.8  74.0   4:26pm  51.9   2:46am    3   12  0.00   4  23   1:31pm WNW 30.08   65
15   65.5  80.6   4:16pm  50.7   6:52am    2   15  0.00   1  12   2:29pm WNW 30.31   68
16   67.7  83.2   3:05pm  52.9   6:52am    2   18  0.00   0   9   1:45pm SSW 30.30   73
17   68.2  83.3   3:21pm  54.3   7:10am    1   18  0.00   0  10   4:21pm SSW 30.15   71
18   68.1  82.4   3:03pm  54.0   6:31am    1   18  0.00   1  11   3:17pm SSW 30.02   72
19   69.1  80.4   2:50pm  57.1   6:26am    0   19  0.00   1  14   2:10pm   S 29.92   79
20   67.7  76.2   2:28pm  59.0  11:58pm    0   18  0.00   3  19  10:18am NNE 30.00   63
21   59.7  67.3   1:39pm  53.5   4:48am    2   10  0.00   1  11   5:28am NNE 30.18   68
22   60.9  68.5   3:09pm  54.7  11:56pm    1   11  0.01   1  10   3:08pm NNE 30.26   75
23   61.6  77.5   4:25pm  47.4   7:08am    4   12  0.00   0   9   3:11pm NNE 30.25   71
24   63.6  79.2   2:39pm  47.6   6:57am    3   14  0.00   1  12  12:45pm NNE 30.29   70
25   64.2  73.7   3:05pm  55.6   5:46am    1   14  0.00   1  11  11:47am NNE 30.33   74
26   61.9  71.8   2:21pm  54.8   7:05am    1   12  0.00   1  11   2:16pm NNE 30.40   75
27   60.0  68.2   3:23pm  51.9   7:39am    3   10  0.00   0   9  12:42pm NNE 30.39   81
28   68.4  78.0   4:37pm  61.1  12:30am    0   18  0.00   0  10   2:57pm   S 30.20   83
29   71.2  77.8   3:12pm  68.0   6:48am    0   21  0.49   0  14   3:44pm SSW 30.00   90
30   68.6  75.6  11:42am  59.3  11:54pm    0   19  0.86   3  21  12:20pm NNW 29.78   88
---------------------------------------------------------------------------------------
TOT  68.6  92.5   9/3/15  47.4  9/23/15   25  558  3.97   1  23  9/14/15 NNE 30.08   74

HEAT BASE: 60.0
COOL BASE: 50.0