NOAA-Style Climate Reports


Report for 2015 October
                  MONTHLY CLIMATOLOGICAL SUMMARY FOR 10/2015
                                        HEAT  COOL        
     MEAN                               DEG   DEG       WIND SPEED       DOM MEAN  MEAN
DAY  TEMP  HIGH   TIME     LOW   TIME   DAYS  DAYS RAIN AVG  HI  TIME    DIR BAROM HUM
---------------------------------------------------------------------------------------
1    57.1  60.6   1:25pm  54.0  11:52pm    3    7  0.07   2  14   1:27pm NNE 30.07   84
2    49.9  54.0  12:00am  46.2  11:59pm   10    1  0.34   4  19   6:48pm NNE 30.19   86
3    47.1  50.1   5:20pm  44.5   7:17am   13    0  0.45   4  17   6:54am NNE 30.27   92
4    53.5  62.3   4:26pm  49.0  12:00am    7    4  0.00   2  13  12:42am NNE 30.28   75
5    53.7  64.7   4:12pm  44.3   6:53am    7    5  0.00   1  11  11:23am NNE 30.18   75
6    57.8  73.4   3:32pm  43.1   7:16am    6   10  0.00   1  17  12:31pm  NW 30.04   79
7    62.1  72.0   2:13pm  53.0  11:58pm    1   12  0.00   2  16  12:31pm  NW 30.02   76
8    58.7  72.9   3:16pm  47.8   6:46am    4    9  0.00   0  11   2:26pm SSW 30.10   78
9    62.0  74.3   3:15pm  53.0   2:00am    2   12  0.62   2  18   4:33pm SSW 29.92   88
10   54.0  63.9   4:03pm  44.9  11:59pm    6    5  0.00   1  22   2:13am NNW 30.09   69
11   52.3  67.9   4:28pm  38.7   7:27am    9    6  0.00   1  17  12:59pm  SW 29.97   77
12   57.4  74.4   2:52pm  43.2   7:20am    6    9  0.00   1  14   5:19pm   S 29.82   73
13   57.9  69.7   3:58pm  49.3   6:15am    4    8  0.04   1  16   5:42pm  SW 29.60   85
14   56.2  62.6   4:01pm  50.7   7:26am    4    6  0.00   2  16  11:10am   W 29.78   75
15   52.7  62.5   2:26pm  43.7   6:41am    7    4  0.00   2  15  11:01am WSW 29.98   71
16   52.4  60.3   2:02pm  45.0  11:59pm    8    3  0.00   3  21   3:55pm WNW 30.01   68
17   44.9  52.0  12:56pm  38.3   9:42pm   15    0  0.00   4  27   2:53pm WNW 30.15   64
18   39.7  49.5   2:13pm  32.6  11:30pm   20    0  0.02   3  22   4:15pm  NW 30.32   68
19   39.3  51.6   4:40pm  27.5   7:30am   21    0  0.01   2  14   4:18pm SSW 30.43   74
20   53.0  68.4   4:02pm  40.7  12:00am    8    6  0.00   2  18  11:40am  SW 30.25   61
21   58.4  74.5   2:42pm  44.1   7:16am    5    9  0.00   1  12   3:13pm  SW 30.28   65
22   59.0  72.7   3:45pm  43.3   5:16am    6   11  0.00   2  18   4:01pm  SW 30.16   71
23   53.1  61.9  12:00am  41.7  10:59pm    7    4  0.00   3  20   2:30am NNW 30.23   59
24   47.6  57.6   3:21pm  36.6   7:22am   12    2  0.00   1  13   1:07pm   S 30.32   69
25   55.5  66.4   2:41pm  48.6  11:58pm    5    6  0.11   3  22   2:09pm  NW 30.13   78
26   47.3  58.3   3:29pm  37.6  11:59pm   13    2  0.00   1  13  12:13am  NW 30.42   68
27   44.9  56.2   2:46pm  33.1   6:57am   15    1  0.00   0  10   2:27pm NNE 30.50   80
28   58.0  67.4  11:05pm  49.7   1:55am    4    8  1.13   2  23  10:59pm   S 30.02   92
29   59.8  67.4   1:17am  50.1  10:01pm    2   10  0.09   4  31   2:58pm WSW 29.64   73
30   48.9  58.8   3:57pm  37.0  11:55pm   11    2  0.00   3  19   1:20am   W 29.97   62
31   42.0  53.8   3:36pm  30.2   7:33am   18    0  0.00   1  10   2:54pm  SW 30.17   77
---------------------------------------------------------------------------------------
TOT  52.8  74.5 10/21/15  27.5 10/19/15  261  161  2.88   2  31 10/29/15 NNE 30.11   75

HEAT BASE: 60.0
COOL BASE: 50.0