NOAA-Style Climate Reports


Report for 2015 November
                  MONTHLY CLIMATOLOGICAL SUMMARY FOR 11/2015
                                        HEAT  COOL        
     MEAN                               DEG   DEG       WIND SPEED       DOM MEAN  MEAN
DAY  TEMP  HIGH   TIME     LOW   TIME   DAYS  DAYS RAIN AVG  HI  TIME    DIR BAROM HUM
---------------------------------------------------------------------------------------
1    54.6  64.3   3:01pm  45.6  12:00am    6    5  0.00   2  22  11:18am  SW 29.95   79
2    52.7  62.3   2:06pm  42.0  11:59pm    7    4  0.00   0   8   1:37pm WSW 30.09   77
3    52.7  72.1   3:16pm  37.3   6:12am   10    7  0.00   1  10  11:59am  SW 30.21   77
4    55.9  75.0   2:26pm  40.9   6:41am    8    8  0.00   0  10   2:24pm   S 30.32   74
5    60.6  69.6   3:23pm  49.7  12:00am    2   11  0.00   1  10  10:00pm SSW 30.23   88
6    66.4  74.3   1:54pm  60.7   2:28am    0   16  0.01   2  18  12:08pm SSW 29.97   85
7    56.3  65.6  12:00am  48.9  11:54pm    4    6  0.00   3  17  11:29pm WNW 30.05   67
8    45.9  55.4   2:47pm  34.6  11:59pm   14    1  0.00   2  14  10:31am WNW 30.37   65
9    45.1  57.4   1:45pm  30.0   6:16am   15    2  0.00   0   8   1:48pm   S 30.41   68
10   51.5  53.5  12:42pm  48.9   6:30am    8    2  0.45   3  14   4:14pm NNE 30.01   85
11   54.4  61.3   2:24pm  46.9  11:48pm    6    5  0.02   3  19  12:09pm WNW 29.89   87
12   50.8  55.3   4:55pm  43.6   2:14am    9    2  0.06   2  19  10:47am   S 29.76   92
13   50.4  55.2  11:14am  43.3  11:17pm   10    2  0.00  10  35   2:34pm   W 29.75   52
14   42.7  48.1   2:32pm  35.5  11:54pm   17    0  0.00   7  34  11:12am   W 30.12   60
15   46.1  58.1   3:29pm  34.6   7:14am   14    2  0.00   3  23   2:34pm WSW 30.27   61
16   52.4  67.3   2:09pm  40.4  11:48pm    9    5  0.00   3  18   1:08pm WSW 30.25   56
17   43.3  51.6   1:50pm  36.3  11:56pm   17    0  0.00   2  13   8:17am NNE 30.48   68
18   47.5  56.8  11:18pm  36.2  12:00am   12    3  0.00   2  14   8:36pm NNE 30.42   85
19   59.0  61.2   2:45pm  56.3  12:15am    1    9  0.34   2  15  11:56am  SE 30.08   93
20   46.3  58.4  12:00am  30.2  11:58pm   14    1  0.00   4  21  10:39am WNW 30.16   58
21   39.6  49.9   2:33pm  28.4   6:08am   20    0  0.00   1  12   3:32pm ESE 30.17   70
22   42.9  47.4  12:15pm  35.0  11:52pm   17    0  0.00   5  21   6:36am WNW 29.96   64
23   32.4  40.1   2:48pm  23.9  11:18pm   28    0  0.00   4  20   1:39am  NW 30.13   59
24   35.9  46.3   1:53pm  23.8  12:28am   24    0  0.00   2  15  12:14pm WNW 30.38   65
25   37.6  49.8   2:22pm  25.5   6:40am   22    0  0.00   1  10   2:16pm  SE 30.71   71
26   43.1  59.1   3:10pm  29.9   6:27am   17    2  0.00   1  13   1:27pm   S 30.74   81
27   48.1  63.2   1:46pm  34.6   6:29am   12    3  0.00   1  20   2:08pm WSW 30.44   84
28   49.6  54.5  11:38am  44.2  11:57pm   10    1  0.01   1  11   8:33am NNW 30.19   87
29   40.8  48.5   2:58pm  33.9  10:59pm   19    0  0.01   2  11   5:13am NNW 30.26   70
30   36.2  42.2   3:59pm  28.2   7:04am   24    0  0.01   3  13  12:47am NNE 30.39   77
---------------------------------------------------------------------------------------
TOT  48.0  75.0  11/4/15  23.8 11/24/15  377   95  0.91   3  35 11/13/15   W 30.20   73

HEAT BASE: 60.0
COOL BASE: 50.0