NOAA-Style Climate Reports


Report for 2016 January
                  MONTHLY CLIMATOLOGICAL SUMMARY FOR 1/2016
                                        HEAT  COOL        
     MEAN                               DEG   DEG       WIND SPEED       DOM MEAN  MEAN
DAY  TEMP  HIGH   TIME     LOW   TIME   DAYS  DAYS RAIN AVG  HI  TIME    DIR BAROM HUM
---------------------------------------------------------------------------------------
1    35.6  38.1   2:57pm  32.6  11:01pm   24    0  0.00   6  28   2:38pm   W 30.08   67
2    32.9  40.7   2:23pm  26.2  11:19pm   27    0  0.00   4  22   1:18pm   W 30.07   64
3    32.6  43.1  12:25pm  23.2   5:11am   27    0  0.00   4  23   1:15pm   W 29.91   74
4    23.5  34.5  12:17am  10.2  11:49pm   36    0  0.00   8  27   1:01pm NNW 30.15   57
5    18.8  32.2   2:56pm   9.0   5:28am   41    0  0.00   3  18  12:43am NNW 30.60   55
6    22.9  38.0   3:41pm  11.5   6:59am   37    0  0.00   1  12  10:34am   W 30.54   64
7    29.3  42.0   2:48pm  15.5   4:38am   31    0  0.00   0   8   1:27pm   W 30.31   75
8    36.2  40.3   4:24pm  29.8   9:04am   24    0  0.00   2  11  12:46pm NNE 30.20   75
9    40.1  44.0  11:39pm  36.9   6:49am   20    0  0.01   1  11  11:28pm NNE 30.14   92
10   47.5  61.0  12:26pm  34.3  11:58pm   12    2  1.32   7  35   7:29pm   W 29.56   84
11   26.6  34.3  12:00am  17.1  11:52pm   33    0  0.00   8  35   1:15am   W 29.98   54
12   26.3  37.7   1:16pm  16.5  12:53am   34    0  0.00   4  30  10:32pm   W 29.88   71
13   21.0  25.6   2:43pm  17.1   6:57am   39    0  0.00   6  23  12:13am   W 30.04   61
14   28.0  39.6   3:03pm  18.7   3:41am   32    0  0.00   2  19  12:41pm  SW 29.97   67
15   33.8  43.0  12:32pm  23.9   7:14am   26    0  0.17   0   7   1:35pm NNE 29.83   81
16   40.2  48.1  11:51am  36.3   1:52am   20    0  0.14   4  25   2:33pm   W 29.60   83
17   32.2  37.4  12:00am  26.7  10:20pm   28    0  0.01   1  17  12:55am  NW 29.81   78
18   19.7  28.6   1:04am  14.3  11:15pm   40    0  0.00  10  30   3:39am   W 29.94   60
19   19.4  26.6   2:38pm  12.9   5:21am   41    0  0.00  10  31   6:42pm   W 30.17   58
20   27.9  33.8   1:36pm  22.1  12:00am   32    0  0.00   4  20  12:35am   W 30.21   64
21   27.7  33.6  12:24pm  23.0   7:29am   32    0  0.00   4  19   1:55pm  NW 30.21   64
22   22.0  25.5   5:54pm  17.0   5:24am   38    0  0.00   3  15   8:28pm NNE 30.25   67
23   22.6  24.7   4:46pm  20.3   6:01am   37    0  0.00  10  30   5:47am NNE 29.79   94
24   21.3  28.8   3:29pm   8.1   6:57am   39    0  0.16   3  19  12:20am   W 30.03   88
25   25.6  36.9   4:14pm  15.6   3:16am   34    0  0.04   0   7  12:37pm   N 30.26   78
26   31.1  42.3   2:01pm  18.1   3:51am   29    0  0.00   1  10  11:56pm  NW 30.05   82
27   35.7  41.7   1:25pm  22.3  11:32pm   24    0  0.00   5  22   9:27am   W 30.09   67
28   26.0  38.5   3:19pm  11.8   7:22am   34    0  0.00   0  10  12:20pm   W 29.93   76
29   30.1  39.1   1:25pm  20.0   6:43am   30    0  0.00   6  27  12:26pm WNW 29.65   75
30   29.9  39.5   3:21pm  20.1   7:26am   30    0  0.00   2  14  12:03am WSW 30.04   64
31   36.1  52.0   3:37pm  24.6   4:00am   24    0  0.00   0   7  10:48am   W 29.92   71
---------------------------------------------------------------------------------------
TOT  29.1  61.0  1/10/16   8.1  1/24/16  957    2  1.85   4  35  1/10/16   W 30.04   71

HEAT BASE: 60.0
COOL BASE: 50.0