NOAA-Style Climate Reports


Report for 2016 February
                  MONTHLY CLIMATOLOGICAL SUMMARY FOR 2/2016
                                        HEAT  COOL        
     MEAN                               DEG   DEG       WIND SPEED       DOM MEAN  MEAN
DAY  TEMP  HIGH   TIME     LOW   TIME   DAYS  DAYS RAIN AVG  HI  TIME    DIR BAROM HUM
---------------------------------------------------------------------------------------
1    39.1  48.9  12:31pm  30.1   4:32am   21    0  0.00   1  11  12:44pm WSW 29.89   81
2    34.9  47.1   3:37pm  22.3   7:33am   25    0  0.00   0  11  10:48pm SSE 30.30   75
3    44.6  53.7   6:36pm  37.9   1:27am   15    0  0.88   1  29   5:02pm   S 30.02   91
4    44.8  49.7   1:25am  39.9  11:50pm   15    0  0.02   3  18  11:18am WNW 30.02   74
5    36.3  42.6   1:10pm  25.8  11:58pm   24    0  0.01   5  25   4:37pm NNW 30.20   62
6    30.8  40.4   1:48pm  21.6   7:06am   29    0  0.00   2  14   1:22pm SSW 30.36   71
7    33.1  44.5   2:22pm  21.0   6:54am   27    0  0.00   0   7  10:58am   N 30.11   68
8    35.8  40.4   2:40pm  30.1  12:02am   24    0  0.00   3  14  11:57am NNE 29.77   69
9    29.9  32.5   2:01pm  28.1   6:17am   30    0  0.04   1  10  10:36am  NE 29.63   91
10   29.6  34.3   2:31pm  23.9  11:57pm   30    0  0.09   6  24  11:01am WSW 29.71   77
11   20.4  24.3   2:09pm  17.1   5:10am   40    0  0.00   8  30  11:36am   W 30.03   62
12   17.4  22.2  12:38pm  10.4   6:52am   43    0  0.00   3  16  11:36am WSW 30.17   63
13   15.1  19.0   5:54am   8.6  11:57pm   45    0  0.00  10  35   1:18pm WNW 30.16   57
14    9.7  16.3   3:20pm   2.9   7:05am   50    0  0.00   4  24   1:52am  NW 30.52   51
15   18.0  26.4  11:50pm  12.5  12:03am   42    0  0.00   2   9   3:58pm  NE 30.39   75
16   39.7  53.9  12:28pm  26.3  12:00am   20    0  1.53   5  26   4:35pm   W 29.74   89
17   35.0  37.3  11:50am  30.3  11:28pm   25    0  0.00   3  18   1:04pm   W 30.04   75
18   29.2  34.8   2:55pm  21.4  11:57pm   31    0  0.00   5  20  10:29am NNW 30.46   55
19   27.0  34.9   3:20pm  16.2   5:26am   33    0  0.00   2  17   3:43pm   S 30.45   64
20   46.9  61.7   3:12pm  30.9   7:20am   13    3  0.00   3  19   3:23pm  SW 29.94   62
21   44.1  53.5   1:41pm  32.9   6:53am   16    0  0.12   1  12   1:35am   N 29.93   77
22   39.9  51.4   3:29pm  28.9   6:51am   20    0  0.00   1  11   8:21am NNE 30.14   65
23   33.2  36.2  12:00am  31.0   6:15am   27    0  0.24   5  15   3:59pm NNE 30.23   79
24   44.1  61.8   8:07pm  34.8   1:22am   16    3  1.99   5  39   8:13pm  NE 29.74   96
25   44.0  60.5  12:00am  33.9  11:59pm   16    1  0.13   9  30   1:39am WSW 29.37   81
26   32.5  37.2   3:54pm  28.0  11:39pm   27    0  0.00   9  32  10:15am WNW 29.94   55
27   32.5  41.1   2:38pm  24.6   6:45am   27    0  0.00   4  23   4:02pm WSW 30.09   57
28   46.4  62.4   3:35pm  32.3   4:55am   14    3  0.00   5  24  12:25pm WSW 29.91   55
29   44.8  56.2  12:31pm  37.1   4:33am   15    1  0.05   4  35   1:12pm   W 29.75   67
---------------------------------------------------------------------------------------
TOT  33.7  62.4  2/28/16   2.9  2/14/16  762   12  5.10   4  39  2/24/16   W 30.03   70

HEAT BASE: 60.0
COOL BASE: 50.0