NOAA-Style Climate Reports


Report for 2016 March
                  MONTHLY CLIMATOLOGICAL SUMMARY FOR 3/2016
                                        HEAT  COOL        
     MEAN                               DEG   DEG       WIND SPEED       DOM MEAN  MEAN
DAY  TEMP  HIGH   TIME     LOW   TIME   DAYS  DAYS RAIN AVG  HI  TIME    DIR BAROM HUM
---------------------------------------------------------------------------------------
1    45.9  59.4   3:06pm  35.1   6:22am   14    2  0.00   4  24   2:21pm  SE 29.97   64
2    39.2  57.2   2:19am  27.3  11:56pm   21    1  0.03  11  37   1:11pm WNW 29.80   55
3    29.1  33.7   3:27pm  22.9   6:32am   31    0  0.00   3  17  12:41am WNW 30.23   48
4    32.2  39.5   3:03pm  27.4   6:50am   28    0  0.02   4  16   8:51pm NNE 30.11   75
5    32.6  40.2   4:18pm  24.9   6:41am   27    0  0.00   2  14  12:59am  NW 30.19   57
6    34.5  43.1   4:15pm  28.9  11:39pm   26    0  0.00   1  11   3:53pm NNE 30.28   61
7    45.3  62.9   4:04pm  27.9   3:43am   15    3  0.00   3  20   1:13pm  SW 30.16   64
8    57.6  71.9   3:56pm  47.6   5:43am    5    8  0.00   2  15  12:02am  SW 30.11   49
9    60.0  77.4   3:53pm  38.8   6:29am    6   12  0.00   2  24   2:04pm WSW 30.08   55
10   66.7  76.5   3:02pm  56.8   3:08am    0   17  0.00   4  20   1:47pm WSW 29.97   57
11   55.8  65.0  12:00am  43.8  11:59pm    5    6  0.05   4  24   8:58am NNE 30.16   67
12   47.8  61.2   2:07pm  32.7   6:26am   12    3  0.00   2  17  12:45pm SSW 30.23   67
13   51.6  58.6   1:39pm  45.0   6:36am    8    3  0.02   1   9   9:43am NNE 30.06   69
14   43.4  48.3  12:00am  41.0   8:07pm   17    0  0.36   4  17   4:02pm  NE 30.02   90
15   46.3  52.3   6:17pm  41.1  12:00am   14    0  0.00   2  12   8:58am NNE 29.85   91
16   51.9  65.6   3:07pm  38.3   5:36am    9    5  0.00   1  15   3:53pm   S 29.82   84
17   48.5  58.2   3:03pm  40.3   4:37am   11    2  0.01   3  26   4:05pm  SW 29.86   75
18   48.7  58.6   3:23pm  40.3   5:15am   11    2  0.00   7  34  11:10am   W 29.87   49
19   38.6  43.6   5:03pm  31.5   6:44am   21    0  0.00   1  12  12:06am NNE 30.10   56
20   36.3  40.1   4:00pm  32.0   7:34am   24    0  0.00   4  17  12:26am NNE 30.09   48
21   39.0  48.3   3:31pm  29.3   6:23am   21    0  0.00   7  29   1:53pm WNW 29.93   51
22   43.3  56.7   5:23pm  29.2   5:25am   17    1  0.00   4  20   3:41pm WSW 30.11   49
23   52.8  69.8   5:16pm  37.6   4:20am    9    6  0.00   2  21  12:20pm WSW 29.97   54
24   49.8  63.6   4:12pm  40.2   7:19am   10    3  0.00   4  15   1:09am  NE 29.97   71
25   55.5  69.4   2:59pm  42.4  11:58pm    6    7  0.11   5  25   5:03pm WNW 29.80   74
26   43.5  56.2   4:32pm  32.2   7:12am   16    1  0.00   2  15  12:00am NNE 30.28   64
27   46.8  55.2   2:57pm  39.5   1:36am   13    1  0.00   2  12   8:39pm ESE 30.30   81
28   48.1  61.6   3:10pm  41.5   2:26am   12    2  0.40   8  38   7:59pm   W 29.77   79
29   47.3  55.5   3:11pm  39.2  11:51pm   13    1  0.00   9  32   1:16pm WNW 30.04   43
30   44.6  59.3   4:07pm  27.4   5:46am   15    2  0.00   3  19   3:54pm   S 30.29   46
31   59.2  69.6   5:40pm  45.3   4:50am    4   10  0.00   7  27  10:05am   S 29.94   64
---------------------------------------------------------------------------------------
TOT  46.5  77.4   3/9/16  22.9   3/3/16  443   97  1.00   4  38  3/28/16 NNE 30.04   63

HEAT BASE: 60.0
COOL BASE: 50.0