NOAA-Style Climate Reports


Report for 2016 April
                  MONTHLY CLIMATOLOGICAL SUMMARY FOR 4/2016
                                        HEAT  COOL        
     MEAN                               DEG   DEG       WIND SPEED       DOM MEAN  MEAN
DAY  TEMP  HIGH   TIME     LOW   TIME   DAYS  DAYS RAIN AVG  HI  TIME    DIR BAROM HUM
---------------------------------------------------------------------------------------
1    67.9  77.5   3:19pm  62.2  11:59pm    0   17  0.01   7  24   8:17pm SSW 29.62   69
2    52.7  62.2  12:00am  41.4  11:56pm    7    4  0.18   4  31  11:06pm WSW 29.52   59
3    37.7  42.6   4:17pm  30.5   7:38am   22    0  0.01  11  45   7:42am   W 29.80   48
4    39.0  47.8   5:06pm  31.0  11:57pm   21    0  0.26   2  20   8:29pm NNW 29.92   72
5    33.9  42.8   3:59pm  26.6   7:34am   26    0  0.00   6  25   2:06pm NNW 30.31   47
6    38.4  51.4   4:36pm  23.3   6:08am   22    0  0.00   4  25   4:19pm   S 30.24   54
7    50.1  56.0   4:50pm  44.4  12:29am   10    2  0.52   4  30  12:52pm SSE 29.58   81
8    41.6  46.9   5:37pm  34.7  11:59pm   18    0  0.00   7  31   2:14pm WSW 29.67   62
9    34.2  38.2   5:49pm  31.1   4:41am   26    0  0.22   3  23   8:13pm  NW 29.83   78
10   37.4  46.8   4:32pm  27.1   6:19am   23    0  0.00   4  16   2:59pm   S 30.30   49
11   49.4  59.0   9:38pm  40.9  12:25am   11    3  0.01   3  16   2:30pm   S 30.13   69
12   52.3  59.6   3:02pm  41.6  11:55pm    8    4  0.36   5  23   2:54pm  NW 30.08   64
13   44.7  55.0   5:22pm  33.1   6:54am   15    1  0.00   2  16   9:04am   N 30.37   52
14   48.0  60.7   5:26pm  33.4   6:40am   12    3  0.00   1  12   1:24pm NNE 30.34   53
15   50.6  63.9   4:45pm  36.4   6:21am   10    4  0.00   1  10   2:48pm NNE 30.41   54
16   52.8  67.1   5:46pm  36.8   6:42am    9    6  0.00   1  12  11:47am  NE 30.43   50
17   57.5  74.9   5:32pm  38.4   6:18am    7   10  0.00   1  11  10:53am WSW 30.39   45
18   63.8  81.4   4:56pm  43.4   6:41am    4   15  0.00   1  16   4:02pm  SW 30.20   44
19   60.3  69.2  10:26am  51.6   3:47am    3   10  0.00   6  26   7:00pm NNW 30.08   44
20   57.0  70.2   4:24pm  39.8   5:56am    6    8  0.00   2  15  12:52am NNW 30.23   36
21   58.5  72.5   3:59pm  40.5   6:33am    5   10  0.00   3  22  11:32am SSW 30.10   54
22   65.7  74.6   6:04pm  55.7   5:57am    1   16  0.00   2  16   9:36am  SW 29.90   67
23   59.3  64.4  12:00am  48.1  11:56pm    2    9  0.03   6  27   5:56pm  NW 29.90   62
24   54.0  67.7   6:06pm  39.2   6:45am    8    6  0.00   2  18   2:09pm  NW 30.07   37
25   60.2  74.1   4:23pm  46.1   3:42am    4   11  0.00   1  12   2:14pm  SW 29.96   49
26   63.4  81.1   3:43pm  53.1   7:22am    2   13  0.02   3  25   1:56am NNE 29.72   70
27   50.7  54.8   6:15pm  47.6  11:08am    9    1  0.00   2  13   6:10pm  SW 29.91   81
28   47.5  56.0  12:57pm  43.1  11:07pm   12    1  0.26   1   9   7:44am   S 30.03   74
29   46.9  51.5  12:36pm  43.3  12:00am   13    0  0.03   0   9  11:19am   E 30.10   81
30   50.4  56.3   5:49pm  43.5   1:13am   10    3  0.00   0   6  10:15am NNE 30.22   75
---------------------------------------------------------------------------------------
TOT  50.8  81.4  4/18/16  23.3   4/6/16  324  156  1.91   3  45   4/3/16 WSW 30.05   59

HEAT BASE: 60.0
COOL BASE: 50.0