NOAA-Style Climate Reports


Report for 2016 July
                  MONTHLY CLIMATOLOGICAL SUMMARY FOR 7/2016
                                        HEAT  COOL        
     MEAN                               DEG   DEG       WIND SPEED       DOM MEAN  MEAN
DAY  TEMP  HIGH   TIME     LOW   TIME   DAYS  DAYS RAIN AVG  HI  TIME    DIR BAROM HUM
---------------------------------------------------------------------------------------
1    73.8  84.0   1:59pm  64.0   5:20am    0   24  0.03   2  24   3:05pm   S 29.93   74
2    70.1  76.6   6:03pm  63.0   6:06am    0   20  0.01   4  19   8:25am WNW 30.02   57
3    69.6  79.5   4:13pm  60.6   6:05am    0   20  0.00   1  13   5:42pm SSW 30.10   62
4    69.1  79.2   2:29pm  58.3   5:46am    0   19  0.35   1  13   1:07pm   S 30.04   78
5    76.5  86.1   4:37pm  68.3  12:08am    0   26  0.11   2  16   2:58pm WNW 29.82   78
6    80.6  91.4   4:30pm  68.8   5:34am    0   31  0.00   1  12  12:12pm SSW 29.86   68
7    80.4  88.8   4:19pm  71.1   6:07am    0   30  0.00   2  18   3:02pm  SW 29.79   71
8    79.0  89.4   2:29pm  72.7   4:55am    0   29  0.00   1  16   4:17pm  SW 29.78   74
9    71.8  78.8   5:17pm  68.8   9:38am    0   22  0.23   0  11   5:54pm   S 29.81   90
10   71.7  81.7   3:00pm  61.8   5:34am    0   22  0.14   3  18  11:26am WNW 29.90   71
11   72.0  84.2   5:23pm  58.1   5:36am    0   22  0.01   1  14   3:24pm  NW 30.08   63
12   75.5  86.8   3:46pm  63.1   5:06am    0   25  0.00   2  16   3:26pm SSW 30.08   68
13   74.9  83.1   2:43pm  69.7   4:14am    0   25  0.00   1  15   4:28pm   S 30.04   80
14   81.5  94.0   5:16pm  73.5   5:06am    0   32  0.00   3  20   2:44pm SSW 29.88   71
15   81.2  90.2   6:20pm  73.4   4:44am    0   31  0.00   2  18   5:06pm  SW 29.88   62
16   79.8  89.9   2:57pm  69.5   6:19am    0   30  0.00   1  12   1:10pm SSW 30.00   64
17   79.0  89.3   3:53pm  68.5   5:54am    0   29  0.00   2  14   2:21pm SSW 30.09   63
18   77.1  90.7   2:24pm  70.1   6:27am    0   27  1.29   2  36   2:50pm  SW 30.06   76
19   75.3  84.2   4:50pm  65.7   6:11am    0   25  0.00   3  20  11:48am  NW 30.11   64
20   73.3  83.4   4:21pm  62.3   5:37am    0   23  0.00   1  11   1:59pm  NW 30.19   59
21   75.5  88.4   3:47pm  61.2   4:49am    0   25  0.00   2  13   3:22pm SSW 30.12   63
22   80.6  91.9   2:16pm  67.8   5:35am    0   31  0.00   3  19   3:51pm  SW 29.92   64
23   83.9  95.5   3:09pm  73.1   6:10am    0   34  0.00   3  20   1:23pm  NW 29.87   58
24   80.5  93.5   3:45pm  66.1   5:45am    0   31  0.00   1  17   4:44pm SSW 29.96   60
25   78.8  93.8   2:47pm  69.0  11:58pm    0   29  1.34   2  30   4:18pm SSW 29.91   76
26   78.2  89.8   3:59pm  67.8   3:29am    0   28  0.00   2  21   2:13pm WNW 29.91   72
27   79.5  89.8   3:27pm  70.6   5:35am    0   29  0.00   1  12   2:44pm  NW 29.93   62
28   75.6  88.5  12:58pm  65.9   6:03am    0   26  0.22   1  20   3:09pm   S 29.89   78
29   76.4  87.7   5:47pm  69.9   4:32am    0   26  0.35   1  17   7:55pm   N 29.86   81
30   73.4  83.4   1:54pm  68.0   8:20pm    0   23  1.28   0  20   2:40pm   S 29.97   89
31   77.2  86.8   4:16pm  70.0   1:38am    0   27  0.01   1  13   3:52pm WSW 29.97   82
---------------------------------------------------------------------------------------
TOT  76.5  95.5  7/23/16  58.1  7/11/16    0  822  5.55   2  36  7/18/16 SSW 29.96   70

HEAT BASE: 60.0
COOL BASE: 50.0