NOAA-Style Climate Reports


Report for 2016 August
                  MONTHLY CLIMATOLOGICAL SUMMARY FOR 8/2016
                                        HEAT  COOL        
     MEAN                               DEG   DEG       WIND SPEED       DOM MEAN  MEAN
DAY  TEMP  HIGH   TIME     LOW   TIME   DAYS  DAYS RAIN AVG  HI  TIME    DIR BAROM HUM
---------------------------------------------------------------------------------------
1    72.4  75.0   7:08pm  69.6   8:38am    0   22  0.12   0   9  12:12am NNE 30.03   91
2    73.1  80.3   3:03pm  67.7  11:32pm    0   23  0.00   0   9   3:59pm NNE 30.07   80
3    71.3  81.6   4:25pm  62.0   6:21am    0   21  0.00   0   9   1:28pm NNE 30.15   73
4    72.3  81.5   3:26pm  62.0   6:31am    0   22  0.00   1  11   2:09pm SSW 30.13   69
5    72.3  80.0   4:19pm  63.4   6:01am    0   22  0.00   2  15   3:36pm SSW 29.99   78
6    77.3  88.0   3:37pm  70.6  11:58pm    0   27  0.02   2  17   4:54pm  SW 29.78   81
7    75.0  86.3   3:04pm  62.0   6:17am    0   25  0.00   2  17   3:11pm  NW 29.89   65
8    73.4  81.9   3:39pm  63.8   6:06am    0   23  0.00   0   9   3:43pm SSW 30.04   68
9    74.4  86.4   3:20pm  60.7   6:09am    0   24  0.00   2  16   3:54pm   S 30.17   69
10   79.8  88.2   4:29pm  74.6   4:59am    0   30  0.08   2  12   9:04am SSW 30.13   80
11   82.2  91.2   3:59pm  75.3   4:30am    0   32  0.02   2  12   5:05pm SSW 30.05   80
12   80.8  93.8   4:17pm  74.3   6:33am    0   31  0.17   2  27   4:33pm  SW 29.92   82
13   82.1  95.1   3:26pm  74.5  11:41pm    0   32  0.13   2  20   7:38pm SSW 29.89   80
14   80.5  91.9   4:28pm  72.9   5:45am    0   31  0.05   2  18   5:22pm  SW 29.96   81
15   79.7  89.9   4:30pm  70.7   6:41am    0   30  0.00   1  10   1:07pm  NW 30.14   75
16   77.8  89.6   4:16pm  71.8   6:12am    0   28  0.19   2  23   5:25pm SSW 30.11   83
17   78.1  85.7   1:56pm  72.3   6:42am    0   28  0.00   3  17   9:02am WNW 30.03   73
18   75.2  85.7   4:13pm  65.8   7:27am    0   25  0.50   1  13   8:41pm WNW 29.99   78
19   76.4  87.7   4:50pm  67.5   6:37am    0   26  0.00   1  14   4:17pm  NW 29.94   70
20   76.4  88.9   3:38pm  64.0   6:41am    0   26  0.00   0  11   3:04pm   S 29.90   71
21   74.8  84.9  12:54pm  69.9  11:59pm    0   25  0.89   1  17   1:09pm   S 29.82   86
22   69.7  79.5   3:12pm  60.0  11:58pm    0   20  0.00   3  21   3:54pm  NW 30.04   69
23   67.1  79.7   5:27pm  53.6   6:14am    1   17  0.00   1  13   3:46pm  SW 30.29   69
24   71.9  84.1   4:10pm  58.7   6:34am    0   22  0.00   2  14   3:39pm SSW 30.24   71
25   74.4  81.9   4:08pm  64.6   6:49am    0   24  0.00   1  11   1:23pm SSW 30.06   80
26   80.1  90.4   2:56pm  71.4  11:58pm    0   30  0.00   2  17   1:09pm  NW 30.02   72
27   76.2  87.7   4:22pm  65.0   6:14am    0   26  0.00   0   8  10:27am NNE 30.16   68
28   76.1  87.7   4:25pm  63.2   6:45am    0   26  0.00   1  11  12:10pm SSW 30.21   66
29   77.7  89.0   3:16pm  69.3   4:56am    0   28  0.00   2  15  11:15am  NW 30.13   65
30   72.3  85.0   4:25pm  60.5   6:26am    0   22  0.00   1  11   3:20pm  SW 30.11   69
31   73.9  86.0   2:34pm  62.1   6:55am    0   24  0.01   1  11   1:08pm  SW 29.96   76
---------------------------------------------------------------------------------------
TOT  75.6  95.1  8/13/16  53.6  8/23/16    1  795  2.18   1  27  8/12/16 SSW 30.04   75

HEAT BASE: 60.0
COOL BASE: 50.0