NOAA-Style Climate Reports


Report for 2016 September
                  MONTHLY CLIMATOLOGICAL SUMMARY FOR 9/2016
                                        HEAT  COOL        
     MEAN                               DEG   DEG       WIND SPEED       DOM MEAN  MEAN
DAY  TEMP  HIGH   TIME     LOW   TIME   DAYS  DAYS RAIN AVG  HI  TIME    DIR BAROM HUM
---------------------------------------------------------------------------------------
1    71.9  80.7   3:52pm  65.2  11:59pm    0   22  0.16   2  16   2:44pm  NW 29.89   77
2    68.1  79.1   2:53pm  55.9   6:00am    0   18  0.00   1  14   1:48pm   N 30.08   69
3    67.5  77.6   3:29pm  59.2   4:41am    0   18  0.00   1  13   7:05am NNE 30.14   71
4    66.8  80.4   3:50pm  53.7   6:08am    1   17  0.00   1  14  12:18pm   N 30.22   69
5    70.0  85.9   3:30pm  54.7   6:32am    1   20  0.00   2  17   3:30pm  NW 30.16   69
6    75.8  86.6   3:00pm  66.3   3:33am    0   26  0.00   3  20  12:29pm  NW 30.01   61
7    77.0  90.7   3:17pm  65.3   7:05am    0   27  0.00   1  12   2:31pm  NW 29.98   67
8    79.7  91.7   3:49pm  67.7   6:36am    0   30  0.00   2  18   4:01pm  SW 29.88   71
9    81.3  90.3   3:14pm  75.6   7:22am    0   31  0.00   1  10   2:26pm  SW 29.90   72
10   81.1  92.1   4:01pm  71.8   6:45am    0   31  0.00   2  15   6:50pm   S 29.94   75
11   75.7  81.8   2:16pm  63.1  11:43pm    0   26  0.00   4  24   8:31am  NW 29.99   62
12   65.7  79.0   4:06pm  52.2   7:07am    1   16  0.00   0  10  12:59pm   N 30.21   59
13   69.8  82.7   4:36pm  56.5   5:04am    1   20  0.00   2  16   1:28pm   S 30.16   74
14   73.3  90.0   3:50pm  61.0   7:10am    0   23  0.01   2  21   6:46pm  NW 30.07   71
15   65.1  74.0   3:57pm  56.2   7:14am    0   15  0.00   1  10  12:21am   N 30.24   58
16   63.6  76.8   4:42pm  49.9   6:43am    2   14  0.00   0  11   1:06pm   S 30.27   66
17   66.7  78.9   3:17pm  53.3   5:21am    1   17  0.00   2  14   5:15pm   S 30.18   73
18   74.4  82.3   3:43pm  68.1   5:32am    0   24  0.11   1  12  12:09pm SSW 30.03   79
19   69.7  74.6  12:00am  66.3  11:57pm    0   20  0.66   0  16   2:59am  NW 30.02   92
20   70.5  82.1   4:26pm  62.8   5:19am    0   20  0.00   0   7  10:10am  NW 30.10   84
21   69.3  82.8   2:44pm  60.4   7:06am    0   19  0.00   0   9   2:40pm   N 30.16   71
22   68.4  84.6   4:02pm  54.1   7:12am    1   18  0.00   0   7  12:09pm   N 30.13   67
23   69.8  87.1   4:30pm  53.0   6:27am    1   20  0.00   1  16   4:35pm WSW 30.01   69
24   64.1  73.6   3:04pm  54.8  11:19pm    1   14  0.03   2  16   4:50pm   N 30.09   70
25   56.9  71.2   3:44pm  43.1   6:52am    6    8  0.00   1  16   1:13pm  NW 30.18   65
26   57.7  66.6   3:04pm  44.7   6:55am    5    9  0.00   1  13  12:12pm   S 30.11   75
27   63.1  73.0   5:15pm  53.4  11:58pm    1   13  0.33   1  13   2:04pm  SW 29.93   76
28   58.4  68.3   1:40pm  47.7   6:34am    4    9  0.04   1  12  12:52pm NNE 30.08   86
29   56.8  59.0   5:25pm  55.1   4:13am    3    7  0.50   1  17  12:57pm NNE 30.27   92
30   53.8  56.8   3:59pm  50.6   6:59am    6    4  1.32   2  16   7:02am NNE 30.26   95
---------------------------------------------------------------------------------------
TOT  68.4  92.1  9/10/16  43.1  9/25/16   37  554  3.16   1  24  9/11/16   N 30.09   73

HEAT BASE: 60.0
COOL BASE: 50.0