NOAA-Style Climate Reports


Report for 2016 November
                  MONTHLY CLIMATOLOGICAL SUMMARY FOR 11/2016
                                        HEAT  COOL        
     MEAN                               DEG   DEG       WIND SPEED       DOM MEAN  MEAN
DAY  TEMP  HIGH   TIME     LOW   TIME   DAYS  DAYS RAIN AVG  HI  TIME    DIR BAROM HUM
---------------------------------------------------------------------------------------
1    44.0  54.3   3:43pm  30.8   5:55am   16    1  0.00   0   9   3:05pm SSW 30.33   80
2    55.6  70.1   4:16pm  43.2   7:35am    6    7  0.00   1  13   2:28pm WSW 30.23   82
3    56.8  67.8   3:13pm  48.3  11:27pm    4    7  0.08   2  15  10:34am WSW 29.99   88
4    50.5  57.7   3:41pm  36.0  11:57pm   10    2  0.00   3  23   9:19am  NW 30.17   66
5    48.2  64.8   4:25pm  32.9   2:45am   12    4  0.00   2  20   4:30pm   W 30.23   71
6    50.5  59.3   2:42pm  38.8  11:57pm    9    3  0.00   3  22   1:09pm  NW 30.27   60
7    41.3  56.1   3:14pm  29.3   6:48am   19    1  0.00   0   8  10:23am   N 30.43   71
8    47.3  66.7   2:46pm  31.4   5:38am   14    4  0.00   1  12   2:37pm WSW 30.15   67
9    48.1  53.1  12:47pm  42.7  11:57pm   12    0  0.25   2  21   9:35pm  NW 29.91   86
10   46.5  56.7   3:03pm  35.0   6:57am   13    1  0.00   3  15   1:59pm WSW 29.97   67
11   49.1  61.2  12:49pm  39.1  11:40pm   11    2  0.00   7  30  12:26pm  NW 29.89   56
12   40.2  51.5   2:34pm  29.8   6:17am   20    0  0.00   2  16   1:12pm  NW 30.29   55
13   43.7  59.1   3:09pm  33.7   6:42am   16    2  0.00   3  20   1:20pm WSW 30.16   56
14   45.5  59.5   1:00pm  28.8   6:46am   15    2  0.00   1  14  11:10am WSW 30.05   52
15   47.9  57.4   3:11pm  38.5  11:36pm   12    2  0.00   0  14  11:43am NNE 29.87   61
16   46.1  55.6  11:51am  35.6   7:02am   14    1  0.01   2  15   2:49pm WSW 29.84   72
17   48.5  60.4   1:07pm  36.9  11:54pm   12    2  0.00   2  19  12:10pm  NW 30.05   75
18   48.5  67.7   2:11pm  32.8   6:41am   12    4  0.00   1  11   2:28pm  SW 30.11   76
19   47.2  68.5   2:02pm  33.1  10:53pm   14    4  0.18   3  35   5:15pm   W 29.86   77
20   37.3  39.5   3:08pm  34.4   7:56am   23    0  0.07  11  35  11:30am   W 29.67   69
21   36.8  42.0   1:33pm  33.9   3:46am   23    0  0.00  11  39  11:23am   W 29.79   58
22   36.9  43.2   2:25pm  29.6   9:02pm   23    0  0.00   8  26   1:54pm  NW 30.13   61
23   37.6  47.9   2:44pm  26.5   6:52am   22    0  0.00   1  13   1:54am WNW 30.31   59
24   40.7  44.7   2:05pm  35.9   4:30am   19    0  0.00   0   6   9:42am NNE 30.24   70
25   44.7  49.3  11:37am  40.0  11:32pm   15    0  0.00   0   8   8:30am  SW 30.22   81
26   41.3  47.6  12:54pm  35.9  11:45pm   19    0  0.00   3  19  10:27am WNW 30.14   80
27   39.6  48.3  12:53pm  31.0  11:57pm   20    0  0.00   3  22  11:53am WNW 30.15   72
28   39.6  52.0   2:20pm  25.6   7:22am   20    0  0.00   1  13  12:54pm   S 30.16   71
29   50.4  54.0   9:06pm  45.4  12:00am   10    2  1.11   0   9   8:06am NNE 29.94   92
30   51.4  54.0   3:31pm  48.3   5:48am    9    2  0.74   1  23   3:33pm NNE 29.81   96
---------------------------------------------------------------------------------------
TOT  45.4  70.1  11/2/16  25.6 11/28/16  445   53  2.44   3  39 11/21/16   W 30.08   71

HEAT BASE: 60.0
COOL BASE: 50.0