NOAA-Style Climate Reports


Report for 2016 December
                  MONTHLY CLIMATOLOGICAL SUMMARY FOR 12/2016
                                        HEAT  COOL        
     MEAN                               DEG   DEG       WIND SPEED       DOM MEAN  MEAN
DAY  TEMP  HIGH   TIME     LOW   TIME   DAYS  DAYS RAIN AVG  HI  TIME    DIR BAROM HUM
---------------------------------------------------------------------------------------
1    45.6  51.1   3:44am  36.0  11:47pm   14    0  0.08   7  27   6:52am   W 29.73   74
2    40.7  49.0  12:44pm  35.1   3:56am   19    0  0.00   6  26  12:06pm WSW 29.96   68
3    42.9  47.4  12:00pm  39.0   5:56am   17    0  0.00   7  24   1:55pm WNW 30.11   64
4    41.3  45.8   1:40pm  38.7   7:39pm   19    0  0.00   2  17  12:37am  NW 30.21   60
5    38.5  48.1   2:23pm  32.7   3:46am   21    0  0.17   2  16  12:50am WSW 30.05   84
6    34.1  41.4   1:22pm  27.4   4:57am   26    0  0.56   1  11   7:18pm NNE 30.04   89
7    38.9  46.5   2:23pm  33.7  11:02pm   21    0  0.06   1  12  12:57pm   W 30.00   87
8    35.1  41.6  12:59pm  29.9  10:38pm   25    0  0.00   5  26   1:25pm   W 30.02   67
9    31.0  36.9   1:53pm  27.6  10:21pm   29    0  0.00   7  27   9:32am   W 30.22   68
10   28.5  34.2   3:06pm  22.7  11:37pm   31    0  0.00   4  22   1:58pm WSW 30.43   71
11   27.0  30.5  11:51pm  22.9  12:01am   33    0  0.00   1  10  12:11pm WSW 30.46   77
12   34.6  40.0   3:06pm  28.9   1:35am   25    0  0.55   2  17   7:51pm WSW 29.97   89
13   34.2  39.6   2:35pm  29.6   6:31am   26    0  0.01   1  10  12:47am WSW 30.14   74
14   32.9  38.1  12:55pm  27.4   9:14pm   27    0  0.00   3  25  11:08am WNW 30.02   64
15   20.5  28.1   3:21am  14.9  11:47pm   39    0  0.00  11  39   2:54pm   W 30.05   48
16   18.5  24.3   2:57pm  12.2   6:49am   41    0  0.00   4  20  12:28am WSW 30.42   60
17   29.0  33.1  11:20pm  22.7  12:00am   31    0  0.11   0   7   1:35am   S 30.04   87
18   36.4  49.6  12:16pm  29.4  11:48pm   24    0  0.48   4  29  12:59pm NNW 30.03   84
19   24.7  30.0   1:15pm  19.0  11:58pm   35    0  0.00   3  18  12:41am NNW 30.69   58
20   21.8  32.0   3:24pm  12.5   6:26am   38    0  0.00   1   9   2:40pm SSE 30.49   70
21   30.0  40.7   1:23pm  19.5  12:30am   30    0  0.00   2  14   1:21pm  SW 30.21   70
22   37.6  49.1   1:07pm  28.4   1:02am   22    0  0.00   4  27   1:49pm   W 30.10   65
23   36.1  42.5   1:41pm  29.9   7:13am   24    0  0.00   2  15  11:28am WSW 30.41   68
24   38.5  43.7  10:03pm  33.1  12:00am   22    0  0.40   2  14   9:56pm WSW 30.23   87
25   39.0  48.1   2:33pm  29.0  10:43pm   21    0  0.00   2  16  11:54am WNW 30.50   74
26   31.9  37.0  11:57pm  27.3   4:47am   28    0  0.03   1   6  12:35am NNE 30.54   82
27   48.6  58.7   1:54pm  36.8  12:04am   11    2  0.01   6  28   2:40pm   W 29.92   74
28   36.1  39.9  12:00am  26.5  10:41pm   24    0  0.00   5  25  12:57am   W 30.11   66
29   33.2  37.7   3:42pm  26.1  12:16am   27    0  0.34   2  22   5:15pm WSW 29.78   87
30   33.6  37.9   2:26pm  29.4  11:55pm   26    0  0.00   8  27   9:49am WSW 29.78   66
31   34.9  42.0  11:12pm  25.0   6:58am   25    0  0.00   4  21   1:14pm   S 30.03   59
---------------------------------------------------------------------------------------
TOT  34.1  58.7 12/27/16  12.2 12/16/16  804    2  2.80   4  39 12/15/16 WSW 30.15   72

HEAT BASE: 60.0
COOL BASE: 50.0