NOAA-Style Climate Reports


Report for 2017 January
                  MONTHLY CLIMATOLOGICAL SUMMARY FOR 1/2017
                                        HEAT  COOL        
     MEAN                               DEG   DEG       WIND SPEED       DOM MEAN  MEAN
DAY  TEMP  HIGH   TIME     LOW   TIME   DAYS  DAYS RAIN AVG  HI  TIME    DIR BAROM HUM
---------------------------------------------------------------------------------------
1    39.3  47.7   2:37pm  28.4   9:41pm   21    0  0.00   3  23   9:57am WSW 30.19   60
2    33.9  36.8   6:40pm  28.7  12:45am   26    0  0.22   2  12  11:04pm NNE 30.41   88
3    37.8  40.3   3:01pm  35.3   6:04am   22    0  0.45   3  13   5:58am NNE 29.86   96
4    40.1  48.8   2:04pm  28.8  11:59pm   20    0  0.01   7  33   3:14pm WSW 29.59   73
5    26.6  29.5   2:31pm  22.5   6:39am   33    0  0.00   4  22  12:08am WSW 29.96   58
6    25.4  29.8   1:16pm  19.9  11:03pm   35    0  0.04   2  15   1:50pm WNW 30.11   70
7    20.8  23.8   1:58pm  17.4  11:59pm   39    0  0.00   4  19  11:23pm  NW 30.27   65
8    17.5  24.4   1:22pm  12.7   7:37am   42    0  0.00   8  29  12:28pm   W 30.42   58
9    16.1  22.8   3:03pm   9.6   4:22am   44    0  0.00   1  16  12:01am WSW 30.70   65
10   24.6  35.7  10:32pm  13.4   4:49am   35    0  0.03   2  14   1:48pm   S 30.49   66
11   39.2  45.1  11:27pm  31.1   7:48am   21    0  0.54   1  16   3:38am  SW 30.26   86
12   53.2  61.1   6:37pm  44.8  12:01am    7    4  0.09   3  17   5:08am SSW 30.07   87
13   41.8  53.9  12:00am  29.8  11:54pm   18    0  0.01   5  23  11:35am WNW 30.47   67
14   28.4  31.0  11:53am  27.2   7:18am   32    0  0.00   0   7  12:21am NNW 30.57   75
15   28.5  36.5   1:53pm  22.3   7:40am   31    0  0.08   2  14  12:49pm WNW 30.39   81
16   29.3  39.7   1:30pm  16.8   6:32am   31    0  0.01   1  12   1:44pm WSW 30.43   76
17   36.0  38.3   3:28pm  34.3   7:21am   24    0  0.28   1   8   5:26pm NNE 30.14   86
18   40.1  45.3   3:25pm  35.7   4:11am   20    0  0.05   1  11   3:33pm NNE 29.98   92
19   39.4  45.6   2:21pm  30.0  11:59pm   21    0  0.00   1  11   1:49pm WNW 30.06   83
20   34.0  38.6  11:55pm  26.4   6:28am   26    0  0.35   0   3   9:05am  NW 29.98   92
21   41.7  45.6   1:48pm  38.1   7:05am   18    0  0.02   1  11   8:55am WSW 29.88   95
22   44.1  47.7   6:47pm  40.6   8:33am   16    0  0.00   1  16   9:44pm ENE 29.73   96
23   38.7  45.7  12:00am  34.4   5:38pm   21    0  0.56   9  32  11:07am  NE 29.67   88
24   38.0  45.1   1:06pm  34.7  12:01am   22    0  0.29   7  27  11:13pm  NW 29.49   84
25   44.1  51.5   2:46pm  37.5   1:47am   16    0  0.00   6  31   1:21am   W 29.67   68
26   41.9  51.9  11:25am  35.4   4:35am   18    0  0.01   7  36   2:55pm WSW 29.51   72
27   36.7  40.3   2:08am  31.2  10:57pm   23    0  0.00   9  29  12:13pm WSW 29.70   66
28   33.1  36.1   4:35pm  30.7   1:55am   27    0  0.00   4  22  12:49pm WSW 29.73   69
29   33.7  39.4   1:51pm  28.6   1:05am   26    0  0.00   3  20   1:55pm WSW 29.74   65
30   29.1  35.3  12:34pm  23.8  11:57pm   31    0  0.00   2  16   2:32pm WSW 29.85   72
31   26.7  32.1   3:14pm  21.0   1:22am   33    0  0.00   1   9  12:04am NNE 29.88   74
---------------------------------------------------------------------------------------
TOT  34.2  61.1  1/12/17   9.6   1/9/17  800    4  3.08   3  36  1/26/17 WSW 30.04   76

HEAT BASE: 60.0
COOL BASE: 50.0