NOAA-Style Climate Reports


Report for 2017 February
                  MONTHLY CLIMATOLOGICAL SUMMARY FOR 2/2017
                                        HEAT  COOL        
     MEAN                               DEG   DEG       WIND SPEED       DOM MEAN  MEAN
DAY  TEMP  HIGH   TIME     LOW   TIME   DAYS  DAYS RAIN AVG  HI  TIME    DIR BAROM HUM
---------------------------------------------------------------------------------------
1    36.6  45.3  11:52am  27.2   2:52am   23    0  0.01   3  24  12:17pm WSW 29.97   72
2    33.3  41.9  12:23pm  25.7   3:48am   27    0  0.00   4  26  12:28pm WSW 30.12   67
3    26.0  31.1   2:08pm  20.8   4:24am   34    0  0.00   5  27  11:59pm   W 30.24   55
4    25.1  33.1   2:46pm  18.4   7:21am   35    0  0.00   5  27  12:00am WSW 30.37   51
5    32.2  41.7  11:55pm  21.8   3:47am   28    0  0.00   2  14   3:28pm  SW 30.02   58
6    40.3  49.6   4:08pm  31.7   7:26am   20    0  0.00   4  23   1:11am   W 30.07   57
7    35.5  38.2   3:29pm  32.6   2:22am   25    0  0.35   2  11   5:59pm NNE 29.82   90
8    44.4  60.8  12:09pm  33.2   7:34am   16    2  0.02   3  19   1:02pm  NW 29.66   79
9    26.7  39.3  12:23am  19.0  10:27pm   33    0  0.03   8  34   7:04pm  NW 29.79   72
10   24.5  29.3   1:59pm  17.8   7:12am   36    0  0.00   5  27   9:59am WSW 30.23   62
11   34.1  44.5   4:21pm  25.4   6:55am   26    0  0.17   0   9   2:33pm WSW 30.00   67
12   33.6  37.2  12:04am  31.9  10:59am   26    0  0.28   2  28  11:46pm NNE 29.89   89
13   34.3  38.3   1:03am  30.3  11:55pm   26    0  0.00  12  40   3:59am WNW 29.93   61
14   32.7  43.7   4:17pm  25.1   7:00am   27    0  0.00   2  16   3:09pm  SW 29.90   68
15   34.2  47.3  12:56pm  26.8   6:22am   26    0  0.00   4  28   3:46pm   W 29.53   75
16   31.7  35.8   3:32pm  27.4  11:57pm   28    0  0.00   9  28  12:25am WNW 29.70   55
17   32.6  44.6   4:16pm  24.6   7:14am   27    0  0.00   3  17  12:02am   W 29.91   58
18   44.8  65.5   3:43pm  25.0   6:56am   16    4  0.00   2  17   2:42pm  SW 29.80   58
19   55.0  66.5   2:28pm  43.0  11:34pm    6    6  0.00   4  20   3:42pm   W 29.86   53
20   45.5  55.2   2:05pm  35.6  11:58pm   15    1  0.00   3  20   9:56am   N 30.22   51
21   39.1  49.3   3:39pm  27.8   7:11am   21    0  0.00   2  14   4:58pm   S 30.28   59
22   47.0  60.6   4:37pm  39.8   5:21am   13    2  0.00   0  11   2:06pm WSW 29.99   73
23   52.0  71.3   3:53pm  34.7   6:44am   10    7  0.00   1  16   3:21pm SSW 29.87   80
24   61.3  74.2   2:47pm  47.4   7:10am    3   11  0.00   4  21   3:10pm   S 29.86   74
25   57.9  71.5   2:44pm  40.4  11:58pm    5    9  0.47   8  35   4:18pm   S 29.64   77
26   35.1  40.6   2:58pm  28.8  11:51pm   25    0  0.00   7  30  12:44am   W 30.06   55
27   37.9  50.3   2:31pm  24.9   6:36am   22    0  0.00   2  16   4:14pm WSW 30.39   68
28   50.6  62.6   1:12pm  37.1  12:00am   10    5  0.00   1  15   6:51pm   S 30.23   70
---------------------------------------------------------------------------------------
TOT  38.7  74.2  2/24/17  17.8  2/10/17  608   47  1.33   4  40  2/13/17   W 29.98   66

HEAT BASE: 60.0
COOL BASE: 50.0