NOAA-Style Climate Reports


Report for 2017 March
                  MONTHLY CLIMATOLOGICAL SUMMARY FOR 3/2017
                                        HEAT  COOL        
     MEAN                               DEG   DEG       WIND SPEED       DOM MEAN  MEAN
DAY  TEMP  HIGH   TIME     LOW   TIME   DAYS  DAYS RAIN AVG  HI  TIME    DIR BAROM HUM
---------------------------------------------------------------------------------------
1    59.0  65.9   2:29pm  55.7  10:03am    2    9  0.77   4  26  11:44pm SSW 29.65   84
2    42.3  58.0  12:00am  32.4  11:49pm   18    1  0.01  12  35   2:11am   W 29.85   49
3    30.1  38.0   2:13pm  23.5  11:53pm   30    0  0.00   7  31   4:14pm   W 30.30   53
4    24.4  33.9   1:56pm  15.4  11:52pm   36    0  0.00   7  29   9:51am   W 30.57   49
5    24.5  38.2   3:51pm  13.0   3:32am   36    0  0.00   3  17   1:02am  NW 30.65   43
6    36.4  50.7   3:26pm  21.0   3:10am   24    0  0.00   1  11   2:14pm   S 30.48   49
7    44.4  55.5  11:31pm  37.5   6:36am   16    0  0.28   1  10  11:36pm   N 30.22   87
8    53.4  60.5   3:49pm  44.3   7:34am    7    4  0.02   8  39   4:09am WSW 29.97   53
9    53.0  62.2   3:27pm  43.5  11:57pm    7    4  0.00   9  34  10:03am WSW 29.99   33
10   32.5  43.5  12:00am  20.9  11:55pm   28    0  0.24   6  31  10:03pm   N 29.94   76
11   22.4  29.4   2:33pm  16.3   5:06am   38    0  0.00   9  30   2:35pm   W 30.23   49
12   24.3  31.4   5:37pm  15.9   7:37am   34    0  0.01   4  24   4:02am WNW 30.36   54
13   25.7  35.9   5:18pm  15.1   7:20am   34    0  0.01   1  10   2:27am   E 30.43   54
14   25.0  29.8   2:23pm  18.4  11:53pm   35    0  0.08  10  31   7:52pm NNE 29.71   94
15   20.8  25.4   7:52pm  16.5   8:10am   39    0  0.00  10  31  10:04pm   W 29.75   94
16   26.7  33.0   5:02pm  19.7   5:32am   33    0  0.26   7  29   1:42am   W 30.05   94
17   32.3  43.2   4:34pm  22.0   6:54am   28    0  0.07   3  18  12:39am WSW 30.27   72
18   32.2  34.3  12:45pm  28.5  12:55am   28    0  0.04   2  12   6:17pm NNE 30.16   86
19   38.5  48.0   4:14pm  32.2   7:33am   21    0  0.00   4  17   3:04pm NNE 30.20   70
20   39.3  49.1   2:58pm  28.1   5:02am   21    0  0.00   1  14   2:58pm   W 30.14   59
21   44.5  56.5   5:00pm  36.1   5:27am   15    1  0.03   2  15   2:32pm  SW 29.94   71
22   34.2  42.8  12:00am  24.0  11:56pm   26    0  0.00   8  30   7:50am  NW 30.20   48
23   30.7  43.6   4:54pm  18.7   5:23am   29    0  0.00   1  16   3:27pm  NW 30.57   46
24   41.2  53.9   5:55pm  28.0   2:29am   19    0  0.00   2  17  10:52am SSW 30.33   61
25   51.8  69.3   4:08pm  40.9   2:44am    9    5  0.00   2  17   4:43pm  NE 30.18   71
26   40.0  43.2  12:00am  38.3  10:52pm   20    0  0.01   3  14  12:31am NNE 30.37   85
27   44.7  54.7   6:35pm  38.4  12:01am   15    1  0.26   1   8   3:26pm NNE 30.08   93
28   48.2  49.5   6:08pm  46.8   3:02am   12    0  0.66   1  10  10:21am NNE 29.92   95
29   48.9  58.4   3:30pm  40.8  11:58pm   11    2  0.00   5  22   2:31pm NNW 30.12   62
30   41.2  46.2   5:22pm  34.0   6:40am   19    0  0.14   1   9   4:34am NNE 30.21   60
31   38.9  40.6   5:54pm  36.8   8:16am   21    0  1.55   3  20   5:01pm  NE 29.90   93
---------------------------------------------------------------------------------------
TOT  37.2  69.3  3/25/17  13.0   3/5/17  709   27  4.44   4  39   3/8/17   W 30.15   67

HEAT BASE: 60.0
COOL BASE: 50.0