NOAA-Style Climate Reports


Report for 2017 May
                  MONTHLY CLIMATOLOGICAL SUMMARY FOR 5/2017
                                        HEAT  COOL        
     MEAN                               DEG   DEG       WIND SPEED       DOM MEAN  MEAN
DAY  TEMP  HIGH   TIME     LOW   TIME   DAYS  DAYS RAIN AVG  HI  TIME    DIR BAROM HUM
---------------------------------------------------------------------------------------
1    62.7  79.8   5:03pm  49.8   4:00am    4   13  0.02   2  22   4:36pm   S 29.87   81
2    65.6  73.8   1:01am  59.7  11:51pm    0   16  0.17   5  35   3:16pm WSW 29.65   58
3    57.4  65.4   4:37pm  46.9  11:59pm    3    7  0.00   5  25  10:19am   W 29.98   46
4    52.7  65.0   3:18pm  40.1   3:46am    8    5  0.00   1  14   1:52pm ESE 30.19   56
5    55.5  62.6  11:54pm  48.5   2:35am    5    6  0.76   0  14   8:03am NNE 29.69   93
6    57.0  63.9   4:32am  48.1  11:50pm    4    7  0.17   3  20   9:44am   S 29.39   87
7    48.1  52.3   5:34pm  42.8  11:59pm   12    0  0.08   2  20  12:49pm WSW 29.68   80
8    48.1  59.2   5:30pm  37.2   6:14am   12    2  0.00   2  19  12:14pm WSW 29.90   61
9    51.6  62.9   5:36pm  37.8   3:56am    9    5  0.00   1  15  11:05am WNW 29.97   50
10   56.1  67.1   2:44pm  47.4   6:27am    5    7  0.00   1  22  12:59pm   N 30.00   50
11   52.0  59.0   3:35pm  44.6   5:01am    8    3  0.00   0   8   9:50am NNE 29.99   68
12   53.7  60.5   2:45pm  46.5   4:52am    6    4  0.01   0  11   2:10pm   S 30.03   71
13   48.5  51.7   3:45pm  46.3   4:50am   11    0  1.36   1  12   6:11pm   N 29.87   93
14   55.3  70.3   2:20pm  44.1   2:49am    7    7  0.00   3  23   8:57pm WSW 29.72   77
15   59.7  70.9   4:39pm  48.6   5:42am    3   10  0.00   6  30   4:21pm  NW 29.84   55
16   64.0  77.6   2:37pm  48.3   5:22am    3   14  0.00   1  15   1:18pm  SW 30.02   56
17   73.1  89.7   4:42pm  53.4   5:33am    1   23  0.00   1  17   2:44pm  SW 29.97   61
18   81.0  92.0   4:16pm  68.0   5:49am    0   31  0.00   2  18   2:21pm SSW 29.91   58
19   79.4  89.7   3:08pm  66.8  11:58pm    0   29  0.00   2  19  11:12am  SW 29.91   60
20   58.2  66.8  12:00am  52.3  11:59pm    2    8  0.04   0  14   6:50am   N 30.24   72
21   59.6  69.8   3:27pm  47.1   5:17am    4   10  0.00   1  17  12:54pm   S 30.29   59
22   57.2  60.1   5:40pm  53.8   8:05am    3    7  0.08   0   8   1:53am   S 30.07   87
23   59.8  65.9   3:55pm  52.2   5:51am    2   10  0.00   0   6   3:51pm SSW 29.92   77
24   61.8  70.8   3:27pm  55.2   6:06am    1   12  0.08   0  11   3:11pm   N 29.75   75
25   57.8  61.7   4:36pm  54.5   6:10am    2    8  0.62   0  14   6:25am   E 29.58   90
26   63.8  73.8   4:31pm  56.7  12:23am    1   14  0.03   3  23   3:13pm WNW 29.66   78
27   63.7  72.5   5:45pm  53.6   5:50am    1   14  0.00   1  10   9:35am  SW 29.89   74
28   64.0  75.3  12:08pm  52.6   6:13am    2   14  0.02   0  15  11:41am   S 29.89   78
29   58.0  60.8   3:39pm  55.9   6:22am    2    8  0.40   0   7  11:38am   S 29.94   91
30   57.7  60.4   2:04pm  54.1   6:13am    2    8  0.01   0   9   1:57pm   S 30.11   91
31   67.6  79.6   4:25pm  58.5   6:26am    0   18  0.01   1  17   5:11pm SSW 29.99   76
---------------------------------------------------------------------------------------
TOT  59.7  92.0  5/18/17  37.2   5/8/17  125  318  3.86   1  35   5/2/17 WSW 29.90   71

HEAT BASE: 60.0
COOL BASE: 50.0