NOAA-Style Climate Reports


Report for 2017 July
                  MONTHLY CLIMATOLOGICAL SUMMARY FOR 7/2017
                                        HEAT  COOL        
     MEAN                               DEG   DEG       WIND SPEED       DOM MEAN  MEAN
DAY  TEMP  HIGH   TIME     LOW   TIME   DAYS  DAYS RAIN AVG  HI  TIME    DIR BAROM HUM
---------------------------------------------------------------------------------------
1    74.0  85.5   3:27pm  68.5   4:51am    0   24  2.14   1  27   4:35pm   S 29.91   88
2    77.4  87.1   3:05pm  67.1   6:19am    0   27  0.01   1  15  12:48pm  SW 29.97   71
3    76.8  87.0   4:12pm  65.2   5:52am    0   27  0.00   1  15   2:29pm  SW 29.99   68
4    75.7  83.9   3:07pm  68.2   5:46am    0   26  0.00   0   9   6:28pm   N 30.06   64
5    75.1  82.7   3:41pm  69.4   6:50am    0   25  0.00   0   9   1:50pm NNE 30.15   65
6    71.0  75.3   3:18pm  67.0   7:50am    0   21  0.04   0   8   3:23pm   S 30.07   81
7    72.8  85.1   4:27pm  66.1   7:58am    0   23  1.39   1  23   7:19pm  SW 29.81   84
8    72.3  81.6   2:43pm  67.0   2:45am    0   22  0.13   1  27   6:28pm WSW 29.80   80
9    70.9  80.6   3:27pm  60.5   5:43am    0   21  0.00   1  11  11:24am  SW 30.01   66
10   73.2  85.6   4:08pm  59.0   5:47am    0   23  0.00   1  16   1:06pm SSW 30.02   69
11   77.9  85.5   5:48pm  70.6   6:00am    0   28  0.00   1  13   2:52pm  SW 29.94   74
12   79.2  86.1   4:46pm  72.2   6:19am    0   29  0.00   2  18   5:55pm  SW 29.99   74
13   77.0  86.2   3:00pm  71.0  11:41pm    0   27  0.35   1  16   3:36pm  SW 30.00   82
14   71.7  76.4   5:43pm  68.9   2:20pm    0   22  0.84   0   6   3:35pm   S 30.01   94
15   75.7  84.2   3:50pm  69.6   3:36am    0   26  0.08   2  14   3:45pm  NW 29.94   75
16   73.5  83.9   4:31pm  61.9   6:03am    0   24  0.00   1  10  10:27am   S 29.97   72
17   75.4  86.5   1:41pm  66.7   5:40am    0   25  0.00   0  11   1:44pm   S 30.02   79
18   77.8  88.0   3:59pm  68.8   6:16am    0   28  0.00   1  11   1:27pm SSW 30.07   79
19   80.4  90.2   2:27pm  70.6   5:55am    0   30  0.00   1  15   1:30pm  SW 30.03   73
20   80.2  91.4   3:21pm  71.3   5:57am    0   30  0.00   1  25   7:09pm  SW 29.95   73
21   80.5  90.4   3:42pm  71.3   5:00am    0   31  0.00   1  13   4:55pm WSW 29.90   71
22   77.1  87.9   3:08pm  68.6   8:35pm    0   27  0.37   0  16   7:47pm SSW 29.83   79
23   73.6  82.1   5:56pm  69.1  12:13am    0   24  0.24   0   8   5:10pm   S 29.78   86
24   72.2  83.9   5:14pm  66.0  11:54pm    0   22  1.54   1  31   6:23pm   S 29.79   86
25   68.9  75.8  12:08pm  64.1   4:56am    0   19  0.00   1  14  12:06pm  NW 30.07   82
26   68.8  77.7   5:43pm  62.2   6:16am    0   19  0.85   0   8   5:15pm   S 30.19   82
27   70.5  76.0   6:13pm  65.8   4:36am    0   20  0.00   0   8   2:09am SSW 29.98   84
28   74.6  83.5   2:06pm  67.2   2:42am    0   25  0.00   0   7  10:45am   N 29.82   80
29   72.3  79.3   3:21pm  62.1  11:58pm    0   22  0.00   2  19   5:27am NNE 29.81   59
30   69.3  82.5   6:06pm  54.7   6:10am    1   19  0.00   0  11  12:34pm  NW 30.01   62
31   73.7  88.2   5:10pm  57.9   6:08am    0   24  0.00   1  13   2:53pm WNW 30.07   66
---------------------------------------------------------------------------------------
TOT  74.5  91.4  7/20/17  54.7  7/30/17    1  759  7.98   1  31  7/24/17  SW 29.97   76

HEAT BASE: 60.0
COOL BASE: 50.0