NOAA-Style Climate Reports


Report for 2017 August
                  MONTHLY CLIMATOLOGICAL SUMMARY FOR 8/2017
                                        HEAT  COOL        
     MEAN                               DEG   DEG       WIND SPEED       DOM MEAN  MEAN
DAY  TEMP  HIGH   TIME     LOW   TIME   DAYS  DAYS RAIN AVG  HI  TIME    DIR BAROM HUM
---------------------------------------------------------------------------------------
1    75.8  88.2   3:50pm  63.7   6:27am    0   26  0.00   0   9   1:37pm SSW 30.04   70
2    72.6  86.9   2:33pm  66.0  11:36pm    0   23  0.23   0  13   3:00pm   S 30.06   82
3    71.7  85.3   4:46pm  63.6   6:08am    0   22  0.60   0  15   8:10pm   S 30.09   84
4    76.2  87.5   2:53pm  67.4   2:16am    0   26  0.00   1  18   4:36pm   S 29.98   78
5    69.9  76.8   5:09pm  63.2  11:54pm    0   20  1.17   2  20   9:19am WNW 29.92   72
6    65.8  73.7   4:19pm  56.7   6:36am    0   16  0.00   0  11   4:09pm  SW 30.10   72
7    64.3  66.1   7:23pm  62.4   9:16am    0   14  0.49   0   4   1:08pm NNE 30.03   93
8    69.8  80.0   4:51pm  62.7   6:27am    0   20  0.02   1  16  12:21pm  NW 29.99   76
9    69.6  81.9   3:48pm  56.4   6:09am    0   19  0.00   0   9  12:21pm SSW 30.19   71
10   71.3  83.1   2:16pm  58.5   6:18am    0   21  0.00   0   9   1:21pm SSW 30.21   70
11   71.3  79.1   2:59pm  65.9   5:04am    0   21  0.31   0  11   5:44pm   S 30.09   80
12   71.6  80.7   3:52pm  66.2   5:38am    0   22  0.12   0   9   2:05pm   S 29.92   87
13   71.2  80.5   3:29pm  62.6   6:46am    0   21  0.00   1  13  12:06pm  NW 29.96   77
14   68.3  74.8   5:03pm  60.0   6:18am    0   18  0.00   0   4  10:25am  NW 30.01   84
15   69.1  75.2   6:57pm  65.7   6:50am    0   19  0.14   0   6   6:21pm SSW 29.92   92
16   74.3  85.8   2:55pm  66.0   6:33am    0   24  0.00   1  14   2:48pm  NW 29.98   78
17   74.5  85.8   3:33pm  62.9   6:26am    0   24  0.00   0  10   2:42pm   S 30.00   75
18   75.2  85.0   2:18pm  71.3  11:44pm    0   25  1.33   1  36   3:55pm   S 29.83   89
19   75.7  84.8   2:21pm  65.1  11:58pm    0   26  0.06   1  25   9:07pm  SW 29.86   77
20   71.3  83.1   4:49pm  60.6   6:36am    0   21  0.01   1  14   1:03pm  NW 30.07   74
21   73.2  84.1   4:02pm  61.6   6:28am    0   23  0.00   1  12  12:44pm   S 30.16   82
22   76.8  89.1   2:59pm  66.7   6:25am    0   27  0.60   2  30   8:52pm   S 29.93   81
23   72.6  80.8   4:45pm  62.2  11:58pm    0   23  0.03   1  16   1:30pm  NW 29.84   69
24   66.7  77.6   4:56pm  56.4   6:02am    0   17  0.00   1  11   1:12pm  NW 29.96   68
25   66.3  76.3   3:20pm  58.4   6:56am    0   16  0.04   1  12  12:54pm  NW 30.12   71
26   65.9  75.2   4:50pm  55.7   6:48am    0   16  0.00   0   8  10:53am   N 30.25   65
27   64.0  73.9   3:10pm  53.7   6:03am    1   14  0.00   0   8   3:31pm   N 30.25   71
28   63.6  73.8   3:54pm  53.0   6:12am    1   14  0.00   0   9  12:31pm NNE 30.26   70
29   60.3  61.8  12:00am  58.9   8:52am    0   10  0.17   0   8  12:09pm   N 30.15   88
30   65.2  76.9   3:03pm  54.7   6:35am    1   15  0.00   1  12  12:23pm  NW 29.99   75
31   67.8  81.3   1:58pm  59.9   4:15am    0   18  0.00   1  19   2:13pm  NW 29.96   73
---------------------------------------------------------------------------------------
TOT  70.1  89.1  8/22/17  53.0  8/28/17    6  622  5.32   1  36  8/18/17  NW 30.04   77

HEAT BASE: 60.0
COOL BASE: 50.0