NOAA-Style Climate Reports


Report for 2017 November
                  MONTHLY CLIMATOLOGICAL SUMMARY FOR 11/2017
                                        HEAT  COOL        
     MEAN                               DEG   DEG       WIND SPEED       DOM MEAN  MEAN
DAY  TEMP  HIGH   TIME     LOW   TIME   DAYS  DAYS RAIN AVG  HI  TIME    DIR BAROM HUM
---------------------------------------------------------------------------------------
1    41.0  50.8  11:59pm  32.4   4:13am   19    0  0.02   0   4  11:49pm   N 30.29   86
2    59.9  72.6   3:11pm  49.6   4:35am    3   10  0.00   1  11   2:59pm   S 30.21   82
3    58.5  69.2   4:24pm  48.3  11:54pm    3    9  0.00   2  17   5:24pm  NW 30.10   82
4    46.6  55.3   3:51pm  35.6   8:01am   13    1  0.04   0  16  12:01am   N 30.30   71
5    54.1  60.8  11:53pm  46.8   2:41am    6    5  0.19   0  11  11:50pm   S 30.17   92
6    57.1  64.9  11:56am  40.8  11:56pm    4    8  0.06   2  22   4:12pm SSW 29.99   85
7    38.8  43.6  12:22pm  34.6   5:38am   21    0  0.46   0  14   2:27pm   N 30.19   83
8    40.1  48.6   2:42pm  32.9  11:59pm   20    0  0.00   0  11   9:36am   N 30.25   82
9    40.7  49.6   4:00pm  30.5   3:54am   19    0  0.05   0  11  10:29pm WSW 30.14   88
10   33.3  43.6  12:05am  21.3  11:44pm   27    0  0.00   6  28   1:44pm  NW 30.30   58
11   27.5  37.8   2:59pm  17.8   6:45am   32    0  0.00   1  13   9:15am  NW 30.56   56
12   33.5  44.3   2:50pm  23.8   2:56am   27    0  0.00   0  12  12:59pm WSW 30.46   66
13   37.8  44.0   3:54pm  33.1  11:58pm   22    0  0.19   0   0  12:00am   N 30.34   86
14   39.5  45.9   1:51pm  30.2   2:36am   21    0  0.01   0   9   4:32pm  NW 30.33   81
15   41.0  48.6   2:21pm  29.4   6:51am   19    0  0.00   0   9   2:24pm   S 30.21   76
16   46.0  53.7  11:39am  42.0  10:15pm   14    0  0.18   5  28  12:52pm   W 29.92   77
17   40.6  48.2   2:21pm  30.0  11:58pm   19    0  0.00   4  22  12:02pm WNW 30.10   58
18   38.2  48.1  11:02pm  27.5   4:28am   22    0  0.38   0  10  11:05am   S 29.78   86
19   46.5  57.8   5:16am  36.2  11:14pm   14    1  0.18   9  36  11:36am   W 29.55   68
20   38.6  45.4   2:31pm  33.2   4:09am   21    0  0.00   5  27  10:21am WSW 30.06   59
21   40.8  56.4   1:53pm  27.7   6:01am   19    1  0.00   1  15   3:00pm   S 30.07   67
22   40.4  53.9  10:45am  32.4  11:57pm   20    0  0.00   4  22  10:53am  NW 30.01   73
23   32.1  40.8   2:15pm  26.1   5:58am   28    0  0.00   1  13  12:38am  NW 30.11   62
24   35.2  50.4   2:41pm  23.9   6:43am   25    0  0.00   0  11  12:16pm  SW 30.02   65
25   40.7  54.5   1:32pm  26.9   6:25am   19    0  0.00   1  18  11:54pm  SW 29.80   70
26   41.6  50.2  12:00am  31.1  10:18pm   18    0  0.00   4  27   7:58am WNW 29.97   60
27   40.8  52.9   2:39pm  32.8   2:14am   19    0  0.00   3  20  10:50am WSW 30.11   61
28   42.5  56.9   3:24pm  29.7   6:58am   17    1  0.00   1  11   3:29pm   S 30.33   67
29   47.5  62.5   1:41pm  36.4   5:08am   13    3  0.00   2  21  12:03pm WNW 30.18   60
30   39.3  49.4   2:10pm  29.6   2:58am   21    0  0.03   0  11   1:35pm   S 30.20   77
---------------------------------------------------------------------------------------
TOT  42.0  72.6  11/2/17  17.8 11/11/17  546   39  1.79   2  36 11/19/17   W 30.14   73

HEAT BASE: 60.0
COOL BASE: 50.0