NOAA-Style Climate Reports


Report for 2017 December
                  MONTHLY CLIMATOLOGICAL SUMMARY FOR 12/2017
                                        HEAT  COOL        
     MEAN                               DEG   DEG       WIND SPEED       DOM MEAN  MEAN
DAY  TEMP  HIGH   TIME     LOW   TIME   DAYS  DAYS RAIN AVG  HI  TIME    DIR BAROM HUM
---------------------------------------------------------------------------------------
1    41.5  52.3   2:27pm  29.6  11:56pm   19    0  0.00   1  14  11:09am WNW 30.20   76
2    35.1  47.2   1:36pm  25.9   7:14am   25    0  0.01   0   4  11:17am  NW 30.28   80
3    35.2  46.3   2:56pm  28.7  11:50pm   25    0  0.00   0   6   2:44pm SSW 30.23   88
4    34.7  47.5   2:34pm  25.9   3:59am   25    0  0.00   0   6   2:52pm SSE 30.39   88
5    50.1  54.4   9:22pm  43.5  12:13am   10    2  0.25   1  14   9:20pm SSW 30.09   91
6    38.5  53.8  12:00am  29.1  11:40pm   21    0  0.02   4  26   4:32am   W 29.99   61
7    34.8  41.8   1:47pm  27.7   5:50am   25    0  0.00   1  21  11:59am  SW 30.03   66
8    31.2  33.9  12:00am  27.7   6:24am   29    0  0.00   0  12  12:43pm  SW 30.07   64
9    29.2  31.6   3:26am  24.8  11:59pm   31    0  0.01   0   8   9:12am NNW 29.88   79
10   28.9  37.0   1:50pm  21.7   1:42am   31    0  0.12   1  19  12:27pm WSW 29.95   78
11   33.6  38.5   2:37pm  27.9   7:27am   26    0  0.02   1  10   1:22am WSW 30.01   68
12   34.5  40.5   2:38pm  19.9  11:52pm   24    0  0.00   4  31   9:07pm   W 29.61   69
13   22.3  28.3   1:42pm  17.7   2:05am   38    0  0.00   8  38  10:54am   W 29.66   56
14   23.8  29.9   3:06pm  17.9  11:52pm   36    0  0.04   2  21  10:45am WNW 29.82   73
15   18.8  24.2  12:31pm  12.2   5:35am   41    0  0.00   0   9  11:00pm WSW 30.03   79
16   28.4  36.0   3:35pm  16.9   6:13am   32    0  0.04   1  12  10:11am WSW 30.07   78
17   32.7  36.3   2:27pm  29.0   7:27am   27    0  0.01   0   3   2:14pm   N 30.24   77
18   37.8  43.5   2:43pm  32.7  12:30am   22    0  0.00   1  13   4:32pm  SW 30.07   81
19   45.7  54.5   2:48pm  38.4   4:37am   14    1  0.00   2  20  12:22pm WSW 29.87   72
20   39.9  46.6   3:34am  27.4  11:53pm   20    0  0.00   4  27   4:01am   W 29.94   53
21   31.8  38.9   1:47pm  25.7   1:31am   28    0  0.00   0  12   9:27am  NW 30.20   65
22   37.6  42.8   2:05pm  30.2  12:00am   22    0  0.00   0   8  12:39pm   S 30.19   68
23   40.7  48.5   4:54pm  36.4   5:15am   19    0  0.70   1  17   7:19pm  NW 29.89   92
24   35.4  38.7   2:08pm  31.2  11:40pm   25    0  0.01   1  15  12:00am NNE 30.11   76
25   28.9  31.9   7:36am  23.4   8:39pm   31    0  0.03   8  38  11:00am WSW 29.98   69
26   21.8  26.2   1:44pm  18.3   8:36pm   38    0  0.00   5  21   9:42am WSW 30.41   50
27   17.9  23.3   2:29pm  13.3  10:06pm   42    0  0.00   3  18  12:05pm WNW 30.52   54
28   13.5  19.2   2:38pm   9.7   7:22am   47    0  0.00   4  20  12:36pm WNW 30.57   54
29   14.2  20.2   3:20pm  10.8   1:16am   46    0  0.00   3  17   2:15pm   W 30.34   63
30   17.3  21.7   2:13pm  13.5  12:00am   43    0  0.00   2  20   9:40pm WSW 30.08   81
31   11.1  15.4  12:00am   6.0  11:29pm   49    0  0.00   5  19   3:25am WNW 30.30   61
---------------------------------------------------------------------------------------
TOT  30.5  54.5 12/19/17   6.0 12/31/17  912    3  1.26   2  38 12/13/17   W 30.10   71

HEAT BASE: 60.0
COOL BASE: 50.0