NOAA-Style Climate Reports


Report for 2017 September
                  MONTHLY CLIMATOLOGICAL SUMMARY FOR 9/2017
                                        HEAT  COOL        
     MEAN                               DEG   DEG       WIND SPEED       DOM MEAN  MEAN
DAY  TEMP  HIGH   TIME     LOW   TIME   DAYS  DAYS RAIN AVG  HI  TIME    DIR BAROM HUM
---------------------------------------------------------------------------------------
1    59.9  69.6   2:46pm  51.6   6:51am    2   10  0.00   1  14   3:41pm NNW 30.14   60
2    54.5  61.3   3:03pm  46.2   6:04am    6    5  1.03   0   8  11:33am   N 30.17   85
3    61.3  69.1   3:57pm  56.2   1:34am    1   11  0.27   1  18   6:42pm WSW 29.94   88
4    67.2  80.5   3:45pm  55.5   5:56am    1   17  0.00   2  18   1:40pm   S 29.94   75
5    68.9  83.8   1:57pm  62.0   5:04am    0   19  0.65   1  18   6:10pm SSW 29.79   84
6    59.8  63.7   4:20am  57.2   9:53pm    1   10  0.67   0  10  12:30pm  NW 29.88   95
7    61.0  70.2   3:54pm  54.5  11:20pm    2   11  0.00   1  17   1:08pm WSW 29.93   79
8    58.8  69.9   4:05pm  49.9   6:30am    4    9  0.01   1  25   6:24pm   W 30.13   76
9    56.7  67.3   1:45pm  46.6   6:40am    5    7  0.01   2  18   2:20pm  NW 30.30   76
10   58.6  72.7   4:33pm  46.1   6:26am    5    9  0.00   1  13  11:46am  NW 30.38   71
11   59.3  73.9   4:43pm  45.1   6:35am    5   10  0.00   0   8   2:59pm  SW 30.28   74
12   63.6  77.4   3:41pm  51.9   5:44am    2   14  0.00   0  10   2:52pm SSW 30.03   77
13   63.5  70.5  11:16am  55.7   5:27am    1   14  0.19   0   7  12:05pm SSW 29.91   89
14   69.3  78.3   3:36pm  63.5  11:58pm    0   19  0.06   1  15   4:17pm  SW 29.88   85
15   69.7  80.3   2:47pm  61.8   1:18am    0   20  0.00   0   8   9:33am SSW 30.04   83
16   71.9  83.1   4:47pm  60.8   6:59am    0   22  0.00   0   8  12:39pm   S 30.12   80
17   71.0  79.5   4:36pm  65.2   4:56am    0   21  0.00   0   9   1:02pm   N 30.13   84
18   67.5  72.7   5:22pm  63.9   6:16am    0   18  0.00   0   6   1:07pm   N 30.10   89
19   72.1  80.9   3:36pm  64.8  12:38am    0   22  0.01   1  12  12:16pm   N 29.98   78
20   74.7  86.4   4:07pm  65.7   6:38am    0   25  0.00   1  16   5:00pm   N 29.92   69
21   72.8  85.3   5:11pm  61.8   5:36am    0   23  0.00   0  12   5:54pm  NW 30.02   73
22   70.8  84.6   3:54pm  61.7   7:03am    0   21  0.00   1  13   4:27pm  NW 30.02   67
23   71.8  88.2   3:54pm  57.9   6:51am    0   22  0.00   1  12  12:51pm  NW 30.05   65
24   65.4  80.0  10:58am  60.7   7:02am    0    7  0.00   0   5  10:44am   N 30.09   85
---------------------------------------------------------------------------------------
TOT  65.4  88.2  9/23/17  45.1  9/11/17   34  364  2.90   1  25   9/8/17  NW 30.05   78

HEAT BASE: 60.0
COOL BASE: 50.0