NOAA-Style Climate Reports


Report for 2017 November
                  MONTHLY CLIMATOLOGICAL SUMMARY FOR 11/2017
                                        HEAT  COOL        
     MEAN                               DEG   DEG       WIND SPEED       DOM MEAN  MEAN
DAY  TEMP  HIGH   TIME     LOW   TIME   DAYS  DAYS RAIN AVG  HI  TIME    DIR BAROM HUM
---------------------------------------------------------------------------------------
1    41.0  50.8  11:59pm  32.4   4:13am   19    0  0.02   0   4  11:49pm   N 30.29   86
2    59.9  72.6   3:11pm  49.6   4:35am    3   10  0.00   1  11   2:59pm   S 30.21   82
3    58.5  69.2   4:24pm  48.3  11:54pm    3    9  0.00   2  17   5:24pm  NW 30.10   82
4    46.6  55.3   3:51pm  35.6   8:01am   13    1  0.04   0  16  12:01am   N 30.30   71
5    54.1  60.8  11:53pm  46.8   2:41am    6    5  0.19   0  11  11:50pm   S 30.17   92
6    57.1  64.9  11:56am  40.8  11:56pm    4    8  0.06   2  22   4:12pm SSW 29.99   85
7    38.8  43.6  12:22pm  34.6   5:38am   21    0  0.46   0  14   2:27pm   N 30.19   83
8    40.1  48.6   2:42pm  32.9  11:59pm   20    0  0.00   0  11   9:36am   N 30.25   82
9    40.7  49.6   4:00pm  30.5   3:54am   19    0  0.05   0  11  10:29pm WSW 30.14   88
10   33.3  43.6  12:05am  21.3  11:44pm   27    0  0.00   6  28   1:44pm  NW 30.30   58
11   27.5  37.8   2:59pm  17.8   6:45am   32    0  0.00   1  13   9:15am  NW 30.56   56
12   33.5  44.3   2:50pm  23.8   2:56am   27    0  0.00   0  12  12:59pm WSW 30.46   66
13   37.8  44.0   3:54pm  33.1  11:58pm   22    0  0.19   0   0  12:00am   N 30.34   86
14   39.5  45.9   1:51pm  30.2   2:36am   21    0  0.01   0   9   4:32pm  NW 30.33   81
15   41.0  48.6   2:21pm  29.4   6:51am   19    0  0.00   0   9   2:24pm   S 30.21   76
16   46.0  53.7  11:39am  42.0  10:15pm   14    0  0.18   5  28  12:52pm   W 29.92   77
17   40.6  48.2   2:21pm  30.0  11:58pm   19    0  0.00   4  22  12:02pm WNW 30.10   58
18   30.6  40.0   9:59am  27.5   4:28am   12    0  0.00   0   0  12:00am   N 29.99   82
---------------------------------------------------------------------------------------
TOT  43.0  72.6  11/2/17  17.8 11/11/17  303   33  1.20   1  28 11/10/17  NW 30.22   77

HEAT BASE: 60.0
COOL BASE: 50.0