NOAA-Style Climate Reports


Report for 2018 January
                  MONTHLY CLIMATOLOGICAL SUMMARY FOR 1/2018
                                        HEAT  COOL        
     MEAN                               DEG   DEG       WIND SPEED       DOM MEAN  MEAN
DAY  TEMP  HIGH   TIME     LOW   TIME   DAYS  DAYS RAIN AVG  HI  TIME    DIR BAROM HUM
---------------------------------------------------------------------------------------
1     9.5  19.0   2:18pm   0.9   7:16am   50    0  0.00   2  18   2:27pm WSW 30.42   65
2    13.6  21.8   1:28pm   7.6   4:01am   46    0  0.00   5  20   7:04am WSW 30.42   65
3    15.4  25.3   3:58pm   3.3   7:01am   45    0  0.00   0   8  12:23am WSW 30.25   59
4    20.7  24.9   2:43pm  12.1  11:50pm   39    0  0.00   9  34   1:09pm  NW 29.67   68
5    11.0  15.9   2:35pm   7.8   7:17am   49    0  0.00  12  35   3:12pm   W 29.95   56
6     8.8  13.8   2:25pm   4.5   7:34am   51    0  0.00   9  29  12:20pm   W 30.32   52
7    10.1  17.0   2:59pm   1.2   6:29am   50    0  0.00   3  17  12:58am SSW 30.54   58
8    20.0  25.2  11:53pm  13.7   4:22am   38    0  0.00   0  13  10:39am SSW 30.20   73
9    30.7  42.9   2:26pm  22.1  11:56pm   29    0  0.08   2  22  12:32pm  SW 30.22   76
10   29.4  38.6   3:22pm  16.7   5:33am   31    0  0.00   0   6   1:13pm   S 30.45   76
11   41.6  50.5   9:06pm  32.7   6:02am   18    0  0.01   0   7   6:26pm  NW 30.32   81
12   59.0  61.9   3:47pm  46.7  12:58am    2    9  1.06   3  32   6:25am   S 29.79   95
13   28.9  60.8  12:00am  14.1  11:57pm   31    0  0.42   9  34   6:30am  NW 29.95   72
14   16.1  23.9   2:34pm  10.3   7:15am   44    0  0.00   4  21   1:06am  NW 30.63   60
15   20.2  27.6   6:42pm  12.1   5:29am   40    0  0.00   2  12   6:41am NNE 30.59   68
16   28.2  30.7  12:55pm  25.3   6:04am   32    0  0.01   0   4   1:38pm NNE 30.44   89
17   22.9  29.8   3:19am  10.5  10:54pm   37    0  0.00   2  15   7:30am WNW 30.30   83
18   19.5  30.1   2:25pm   8.7   2:40am   34    0  0.01   3  21  12:23pm   W 30.11   67
---------------------------------------------------------------------------------------
TOT  22.6  61.9  1/12/18   0.9   1/1/18  667   10  1.59   4  35   1/5/18   W 30.26   70

HEAT BASE: 60.0
COOL BASE: 50.0