NOAA-Style Climate Reports


Report for 2007 June
                  MONTHLY CLIMATOLOGICAL SUMMARY FOR 6/2007
                                        HEAT  COOL        
     MEAN                               DEG   DEG       WIND SPEED       DOM MEAN  MEAN
DAY  TEMP  HIGH   TIME     LOW   TIME   DAYS  DAYS RAIN AVG  HI  TIME    DIR BAROM HUM
---------------------------------------------------------------------------------------
1    72.9  88.9   3:35pm  64.0   5:40am    0   23  0.88   0   1   7:01pm  SE 30.04   81
2    74.8  86.2   3:27pm  63.7   6:02am    0   25  0.01   0   0  12:00am   N 29.93   77
3    70.0  77.3  11:16am  61.9  10:39pm    0   20  0.56   0   0  12:00am   N 29.76   82
4    67.1  77.2   6:36pm  61.7   5:21am    0   17  0.23   0   0  12:00am   N 29.47   88
5    69.9  77.2  11:37am  62.2   4:57am    0   20  0.00   3  24   5:38pm   W 29.55   71
6    62.9  71.1   3:03pm  53.9   5:31am    1   13  0.00   5  21   2:37pm   N 29.87   56
7    66.0  79.8   3:20pm  50.3   5:25am    2   16  0.00   2  15   3:26pm   S 30.05   65
8    77.7  91.3   2:28pm  61.8   5:22am    0   28  0.00   2  21  10:40pm SSW 29.92   66
9    75.8  83.8   4:04pm  69.3  11:49pm    0   26  0.00   6  20   8:48am   N 29.91   60
10   69.2  75.5   3:46pm  65.0   4:42am    0   19  0.01   1  14  12:12pm SSE 30.01   79
11   72.1  85.2   4:57pm  64.3   6:07am    0   22  0.05   2  14   5:21pm NNW 30.03   73
12   71.2  86.7  12:43pm  64.3   2:29am    0   21  0.25   2  24   2:22pm  NW 30.02   76
13   67.2  79.1  11:19am  61.5  11:49pm    0   17  0.00   2  19   2:13pm   S 30.05   81
14   58.9  64.2   6:14pm  55.1   5:18am    2    9  0.01   3  15   6:07am NNE 30.12   70
15   64.2  73.2   4:00pm  54.3   2:48am    1   14  0.00   1  12  12:48pm   S 30.07   69
16   67.5  79.9   3:32pm  56.5   5:28am    0   18  0.10   2  21   4:42pm SSW 30.01   73
17   74.3  87.0   3:51pm  59.7   4:17am    0   24  0.00   3  19   1:39pm  SW 29.94   67
18   79.0  89.7   5:15pm  65.9   5:51am    0   29  0.00   2  13   9:57pm   S 30.00   60
19   76.2  89.7   3:26pm  65.9   5:45am    0   26  0.78   3  24   8:00pm   S 29.99   71
20   71.9  81.0   3:51pm  63.8  11:58pm    0   22  0.56   4  21   2:45pm  NW 29.93   64
21   69.5  83.3   4:38pm  55.6   4:45am    0   20  0.06   4  25   5:26pm   W 29.93   60
22   67.7  77.1   3:18pm  58.9   5:43am    0   18  0.00   6  24   4:01pm  NW 29.88   52
23   65.0  76.6   3:44pm  52.1   5:21am    2   15  0.00   4  20  12:33pm  NW 29.95   47
24   68.0  82.0   5:26pm  51.2   5:55am    2   18  0.00   2  16   3:35pm SSW 30.09   56
25   69.7  78.0   7:00pm  62.2   2:39am    0   20  0.02   1  12  10:54am SSW 30.19   81
26   78.8  92.4   3:44pm  65.1   6:19am    0   29  0.00   2  14   1:54pm SSW 30.21   72
27   80.1  91.9   3:27pm  70.3   9:54pm    0   29  0.36   3  30   8:36pm SSW 30.08   73
28   75.1  86.6   2:44pm  68.8   4:02am    0   25  0.04   2  25   6:06pm   W 29.96   83
29   71.7  77.8   3:08pm  65.8  11:57pm    0   22  0.00   1   7  11:45am   N 30.00   74
30   71.2  82.4   3:05pm  59.2   5:59am    0   21  0.00   1  12   1:17pm  SW 30.00   57
---------------------------------------------------------------------------------------
TOT  70.8  92.4  6/26/07  50.3   6/7/07   11  625  3.92   2  30  6/27/07 SSW 29.97   69

HEAT BASE: 60.0
COOL BASE: 50.0