NOAA-Style Climate Reports


Report for 2007 July
                  MONTHLY CLIMATOLOGICAL SUMMARY FOR 7/2007
                                        HEAT  COOL        
     MEAN                               DEG   DEG       WIND SPEED       DOM MEAN  MEAN
DAY  TEMP  HIGH   TIME     LOW   TIME   DAYS  DAYS RAIN AVG  HI  TIME    DIR BAROM HUM
---------------------------------------------------------------------------------------
1    66.2  74.4   3:41pm  56.5   6:01am    0   16  0.00   6  19   2:59pm   N 30.08   51
2    63.8  75.1   5:43pm  50.6   5:57am    2   14  0.00   4  22   4:59pm   N 30.20   53
3    65.9  79.1   2:21pm  50.6   5:42am    2   16  0.00   2  13   3:55pm SSW 30.21   57
4    66.8  71.0   6:26pm  61.9   5:45am    0   17  0.73   4  19   1:40pm   S 30.08   83
5    70.8  80.2   2:50pm  65.4  11:00pm    0   21  0.91   2  29   4:05pm SSW 29.91   89
6    73.8  84.5   5:09pm  64.8   5:36am    0   24  0.01   3  17   4:10pm   W 29.90   71
7    73.4  87.0   3:27pm  59.5   6:03am    0   23  0.00   2  17   1:23pm SSW 29.92   64
8    77.6  88.9   3:23pm  64.3   6:40am    0   28  0.00   3  19   3:01pm SSW 29.85   61
9    81.9  91.5   3:51pm  71.5   5:51am    0   32  0.00   3  19   2:18pm   S 29.89   60
10   80.9  94.1   2:31pm  70.6   5:49am    0   31  0.00   2  31   4:59pm   S 29.92   70
11   75.8  84.5   1:23pm  71.5   5:24am    0   26  0.61   2  18   3:42pm   S 29.79   84
12   72.5  82.6   3:09pm  61.9   6:11am    0   23  0.00   4  17   4:24pm NNW 29.88   53
13   71.7  81.8   2:38pm  62.1   4:44am    0   22  0.00   3  20   3:25pm SSW 29.93   59
14   71.8  81.8  12:50pm  58.0   6:17am    0   22  0.00   3  18   3:18pm   S 29.93   60
15   78.0  87.8   1:53pm  68.3   3:25am    0   28  0.00   3  22   2:45pm  SW 29.83   64
16   76.4  84.7   3:25pm  68.9  11:57pm    0   26  0.09   2  11   2:51am NNE 29.95   63
17   76.2  86.8  12:52pm  63.7   5:57am    0   26  0.01   2  11   2:15pm   S 30.02   63
18   77.2  86.2   5:28pm  69.9   5:06am    0   27  0.02   2  17   4:20pm  NW 29.91   71
19   74.7  80.1   5:47pm  67.3   5:21am    0   25  0.11   3  17   6:03pm  SW 29.76   80
20   72.1  79.3   4:57pm  64.0  11:25pm    0   22  0.02   6  23   9:23am NNW 29.83   62
21   70.3  83.3   1:41pm  55.3   5:38am    1   20  0.00   3  16   3:05pm   N 30.06   51
22   70.4  82.2   3:22pm  56.8   6:17am    0   20  0.00   2  17  12:53pm ENE 30.18   54
23   62.6  66.6  12:00am  58.5  11:14am    0   13  0.59   4  22  12:55pm  NW 30.08   79
24   69.2  81.4   4:17pm  53.8   6:10am    1   19  0.00   2  16  11:10pm   S 30.10   68
25   74.4  83.1   4:53pm  63.8   5:43am    0   24  0.00   2  17   2:06pm   S 30.14   67
26   76.3  86.8   5:42pm  68.8   4:10am    0   26  0.00   2  14   5:58pm   S 30.13   73
27   75.6  86.8   4:25pm  67.9   7:44pm    0   26  0.38   4  21   3:12pm   S 29.95   76
28   75.1  86.0   3:34pm  66.6   3:15am    0   25  0.00   2  15   4:22pm   S 29.87   79
29   73.4  81.4   3:45pm  66.6  10:29am    0   23  0.73   1  13   3:50pm   S 29.93   86
30   75.8  86.6   1:52pm  66.8   6:23am    0   26  0.00   1  14   5:54pm SSW 29.95   77
31   77.0  88.3   3:09pm  64.6   6:28am    0   27  0.00   2  16  12:33pm   N 29.96   65
---------------------------------------------------------------------------------------
TOT  73.1  94.1  7/10/07  50.6   7/2/07    6  717  4.21   3  31  7/10/07   S 29.97   68

HEAT BASE: 60.0
COOL BASE: 50.0