NOAA-Style Climate Reports


Report for 2007 August
                  MONTHLY CLIMATOLOGICAL SUMMARY FOR 8/2007
                                        HEAT  COOL        
     MEAN                               DEG   DEG       WIND SPEED       DOM MEAN  MEAN
DAY  TEMP  HIGH   TIME     LOW   TIME   DAYS  DAYS RAIN AVG  HI  TIME    DIR BAROM HUM
---------------------------------------------------------------------------------------
1    78.7  90.8   3:41pm  65.0   6:06am    0   29  0.00   1  13  12:02pm   N 29.97   63
2    80.7  93.3   2:31pm  67.3   6:29am    0   31  0.00   2  13   2:54pm SSW 30.02   63
3    81.3  91.5   3:09pm  69.8   6:08am    0   31  0.00   3  20   1:44pm SSW 29.98   64
4    81.9  94.4   3:39pm  69.8   6:31am    0   32  0.00   2  15  12:18pm   N 29.97   56
5    75.1  85.7   3:16pm  64.6   6:14am    0   25  0.00   2  18  11:18pm  SE 30.00   59
6    76.7  84.9   6:09pm  69.6   4:56am    0   27  0.06   2  15  11:43am SSW 29.86   82
7    80.8  88.3  12:50pm  71.7   5:57am    0   31  0.00   2  11  11:31am  SW 29.89   76
8    84.7  95.6   4:15pm  75.3   6:21am    0   35  0.04   5  20   1:18am   W 29.76   68
9    77.0  86.8  12:27pm  68.1   6:37am    0   27  0.01   2  14   6:33pm   S 29.89   75
10   68.9  81.0  12:55pm  58.2   7:26pm    0   19  0.19   4  17   3:09pm   S 29.84   87
11   70.7  85.5   4:05pm  57.7   1:50am    0   21  0.00   2  20   4:11pm   N 30.00   65
12   75.1  89.3   3:05pm  60.6   5:41am    0   25  0.00   2  15   1:17pm  SW 30.03   63
13   78.3  88.3   3:22pm  69.4   6:59am    0   28  0.00   4  18   2:14pm   N 29.91   56
14   72.0  84.3   4:20pm  56.6   6:19am    0   22  0.00   2  14  12:58pm NNW 29.96   50
15   73.1  85.1   2:38pm  57.0   6:30am    0   23  0.00   2  17   4:50pm  SW 29.93   65
16   76.9  86.2   5:04pm  71.3   6:47am    0   27  0.01   2  13   4:13pm  SW 29.92   73
17   76.0  86.6   3:08pm  68.3  11:57pm    0   26  0.03   2  27  11:02pm   N 29.87   69
18   66.9  76.7   3:35pm  57.0   6:43am    0   17  0.00   5  21  12:00am NNW 30.12   49
19   62.0  68.1  12:38pm  59.2   6:27am    0   12  0.24   1   7  12:49pm NNE 30.16   83
20   59.4  62.1  10:48am  57.4   9:49pm    1    9  0.70   2  16   5:49pm NNE 30.14   95
21   56.0  57.9   5:35pm  54.3   5:10am    4    6  1.68   3  12   1:27am  NE 30.17   97
22   58.8  63.9   5:15pm  54.1   5:24am    2    9  0.06   2   9  12:08am NNE 30.19   93
23   67.6  77.2   3:13pm  60.7   3:08am    0   18  0.01   2  15   4:33pm   S 30.16   85
24   74.1  80.3   5:49pm  69.1   4:21am    0   24  0.00   2  11   1:01pm   S 30.03   86
25   79.3  92.5   4:03pm  70.7   3:59am    0   29  0.00   3  18   8:45pm   S 29.90   81
26   74.0  86.1   2:29pm  64.8  11:50pm    0   24  0.38   3  26   3:51am   N 29.98   77
27   70.8  83.4   2:09pm  57.4   6:19am    0   21  0.00   1  10  10:14am   N 30.14   73
28   73.0  84.2   4:06pm  62.1   6:18am    0   23  0.00   2  15   3:51pm   S 30.17   71
29   73.7  84.2   4:47pm  62.2   6:14am    0   24  0.00   1  15   4:25pm   S 30.12   72
30   75.9  87.7   3:42pm  63.9   6:38am    0   26  0.00   2  14   1:50pm SSW 29.99   73
31   73.7  81.1   2:47pm  64.3  11:58pm    0   24  0.00   4  18   3:36pm   N 29.99   67
---------------------------------------------------------------------------------------
TOT  73.3  95.6   8/8/07  54.1  8/22/07    9  723  3.41   2  27  8/17/07   S 30.00   72

HEAT BASE: 60.0
COOL BASE: 50.0