NOAA-Style Climate Reports


Report for 2007 September
MONTHLY CLIMATOLOGICAL SUMMARY FOR 9/2007
HEAT  COOL
MEAN                               DEG   DEG       WIND SPEED       DOM MEAN  MEAN
DAY  TEMP  HIGH   TIME     LOW   TIME   DAYS  DAYS RAIN AVG  HI  TIME    DIR BAROM HUM
---------------------------------------------------------------------------------------
1    67.5  80.1   3:08pm  54.9   6:52am    1   18  0.00   3  23  12:08pm   N 30.17   59
2    64.5  78.8   3:59pm  49.4   6:55am    2   15  0.00   1  14   2:22pm SSW 30.26   66
3    70.2  83.4   2:45pm  57.7   6:08am    0   20  0.00   2  17   5:16pm  SW 30.09   69
4    73.0  83.6   3:24pm  63.2   6:37am    0   23  0.00   2  15  10:55am  NW 30.02   62
5    70.5  83.2   3:33pm  58.3   6:08am    0   21  0.00   1  11   2:04pm   S 30.13   67
6    72.5  83.0   5:19pm  61.9   6:37am    0   22  0.00   3  15   3:03pm   S 30.25   73
7    76.2  87.3   4:20pm  63.7   6:44am    0   26  0.00   3  18   4:52pm   S 30.18   72
8    78.2  89.2   2:37pm  68.1   6:21am    0   28  0.00   3  17   4:58pm SSW 30.09   71
9    75.4  83.2   2:52pm  66.1   6:43am    0   25  0.00   2  18  12:26pm   S 30.04   73
10   76.9  86.7   2:22pm  70.2   6:13am    0   27  0.05   2  13   3:54pm   N 29.97   75
11   69.9  72.7   5:04pm  64.3  11:58pm    0   20  0.70   3  19  11:03am SSW 29.76   90
12   64.5  73.4   2:26pm  54.7  11:53pm    0   15  0.00   4  20   9:42am  NW 29.99   62
13   62.6  75.2   5:03pm  49.1   6:21am    3   13  0.00   1  13  12:27pm SSW 30.18   70
14   67.9  73.8   2:43pm  61.9   1:59am    0   18  0.00   5  22   1:18pm   S 30.09   74
15   61.1  68.0   1:21pm  50.4  11:59pm    2   11  0.05   6  27   6:39am  NW 30.01   68
16   53.2  66.1   3:08pm  41.2   6:51am    7    5  0.00   1  13   1:52pm   N 30.29   69
17   54.6  68.0   2:42pm  41.3   6:55am    7    7  0.00   1  15  11:26am ENE 30.38   69
18   57.5  71.2   4:27pm  42.9   7:16am    5    9  0.00   1  12  12:46pm WNW 30.38   69
19   61.1  76.3   2:30pm  46.0   6:19am    4   12  0.00   1  12   3:30pm   S 30.29   72
20   65.8  82.5   3:27pm  50.6   7:47am    2   16  0.00   1  14  12:32pm   S 30.18   74
21   68.6  83.6   3:27pm  54.4   7:06am    1   19  0.00   1  13   3:01pm   S 30.14   73
22   68.4  80.7   4:55pm  59.2   3:55am    0   18  0.08   1  14   2:33pm   S 30.07   86
23   68.9  81.3   3:27pm  57.0  11:32pm    0   19  0.00   3  17  10:21am   N 30.18   57
24   64.5  80.3   3:51pm  48.8   6:43am    3   15  0.00   1  13   2:42pm SSW 30.23   61
25   69.5  86.9   3:52pm  51.6   6:03am    2   19  0.00   2  14  12:19pm  SW 30.13   65
26   74.7  89.0   3:22pm  61.9   7:11am    0   23  0.00   2  19  10:17pm SSW 30.02   70
27   74.3  84.0   3:02pm  66.5  11:57pm    0   24  0.00   3  21   3:17pm   S 29.94   73
28   66.7  76.4   2:28pm  59.7  11:57pm    0   17  0.03   4  26   4:07pm  NW 29.92   72
29   62.5  73.6   3:46pm  52.3  11:58pm    2   12  0.00   4  22   9:48am   N 30.28   61
30   60.1  75.0   3:06pm  46.0   7:22am    4   11  0.00   1  14  11:15pm   S 30.46   69
---------------------------------------------------------------------------------------
TOT  67.4  89.2   9/8/07  41.2  9/16/07   47  527  0.91   2  27  9/15/07   S 30.14   70

HEAT BASE: 60.0
COOL BASE: 50.0