NOAA-Style Climate Reports


Report for 2007 December
MONTHLY CLIMATOLOGICAL SUMMARY FOR 12/2007
HEAT  COOL
MEAN                               DEG   DEG       WIND SPEED       DOM MEAN  MEAN
DAY  TEMP  HIGH   TIME     LOW   TIME   DAYS  DAYS RAIN AVG  HI  TIME    DIR BAROM HUM
---------------------------------------------------------------------------------------
1    30.1  35.2   2:23am  24.7  10:36pm   30    0  0.00   6  27   5:57am   N 30.41   44
2    24.0  29.5  11:51pm  19.9   2:44am   36    0  0.10   2  10   1:38pm NNE 30.27   87
3    34.8  41.8  10:20am  29.3  12:00am   25    0  0.36   9  37   9:25pm WNW 29.64   75
4    29.8  32.3  12:26pm  27.3  11:23pm   30    0  0.00  11  37   3:24am WNW 29.67   57
5    25.4  28.2  10:27am  21.4  11:58pm   35    0  0.01   2  15   9:36pm WSW 29.79   81
6    22.0  32.9   2:56pm  14.0   7:29am   38    0  0.03   3  16   1:50am WSW 30.23   67
7    24.8  29.6   8:01pm  15.4   3:05am   35    0  0.00   1  13  11:39am SSW 30.30   84
8    32.9  43.4   2:19pm  27.6  10:44pm   27    0  0.01   2  16   2:31pm WSW 30.28   84
9    32.1  34.1   1:09pm  28.3  12:23am   28    0  0.36   1  11   6:00pm  NE 30.38   82
10   36.3  39.7   3:32pm  32.3  12:00am   24    0  0.04   0   6   6:40pm SSW 30.23   96
11   35.2  43.2  11:53pm  29.3   5:47am   25    0  0.03   1   7   1:16pm   S 30.27   97
12   42.5  48.7  11:54am  31.7  10:46pm   18    0  0.03   4  22  12:15pm NNW 30.06   80
13   31.0  33.0  12:00am  29.2  10:08am   29    0  0.43   1   7   4:36am   E 30.14   86
14   33.2  39.4   1:12pm  30.4   8:01am   27    0  0.21   2  20   1:39pm WNW 30.16   85
15   28.5  32.6   1:51pm  23.9   7:32am   32    0  0.01   5  18   5:33am   N 30.35   55
16   27.1  32.9   6:25pm  20.5   5:21am   33    0  0.01   8  36   9:48pm NNE 29.51   89
17   28.2  32.4   2:39pm  25.3   7:22am   32    0  0.00  12  38   3:26am WNW 29.92   57
18   27.8  33.9   3:15pm  21.4   7:25am   32    0  0.09   4  18   1:06am WSW 30.31   70
19   32.6  38.1   1:36pm  25.1   1:23am   27    0  0.21   2  16  10:02am   S 30.16   79
20   35.8  41.4   2:22pm  30.8   6:57am   24    0  0.27   3  17   9:38am   W 30.17   72
21   32.7  35.1   8:59pm  27.7   5:04am   27    0  0.15   2  11  10:09pm NNE 30.36   90
22   35.2  38.3   2:31pm  32.9   7:28am   25    0  0.18   2  11   1:31am ENE 30.47   88
23   45.6  60.2   7:22pm  34.4  12:00am   14    3  0.61   8  40   4:44pm   S 30.01   93
24   37.5  45.2   2:47pm  29.8   6:39am   22    0  0.00   5  26  10:30am   W 29.97   55
25   34.4  43.7  12:25pm  25.8  11:36pm   26    0  0.00   3  19  11:52am NNW 30.24   72
26   29.8  34.5  11:59pm  24.0   4:56am   29    0  0.16   2  13   6:48pm NNE 30.16   89
27   36.9  40.4   9:19pm  33.8   2:01am   23    0  0.02   1  10   6:46pm WSW 30.04   93
28   41.7  48.0  12:58pm  33.2   7:48am   18    0  0.19   3  16  12:20am SSE 30.26   69
29   42.1  49.9   2:32pm  33.0  10:47pm   18    0  0.28   3  18  11:24am  NW 30.00   82
30   32.3  37.8  12:23pm  26.2   7:44am   28    0  0.28   2  11  10:43pm  NE 30.08   84
31   33.8  42.0   1:45pm  26.8  11:07pm   26    0  0.18   4  24   1:51pm   W 29.98   87
---------------------------------------------------------------------------------------
TOT  32.8  60.2 12/23/07  14.0  12/6/07  843    3  4.25   4  40 12/23/07 WNW 30.12   78

HEAT BASE: 60.0
COOL BASE: 50.0