NOAA-Style Climate Reports


Report for 2008 April
MONTHLY CLIMATOLOGICAL SUMMARY FOR 4/2008
HEAT  COOL
MEAN                               DEG   DEG       WIND SPEED       DOM MEAN  MEAN
DAY  TEMP  HIGH   TIME     LOW   TIME   DAYS  DAYS RAIN AVG  HI  TIME    DIR BAROM HUM
---------------------------------------------------------------------------------------
1    59.9  68.9   5:51pm  43.2  12:00am    3   10  0.05  10  37  10:58pm SSW 29.92   82
2    43.5  52.3  12:00am  36.0  11:59pm   17    0  0.00   9  29  12:00am   N 30.28   39
3    39.0  49.7   2:05pm  24.6   6:28am   21    0  0.04   5  24   4:41pm   S 30.44   47
4    42.2  48.6   6:17pm  37.0   5:28am   18    0  0.37   2  12   8:46am  NE 29.91   96
5    47.6  53.4   2:04pm  42.5  11:56pm   12    0  0.04   5  20  11:27am   N 29.97   76
6    46.1  50.9   5:38pm  42.3  12:16am   13    0  0.00   4  17  11:09am ENE 30.18   68
7    42.2  45.2   8:17pm  39.2   7:49am   18    0  0.00   4  14   9:39am   E 30.29   75
8    49.0  61.4   4:58pm  40.6   7:49am   11    3  0.00   3  17  10:20pm  SE 30.30   70
9    49.3  60.6   5:40pm  41.5   7:30am    8    2  0.00   4  17   2:09pm   S 30.24   74
10   60.8  75.5   5:39pm  46.6   7:27am    4   11  0.00   2  15   2:30pm  NW 30.11   57
11   60.8  71.1   4:09pm  53.7   6:28am    2   11  0.20   3  16   1:21pm  NE 29.91   57
12   62.2  72.7   5:46pm  51.9  11:58pm    1   12  0.08   6  23   9:00pm NNW 29.57   71
13   47.1  52.5  12:20pm  40.5  11:57pm   13    0  0.00   6  22   2:43pm WNW 29.74   59
14   44.5  56.3   4:51pm  31.9   6:33am   16    1  0.00   5  22   3:42pm   N 29.99   43
15   47.2  60.2   3:59pm  30.2   6:44am   13    3  0.00   3  18   3:45pm   N 30.15   40
16   51.8  66.9   4:05pm  31.9   6:17am   10    7  0.00   2  15  10:03pm   N 30.22   41
17   58.4  77.8   4:27pm  37.0   6:23am    7   11  0.00   1  12   1:50pm   N 30.10   40
18   65.2  83.9   3:06pm  42.9   6:29am    4   16  0.00   2  15   3:00pm   N 29.98   43
19   67.2  83.3   2:33pm  49.1   6:26am    2   17  0.00   4  25   4:59pm   N 29.96   47
20   56.8  65.1   5:08pm  52.9   3:59am    4    7  0.00   5  20   2:37pm   N 30.06   85
21   57.8  67.9   3:51pm  52.2  11:59pm    4    8  0.00   6  23   5:24pm   N 30.22   73
22   59.5  71.1   4:43pm  45.2   6:29am    4   10  0.00   3  18   2:39pm   N 30.23   67
23   62.9  75.8   3:19pm  47.0   5:52am    3   13  0.00   3  18   3:02pm   N 30.16   65
24   58.2  78.5   3:30pm  31.9   6:17am   10   19  0.00   2  16   2:30pm NNW 30.19   44
25   62.1  77.1   3:35pm  43.5   6:16am    4   13  0.00   2  13  11:21am SSW 30.10   45
26   59.0  64.0  12:00am  47.2  11:55pm    2    9  0.04   3  19   2:01pm ESE 30.07   66
27   49.5  57.3   5:36pm  43.6   3:30am   10    2  0.05   3  13  11:10pm   E 30.17   74
28   49.8  53.7   5:18pm  45.2   3:38am   10    1  1.12   2  14   3:23pm   E 29.84   96
29   50.0  58.6   5:26pm  41.1  11:52pm   10    2  0.00   7  23   2:11pm   N 29.79   62
30   46.0  57.1   3:58pm  34.9   6:22am   14    1  0.00   4  24  12:05pm  NW 30.05   49
---------------------------------------------------------------------------------------
TOT  53.5  83.9  4/18/08  24.6   4/3/08  268  190  1.99   4  36   4/1/08   N 30.07   61

HEAT BASE: 60.0
COOL BASE: 50.0