NOAA-Style Climate Reports


Report for 2008 June
MONTHLY CLIMATOLOGICAL SUMMARY FOR 6/2008
HEAT  COOL
MEAN                               DEG   DEG       WIND SPEED       DOM MEAN  MEAN
DAY  TEMP  HIGH   TIME     LOW   TIME   DAYS  DAYS RAIN AVG  HI  TIME    DIR BAROM HUM
---------------------------------------------------------------------------------------
1    72.2  81.7  12:49pm  63.0   6:17am    0   22  0.01   4  23  11:21am   W 29.77   63
2    68.6  82.1   3:41pm  55.3   5:41am    1   19  0.00   3  16   2:53pm  NW 29.92   51
3    70.5  80.5   3:22pm  58.3   6:23am    0   20  0.22   5  26   4:40pm   S 29.93   56
4    64.9  73.5   2:53pm  59.2   6:55am    0   15  0.25   1  10   6:23pm NNE 29.79   92
5    68.9  77.0   5:24pm  60.8   5:33am    0   19  0.06   2  12   9:06pm   S 30.00   82
6    71.2  83.1   5:08pm  63.0   7:54am    0   21  0.00   3  14   2:28am SSW 30.14   76
7    81.0  95.9   4:03pm  66.7   5:24am    0   31  0.00   2  17   3:18pm  SW 30.04   71
8    83.8  94.4   4:12pm  73.9   5:47am    0   34  0.00   3  21   4:49pm  SW 29.93   64
9    85.6  97.1   2:12pm  75.1   3:09am    0   36  0.00   2  16   1:26pm SSW 29.88   58
10   81.6  94.7   2:41pm  70.4   9:11pm    0   30  1.16   3  36   8:06pm  SW 29.90   67
11   76.8  87.1   3:39pm  65.1   5:54am    0   27  0.00   3  17  12:49pm  NW 30.06   57
12   76.6  89.0   4:22pm  61.9   5:38am    0   26  0.00   3  17  11:32am   N 30.20   53
13   75.8  85.6   3:03pm  63.2   5:58am    0   26  0.00   3  17   2:27pm   S 30.19   60
14   77.0  87.9   3:13pm  67.1   5:49am    0   27  0.00   2  16   5:46pm SSW 29.97   68
15
16   70.5  84.8   3:43pm  59.7  10:43pm    0   20  0.09   3  28   5:50pm NNW 29.79   67
17   65.6  75.3   3:51pm  57.7  11:40pm    0   16  0.01   4  25   7:03pm  NW 29.78   64
18   62.1  71.4   3:19pm  54.0   4:07am    1   12  0.34   3  20   4:38pm  SW 29.77   66
19   63.3  75.1   5:17pm  51.2   6:03am    2   13  0.00   2  16   4:24pm   W 29.89   62
20   67.7  80.4   4:03pm  53.4   6:09am    1   18  0.00   3  17   4:39pm SSW 29.99   59
21   72.3  85.0   3:33pm  56.8   5:55am    0   22  0.00   2  17   2:24pm SSW 30.02   54
22   73.9  83.8   4:55pm  66.2   7:28am    0   24  0.04   3  18   3:36pm   S 29.94   68
23   75.3  85.6   4:57pm  62.5  11:59pm    0   25  0.02   2  25  11:40pm SSW 29.92   60
24   69.3  81.5   5:01pm  58.0   5:40am    0   19  0.40   4  21  12:06am  NW 30.05   65
25   71.4  84.4   4:04pm  56.9   5:39am    0   21  0.00   2  18   3:40pm  SW 30.16   58
26   74.8  85.2   4:34pm  68.2   9:23am    0   25  0.06   2  17   4:52pm  SW 29.92   66
27   76.9  87.3   4:24pm  68.9   5:57am    0   27  0.00   2  13  11:48am  SW 29.87   66
28   76.2  84.8   2:29pm  67.2   6:00am    0   26  0.19   3  26   1:58pm   S 29.84   78
29   77.1  84.6   4:25pm  68.7   5:58am    0   27  0.00   3  21  10:17pm SSW 29.80   65
30   73.3  81.7   3:09pm  65.3   5:44am    0   23  0.00   3  14   1:11pm SSW 29.77   68
---------------------------------------------------------------------------------------
TOT  73.3  97.1   6/9/08  51.2  6/19/08    7  672  2.85   3  36  6/10/08 SSW 29.94   65

HEAT BASE: 60.0
COOL BASE: 50.0