NOAA-Style Climate Reports


Report for 2008 August
MONTHLY CLIMATOLOGICAL SUMMARY FOR 8/2008
HEAT  COOL
MEAN                               DEG   DEG       WIND SPEED       DOM MEAN  MEAN
DAY  TEMP  HIGH   TIME     LOW   TIME   DAYS  DAYS RAIN AVG  HI  TIME    DIR BAROM HUM
---------------------------------------------------------------------------------------
1    78.9  89.4   3:09pm  68.9   5:25am    0   29  0.00   3  19  12:45pm  NW 29.72   58
2    73.1  80.9   5:32pm  66.9  11:41am    0   23  0.06   1  16  10:54am  SW 29.73   73
3    72.1  82.5   1:30pm  61.7   5:53am    0   22  0.00   4  20   7:14pm  NW 29.86   65
4    74.5  86.9   3:51pm  62.2   6:06am    0   25  0.00   3  18  11:03am  NW 29.96   57
5    75.0  87.3   2:24pm  64.5   6:21am    0   25  0.00   2  16   2:35pm   S 29.95   66
6    77.8  88.6   3:19pm  69.6   6:16am    0   28  0.03   4  22   5:43pm  NW 29.82   63
7    72.7  83.1   4:34pm  63.0  11:52pm    0   23  0.03   3  21   7:25pm  SW 29.78   61
8    68.7  79.8   1:57pm  59.4   6:13am    0   19  0.01   4  29   3:05pm  NW 29.74   66
9    69.1  81.7   4:26pm  58.8   4:44am    0   19  0.00   2  17   8:47am  SW 29.86   59
10   63.3  76.7  11:37am  56.0   6:09am    1   13  0.48   2  23  12:59pm   S 29.85   81
11   59.6  68.6   2:43pm  54.3   9:43am    2   10  0.87   1  20   9:33am  SW 29.81   87
12   68.3  80.5   3:34pm  56.2   3:28am    1   18  0.00   3  16   3:43pm  NW 29.81   68
13   70.4  82.1   1:35pm  55.9   6:06am    0   20  0.02   2  18   2:24pm   S 29.82   68
14   69.0  84.0   3:02pm  62.5   6:52am    0   19  0.35   1  15   3:22pm  SW 29.81   81
15   68.9  79.1   4:41pm  60.9   6:01am    0   19  0.00   1  13   7:21pm  SW 29.96   79
16   69.9  81.3   3:51pm  57.1   6:22am    0   20  0.00   2  16   1:06pm  NW 29.99   65
17   71.5  84.2   1:27pm  58.3   5:56am    0   21  0.00   2  16   2:57pm  SW 29.98   63
18   74.1  86.7   3:52pm  60.8   6:10am    0   24  0.00   2  17   1:00pm SSW 29.96   62
19   71.9  83.4  11:31am  62.4  11:55pm    0   22  0.00   4  20   3:15pm   N 29.98   59
20   64.9  76.7   3:20pm  51.2   6:30am    1   15  0.00   2  13   1:30am   N 30.19   57
21   68.0  82.3   4:45pm  52.8   6:54am    2   18  0.00   1  12   3:49pm SSW 30.25   63
22   71.4  84.8   4:22pm  57.9   6:17am    0   21  0.00   2  17   1:45pm   S 30.31   64
23   70.0  80.9   2:53pm  57.7   6:53am    0   20  0.00   1  20   3:08pm SSW 30.26   66
24   74.5  85.0   4:39pm  64.6   4:45am    0   25  0.00   3  19   2:35pm SSW 30.04   70
25   73.4  84.2   3:48pm  64.8  11:55pm    0   23  0.00   3  17   5:23pm   N 29.91   67
26   67.4  81.9   5:21pm  53.5   6:39am    1   17  0.00   2  18   2:13am   N 30.06   54
27   66.1  79.1   2:41pm  53.1   6:07am    1   16  0.00   1  11  12:44pm ENE 30.09   58
28   68.1  77.0   4:28pm  58.5   5:18am    0   18  0.00   2  15  11:06am   S 30.04   59
29   68.4  74.9  12:34pm  65.1  11:23pm    0   18  0.14   1  16   3:40pm   S 30.00   76
30   72.5  82.9   3:04pm  65.1  12:00am    0   22  0.02   1  11   4:41pm NNW 30.02   80
31   71.8  84.8   4:33pm  56.2   5:49am    0   22  0.00   2  18  11:42am   N 30.15   55
---------------------------------------------------------------------------------------
TOT  70.5  89.4   8/1/08  51.2  8/20/08   10  635  2.01   2  29   8/8/08   N 29.96   66

HEAT BASE: 60.0
COOL BASE: 50.0