NOAA-Style Climate Reports


Report for 2008 October
MONTHLY CLIMATOLOGICAL SUMMARY FOR 10/2008
HEAT  COOL
MEAN                               DEG   DEG       WIND SPEED       DOM MEAN  MEAN
DAY  TEMP  HIGH   TIME     LOW   TIME   DAYS  DAYS RAIN AVG  HI  TIME    DIR BAROM HUM
---------------------------------------------------------------------------------------
1    59.3  66.2   2:21pm  54.7  10:50pm    2    9  0.01   1  18   3:15pm   W 29.68   83
2    53.6  61.4   3:04pm  46.7  11:55pm    6    4  0.00   4  23  11:50am   W 29.72   66
3    51.7  61.6   3:46pm  44.7  11:47pm    8    3  0.00   2  18   2:22pm  SW 29.94   70
4    50.7  60.2   3:12pm  43.9  12:54am    9    3  0.00   1  10   1:25pm SSW 30.19   79
5    57.0  69.6   3:38pm  47.3  11:58pm    5    7  0.04   1  14   1:40pm  NW 30.24   73
6    52.8  67.4   2:09pm  43.1  11:59pm    8    4  0.00   2  19   3:25pm   N 30.31   66
7    49.8  66.1   4:02pm  35.6   7:13am   11    4  0.00   1  10  10:00am NNW 30.34   62
8    52.5  64.0   4:15pm  38.2   5:10am    8    6  0.00   2  19   5:06pm   S 30.11   76
9    65.0  76.0   3:47pm  56.2  11:58pm    0   15  0.00   3  18   1:38pm SSW 29.96   74
10   61.6  76.1   3:24pm  48.7   7:16am    3   12  0.00   1  11  12:24pm  NW 30.19   60
11   56.9  73.2   4:24pm  42.9   7:05am    6    8  0.00   1  12  11:28am   N 30.40   65
12   57.9  76.5   4:07pm  43.5   7:47am    6    9  0.00   0   9  11:29am  SW 30.47   71
13   61.8  80.0   3:44pm  49.1   5:47am    4   12  0.00   1  13   2:32pm   W 30.34   71
14   63.2  77.0   2:49pm  50.6   5:48am    3   13  0.00   1  13   4:57pm  SW 30.18   75
15   65.2  76.3   3:52pm  58.0   7:26am    0   15  0.00   1  12   4:24pm   N 30.08   63
16   63.3  77.8   1:52pm  53.8  11:53pm    1   13  0.00   3  21   3:38pm   N 29.96   72
17   52.2  62.4   3:25pm  42.9   5:57am    8    4  0.00   2  14  10:05am   N 30.09   56
18   46.3  57.9   3:13pm  34.6   7:02am   14    1  0.00   2  19  10:43am   N 30.17   57
19   44.0  56.8   3:48pm  32.0   6:49am   16    1  0.00   2  15  10:24am NNE 30.30   57
20   44.8  64.5   3:20pm  29.1   5:53am   16    3  0.00   1  13   2:00pm   W 30.20   59
21   45.5  59.5   1:50pm  35.1   5:47am   14    2  0.01   6  30   1:04pm  NW 29.98   62
22   43.9  49.5   3:20pm  38.1  11:36pm   16    0  0.00   8  29  12:22pm   N 30.27   58
23   42.3  55.9   3:47pm  31.1   7:16am   18    1  0.00   1  17   3:52pm NNE 30.57   67
24   42.2  53.1   4:17pm  28.7   6:19am   18    1  0.00   2  20   2:30pm   S 30.44   77
25   55.2  64.3   4:04pm  47.0   3:36am    6    6  0.80   5  50   4:04pm   S 29.97   92
26   50.6  60.9   3:34pm  40.1   6:13am    9    3  0.01   2  18   1:33pm   W 29.88   76
27   43.6  54.3  10:36am  38.8   5:45am   16    0  0.53   2  17   1:53pm  NW 29.90   82
28   39.1  42.4   5:09pm  34.9   6:05am   21    0  1.01  11  37   4:29pm  NW 29.59   79
29   39.4  44.4  11:07am  34.2  10:15pm   21    0  0.01   6  27  12:03am   W 29.82   68
30   40.8  51.5   2:49pm  32.5   4:35am   19    0  0.00   3  24   9:03am  NW 30.33   51
31   46.1  62.2   3:03pm  30.9   2:34am   14    3  0.00   2  18   2:47pm  SW 30.38   56
---------------------------------------------------------------------------------------
TOT  51.6  80.0 10/13/08  28.7 10/24/08  307  164  2.42   3  50 10/25/08  NW 30.13   69

HEAT BASE: 60.0
COOL BASE: 50.0