NOAA-Style Climate Reports


Report for 2009 November
                  MONTHLY CLIMATOLOGICAL SUMMARY FOR 11/2009
                                        HEAT  COOL        
     MEAN                               DEG   DEG       WIND SPEED       DOM MEAN  MEAN
DAY  TEMP  HIGH   TIME     LOW   TIME   DAYS  DAYS RAIN AVG  HI  TIME    DIR BAROM HUM
---------------------------------------------------------------------------------------
1    49.2  56.3   2:46pm  37.9  11:53pm   11    2  0.12   2  14  12:32am   N 30.12   69
2    45.9  57.3   1:41pm  35.5   3:49am   14    2  0.00   1  11  12:05pm NNE 30.18   73
3    46.8  60.6   1:25pm  35.3   5:50am   13    2  0.00   3  23   2:13pm  NW 30.10   65
4    43.0  50.1  12:58pm  32.1   6:39am   17    0  0.00   1  15   6:52pm   S 30.27   59
5    43.3  52.5   1:36pm  35.1   6:59am   17    0  0.02   4  23   7:41pm  NW 30.12   68
6    38.3  45.5  11:51am  28.4  11:20pm   22    0  0.00   5  26   8:42am  NW 30.25   57
7    38.9  53.8   2:33pm  24.3   4:55am   21    0  0.00   2  22   3:07pm   S 30.23   67
8    49.5  71.6   2:45pm  33.6   6:51am   12    5  0.00   0   8   8:40am   S 30.25   72
9    52.2  68.2   2:34pm  36.9   6:10am    9    6  0.00   0  13   1:27pm   S 30.35   75
10   55.6  67.3  12:22pm  47.0   5:48am    5    6  0.00   1  12  11:58pm   N 30.27   70
11   49.5  53.3  12:00am  45.7  11:50pm   10    1  0.00   5  24  10:39pm  NE 30.31   57
12   47.2  50.6   2:05pm  43.7   5:29am   13    0  0.00   8  27  10:22am  NE 30.15   44
13   51.4  54.9   3:51pm  46.9  12:00am    9    2  0.00   8  24   9:09am  NE 29.99   62
14   53.7  57.6   2:24pm  49.1   1:24am    6    4  0.03   3  19  12:02am  NE 29.91   90
15   58.2  70.4   1:53pm  49.0  11:36pm    4    8  0.00   1  14   1:42pm NNW 29.94   76
16   51.5  58.2   1:14pm  41.3  11:57pm    9    2  0.00   3  16   7:22am   N 30.08   61
17   48.5  57.6   1:35pm  40.4  12:27am   12    1  0.00   1  11   8:20am  NE 30.27   46
18   46.5  57.1   1:45pm  37.5   6:30am   14    1  0.00   2  15   3:02pm  NE 30.41   67
19   51.2  58.7  11:15pm  47.2   7:06am    9    2  0.29   2  15   9:35pm  NE 30.24   91
20   50.8  59.0  12:20am  40.3  11:57pm    9    2  0.37   5  23  12:51pm WNW 30.07   69
21   45.3  57.3   2:13pm  37.1   5:40am   15    1  0.00   2  14  11:50am   N 30.13   71
22   42.7  54.5   1:23pm  32.2   6:30am   17    1  0.00   1  14   3:15pm  NE 30.30   79
23   45.0  51.1  12:07pm  41.0   7:40am   15    0  0.04   5  17   7:39am  NE 30.33   78
24   48.1  55.1   3:27pm  43.8   4:36am   12    1  0.01   2  15   4:32am  NE 30.17   91
25   48.6  50.2   4:21pm  46.8   5:42am   11    0  0.07   0   7   4:12am   E 30.01   98
26   47.9  50.9   1:36pm  43.7   6:12am   12    0  0.01   1  11   1:13pm SSE 29.85   93
27   41.9  45.2  12:34am  39.0  11:05pm   18    0  0.12   8  28   7:10pm  NW 29.59   72
28   43.7  51.4   1:35pm  35.4  11:37pm   16    0  0.00   9  34   9:42am WNW 29.77   60
29   44.0  61.5   3:01pm  29.2   6:27am   16    2  0.00   0  11   2:14pm   W 29.86   67
30   43.6  50.2  12:11am  35.0  11:40pm   16    0  0.21   2  18   5:51pm   N 29.71   78
---------------------------------------------------------------------------------------
TOT  47.4  71.6  11/8/09  24.3  11/7/09  384   52  1.29   3  34 11/28/09  NE 30.11   71

HEAT BASE: 60.0
COOL BASE: 50.0