NOAA-Style Climate Reports


Report for 2010 May
                  MONTHLY CLIMATOLOGICAL SUMMARY FOR 5/2010
                                        HEAT  COOL        
     MEAN                               DEG   DEG       WIND SPEED       DOM MEAN  MEAN
DAY  TEMP  HIGH   TIME     LOW   TIME   DAYS  DAYS RAIN AVG  HI  TIME    DIR BAROM HUM
---------------------------------------------------------------------------------------
1    73.9  90.2   2:24pm  55.4   6:19am    0   24  0.00   2  18   5:12pm SSW 29.81   52
2    75.4  84.9   2:35pm  66.6   5:42am    0   25  0.59   2  19   3:10pm WSW 29.81   71
3    70.6  78.6   1:30pm  65.7  11:58pm    0   21  0.69   3  29   1:55pm   S 29.75   85
4    66.3  77.1   1:12pm  57.1   6:28am    0   16  0.05   3  37   3:14pm WNW 29.82   64
5    65.4  78.7   2:58pm  48.0   6:18am    3   16  0.00   4  23   5:02pm   S 29.92   59
6    67.1  77.3   4:21pm  57.2   6:36am    0   17  0.00   5  26   5:33pm WNW 29.79   56
7    60.2  73.0   3:52pm  48.6   6:15am    3   10  0.00   3  18   1:46pm   S 29.94   51
8    59.0  71.8   1:13pm  45.6  11:58pm    3    9  0.04   8  37   4:29pm WNW 29.62   61
9    46.5  52.7   1:20pm  42.0  11:58pm   13    0  0.00  10  31   2:16am WNW 29.99   49
10   48.7  61.1   4:11pm  35.8   6:03am   11    3  0.00   5  26   2:11pm  NW 30.25   43
11   45.3  54.2  11:52am  34.0   5:29am   15    1  0.19   2  16   3:24pm   S 30.36   66
12   46.4  49.3   2:45pm  43.3   2:45am   14    0  0.51   1  13  12:25am  NE 30.13   96
13   54.7  67.4   3:36pm  39.4   6:03am    7    7  0.00   2  20  12:12pm   S 30.26   66
14   64.4  80.4   3:19pm  55.1   5:48am    2   14  0.11   3  35   5:39pm  SW 30.07   85
15   65.7  73.5   5:14pm  57.1  11:57pm    0   16  0.00   6  25  11:41am  NW 30.06   52
16   61.2  71.5   3:44pm  52.1   6:34am    2   11  0.00   2  16  11:06am   N 30.14   55
17   59.2  68.6   2:14pm  49.2   5:21am    4    9  0.02   2  15   7:35pm SSE 30.15   60
18   49.7  53.2   2:04am  47.4  12:13pm   10    1  0.71   2  15   9:54am  NE 29.99   94
19   57.3  65.4   2:21pm  49.3   1:26am    4    7  0.01   2  16   2:01pm NNW 29.87   80
20   68.2  80.8   4:07pm  55.3   6:08am    1   18  0.00   1  16   4:21pm  SW 29.96   62
21   72.5  87.0   1:55pm  55.0   5:57am    1   23  0.00   1  11   2:52pm   S 30.10   57
22   66.2  72.1   1:11pm  60.9   6:10am    0   16  0.02   2  23   1:37pm SSE 30.16   78
23   64.0  70.9   4:13pm  59.8   7:00am    0   14  0.16   1  12   3:42pm ENE 30.17   93
24   67.1  75.1   4:03pm  62.3  12:00am    0   18  0.00   1  15   4:31pm  NE 30.23   86
25   72.6  83.1   4:36pm  62.0   1:50am    0   23  0.00   1  11   1:17pm   S 30.17   74
26   79.2  93.7   2:54pm  63.5   5:14am    0   29  0.00   2  12  10:27am  NW 29.90   63
27   75.4  90.2   2:22pm  60.8  11:52pm    0   25  0.27   1  21   5:09pm   S 29.80   68
28   64.5  70.4   3:27pm  56.9   4:47am    0   14  0.00   2  13   3:21pm SSE 29.93   78
29   68.9  77.4   5:42pm  62.0   6:08am    0   19  0.10   2  16   2:52pm   S 29.91   78
30   74.5  86.6   5:56pm  60.3   6:23am    0   25  0.00   2  19  11:48am NNW 29.91   65
31   75.1  88.1   3:11pm  62.5   5:56am    0   25  0.09   1  21   4:04pm   S 29.94   72
---------------------------------------------------------------------------------------
TOT  63.3  93.7  5/26/10  34.0  5/11/10   93  456  3.56   3  37   5/4/10   S 30.00   68

HEAT BASE: 60.0
COOL BASE: 50.0