NOAA-Style Climate Reports


Report for 2010 June
                  MONTHLY CLIMATOLOGICAL SUMMARY FOR 6/2010
                                        HEAT  COOL        
     MEAN                               DEG   DEG       WIND SPEED       DOM MEAN  MEAN
DAY  TEMP  HIGH   TIME     LOW   TIME   DAYS  DAYS RAIN AVG  HI  TIME    DIR BAROM HUM
---------------------------------------------------------------------------------------
1    73.9  82.6   5:32pm  65.9   3:00am    0   24  0.19   2  20  10:01am WSW 29.82   80
2    74.8  85.3   4:06pm  62.1   6:22am    0   25  0.00   2  17   2:47pm   S 29.82   69
3    77.5  85.3  12:17pm  68.8   5:32am    0   28  0.01   2  17   1:49pm   W 29.71   69
4    76.0  84.7   4:47pm  66.3   5:58am    0   26  0.00   2  18   2:30pm SSW 29.80   74
5    75.4  84.7   2:10pm  67.1   6:25am    0   25  0.12   3  20   3:51pm  SW 29.73   81
6    74.0  84.1  12:37pm  58.8  11:56pm    0   24  0.25   6  31  11:13am   N 29.56   75
7    63.8  75.0   4:27pm  51.5   5:32am    2   14  0.00   4  18   3:53pm NNW 29.85   55
8    63.4  73.9   3:12pm  50.0   5:52am    2   13  0.00   3  19   3:37pm   N 30.06   55
9    57.4  59.7  10:12am  52.9   3:55am    3    7  0.93   1  20   4:03pm   S 30.01   87
10   67.9  83.1   2:53pm  57.1   2:15am    1   18  0.01   3  19   7:52pm  NW 29.85   78
11   67.0  78.8   2:33pm  55.0   5:54am    1   17  0.00   1  11   3:50pm   S 30.10   66
12   72.3  84.7   5:02pm  61.3   5:52am    0   22  0.00   4  19   2:45pm   S 30.02   80
13   76.0  86.0  12:58pm  70.1   4:56am    0   26  0.32   1  18   4:00pm  SW 29.84   90
14   73.4  84.5   3:08pm  67.3  11:46pm    0   23  0.00   1  15   2:55pm NNW 29.85   81
15   72.2  80.2   5:08pm  64.5   4:45am    0   22  0.00   2  15   8:08am   S 30.04   65
16   69.9  74.1   4:40pm  65.4   7:42am    0   20  0.16   4  16   3:26pm   S 30.03   81
17   69.3  76.0   1:50pm  59.9  11:44pm    0   19  0.00   5  24   1:37pm NNW 29.91   74
18   70.4  83.1   2:43pm  54.7   6:01am    1   20  0.00   1  14   2:11pm SSE 30.07   67
19   74.9  85.5   5:11pm  59.9   5:25am    0   25  0.00   3  21   2:37pm   S 30.02   73
20   80.8  91.3   3:03pm  72.9   5:38am    0   31  0.00   2  18   3:01pm WNW 29.90   67
21   78.3  88.3   3:16pm  65.6   6:01am    0   28  0.00   2  14  12:48pm NNW 30.02   61
22   75.2  84.1   4:11pm  65.4   5:35am    0   25  0.06   1  29   6:01pm   S 30.05   76
23   80.5  92.6   3:43pm  69.6   4:24am    0   31  0.01   3  22  11:39am  NW 29.95   71
24   81.0  93.5   1:45pm  74.8   5:42am    0   31  0.05   3  22  12:53pm  SW 29.82   65
25   76.8  85.1   3:24pm  67.8   5:57am    0   27  0.00   2  14  12:42pm   N 29.98   61
26   77.0  87.6   2:16pm  64.0   6:16am    0   27  0.00   1  15  10:58am  SW 29.91   64
27   79.5  91.1   4:32pm  67.1   5:26am    0   30  0.00   2  18  10:45pm SSW 29.75   67
28   81.8  89.5   1:58pm  75.7   6:16am    0   32  0.01   2  19   3:37pm  SW 29.64   70
29   78.2  86.2   4:24pm  67.3  11:58pm    0   28  0.00   4  24   5:28pm  NW 29.83   61
30   67.8  78.2   4:09pm  56.0   6:03am    0   18  0.00   3  19   3:57pm NNW 30.08   47
---------------------------------------------------------------------------------------
TOT  73.5  93.5  6/24/10  50.0   6/8/10    9  706  2.12   2  31   6/6/10   S 29.90   70

HEAT BASE: 60.0
COOL BASE: 50.0