NOAA-Style Climate Reports


Report for 2010 August
                  MONTHLY CLIMATOLOGICAL SUMMARY FOR 8/2010
                                        HEAT  COOL        
     MEAN                               DEG   DEG       WIND SPEED       DOM MEAN  MEAN
DAY  TEMP  HIGH   TIME     LOW   TIME   DAYS  DAYS RAIN AVG  HI  TIME    DIR BAROM HUM
---------------------------------------------------------------------------------------
1    69.3  75.5   3:33pm  64.6   5:51am    0   19  0.11   0   9   3:44pm  NE 30.03   85
2    71.3  78.6   3:54pm  61.4   6:28am    0   21  0.01   2  15  11:45am   S 30.13   76
3    75.4  83.1   3:36pm  69.2   5:59am    0   25  0.00   4  17   2:53pm   S 30.08   75
4    81.1  89.5   4:43pm  74.1   5:24am    0   31  0.00   2  15   3:51pm   S 29.88   76
5    81.0  89.1   4:09pm  73.0   5:40am    0   31  0.00   3  22  12:55pm   W 29.72   71
6    77.5  86.4   2:14pm  66.1  11:52pm    0   28  0.00   4  24   2:43pm  NW 29.76   59
7    72.5  84.5   3:45pm  59.2   4:30am    0   23  0.00   1  15   3:02pm WNW 29.95   60
8    75.9  86.8   2:50pm  64.1   6:10am    0   26  0.00   2  21   3:06pm SSW 30.01   65
9    79.6  90.9   2:41pm  67.2   5:56am    0   30  0.00   2  17   3:31pm SSW 30.00   68
10   82.3  92.4   3:12pm  74.9   6:47am    0   32  0.00   0  11   2:31pm  NW 29.92   64
11   83.3  94.4   3:34pm  72.7   6:00am    0   33  0.00   1  22   3:16pm   N 29.87   60
12   72.1  79.1  12:00am  65.7  10:33pm    0   22  0.29   1  13   8:41pm ENE 29.88   91
13   71.0  78.4   5:03pm  65.1   5:33am    0   21  0.00   1  14   1:24pm   S 30.03   76
14   72.0  80.4   3:36pm  65.2   6:06am    0   22  0.00   2  17  10:47am   S 30.11   62
15   69.2  72.1   1:21pm  66.9   3:40pm    0   19  0.56   2  18   7:36pm   S 30.03   88
16   76.3  86.6   4:20pm  70.3   2:45am    0   26  0.00   2  14  11:06am SSW 29.95   86
17   76.8  87.4   4:15pm  68.1   6:21am    0   27  0.00   1  13   2:02pm  NW 30.03   66
18   72.5  81.4  12:54pm  64.0   5:37am    0   23  0.00   1  18  11:32am   S 30.05   70
19   73.5  87.0   2:56pm  60.3   6:11am    0   23  0.00   1  14   3:48pm SSW 29.93   71
20   77.2  89.3   3:35pm  66.1   6:15am    0   27  0.00   2  14  12:33pm   N 29.95   57
21   72.9  84.1   3:43pm  59.4   6:44am    0   23  0.00   2  17   3:04pm   S 30.02   65
22   74.1  81.2   5:44pm  67.6  11:56pm    0   24  0.26   4  30  12:54pm   S 29.86   84
23   68.0  81.6   1:09pm  61.1  11:20pm    0   18  0.22   2  15   3:03pm ENE 29.90   84
24   64.9  71.1   2:15pm  60.0   1:12am    0   15  0.00   2  15  10:04am NNE 30.01   83
25   68.9  74.8   2:24pm  64.3   5:41am    0   19  0.00   2  13   8:44am   N 29.91   76
26   70.0  81.4   1:46pm  60.2  11:52pm    0   20  0.00   3  19   2:01pm NNW 29.99   68
27   66.3  78.8   4:35pm  52.5   5:43am    1   16  0.00   2  15  12:05pm   N 30.13   63
28   68.6  85.1   4:39pm  51.6   6:12am    2   19  0.00   1  11   1:08pm   N 30.20   63
29   74.5  93.5   4:26pm  57.6   4:56am    0   25  0.00   1  13   3:16pm  NW 30.21   62
30   76.7  93.7   2:20pm  59.9   6:27am    0   27  0.00   2  16   3:44pm NNW 30.22   61
31   79.8  96.1   3:56pm  64.6   6:10am    0   30  0.00   1  14   3:21pm   N 30.16   58
---------------------------------------------------------------------------------------
TOT  74.0  96.1  8/31/10  51.6  8/28/10    3  742  1.45   2  30  8/22/10   S 30.00   71

HEAT BASE: 60.0
COOL BASE: 50.0